{"id":1934,"date":"2023-12-14T13:51:57","date_gmt":"2023-12-14T12:51:57","guid":{"rendered":"https:\/\/www.echoppe-francaise.fr\/blog\/?page_id=1934"},"modified":"2023-12-14T13:57:53","modified_gmt":"2023-12-14T12:57:53","slug":"quelle-couleur-de-boucle-doreille-pour-une-blonde","status":"publish","type":"page","link":"https:\/\/www.echoppe-francaise.fr\/blog\/quelle-couleur-de-boucle-doreille-pour-une-blonde\/","title":{"rendered":"Quelle couleur de boucle d&rsquo;oreille pour une blonde\u00a0?"},"content":{"rendered":"\n<figure class=\"wp-block-image\"><img decoding=\"async\" src=\"https:\/\/lh7-us.googleusercontent.com\/DuJ-8u6aX_2acdUnpppSsvXNfZzwKMhR5ONmidVjtmMMkpSLnKHp2dDxwPtlhXbzIXJQHfXj92-7Cw_0V_S3No4SPNZYK4ttOzXLH5GARZR7dp7e4ocV6_qa-BXa4t_9xBN6_id_-O_4\" alt=\"Une femme blonde avec une cr\u00e9ole orn\u00e9e de pierre transparente et \u00e0 c\u00f4t\u00e9 de plusieurs mod\u00e8les de boucles d'oreilles argent\u00e9es.\"\/><\/figure>\n\n\n\n<p class=\"wp-block-paragraph\">Comment vous mettre en valeur quand vous \u00eates blondes&nbsp;? Voici les bons \u00e0 savoir pour choisir la bonne paire de <strong>boucles d\u2019oreilles<\/strong>. Votre coloration aura en effet des incidences sur vos accessoires de mode.&nbsp;<\/p>\n\n\n\n<h2 class=\"wp-block-heading\">Osez le ton sur ton<\/h2>\n\n\n\n<figure class=\"wp-block-image\"><img decoding=\"async\" src=\"https:\/\/lh7-us.googleusercontent.com\/vw6pIZKPu73h0RyLX2ZIaExvvuYaT1u31Cn77Nw5nW5R6BJ8DPqu1AKhJQtUo9BM1qypy1FWs5OZbGV3j7KxaFi9JwQqV21gJK-MGbRUoczAUup4gzyBGkc62f03ZTwFJXM3NnNDTe1T\" alt=\"Jeune femme blonde portant plusieurs boucles d'oreilles clinquantes.\"\/><\/figure>\n\n\n\n<p class=\"wp-block-paragraph\">\u00catre blonde ne vous interdit pas de porter du blanc. C\u2019est \u00e9l\u00e9gant. Et, c\u2019est styl\u00e9. Les <strong>tons doux<\/strong> et clairs ajoutent de la luminosit\u00e9 dans votre mise en beaut\u00e9. Ils valorisent aussi votre coloration de cheveux.&nbsp;<\/p>\n\n\n\n<p class=\"wp-block-paragraph\">Nos recommandations&nbsp;: le <strong>champagne, le beige et le rose p\u00e2le<\/strong>. Mais, \u00e9vitez le jaune. Ce sera trop voyant. Vous ne flatterez pas votre teint.&nbsp;<\/p>\n\n\n\n<p class=\"wp-block-paragraph\">Bref, votre couleur de cheveux ne vous emp\u00eache pas de porter des <strong>perles<\/strong>. Elles redeviennent tendances. Portez-les surtout pour les grandes occasions. \u00c9l\u00e9gantes, elles se marient \u00e0 une robe de soir\u00e9e.&nbsp;<\/p>\n\n\n\n<h2 class=\"wp-block-heading\">Le bleu&nbsp;: votre meilleur alli\u00e9&nbsp;<\/h2>\n\n\n\n<figure class=\"wp-block-image\"><img decoding=\"async\" src=\"https:\/\/lh7-us.googleusercontent.com\/svRb40RmY2cEVjuvfeGg57LfsWhCYOh536LVa2Oi_4GVxxN9XcD8dwRf2oH1q2XEyUfgzsOz7BLMx3UnYofaZxxi4NC1k5jHrCFpPDdRVUjj7LTdZlpkHIJkhjf2KVjSNNbPiUsd3gcD\" alt=\"Une femme blonde portant une boucle d'oreille bleu imposante.\"\/><\/figure>\n\n\n\n<p class=\"wp-block-paragraph\">Le bleu compl\u00e8te le blond. Cela fonctionne avec la coloration pour la rendre plus claire. Mais, c\u2019est aussi le cas avec les <strong>boucles d\u2019oreilles fantaisies. <\/strong>Vous cr\u00e9ez ainsi un contraste parfait. De quoi apporter de la lumi\u00e8re sur votre visage.&nbsp;<\/p>\n\n\n\n<p class=\"wp-block-paragraph\">Nos conseils&nbsp;: <strong>Le bleu clair et le bleu turquoise<\/strong>. Il n\u2019y a pas de saison pour les porter. Ils ajouteront de la fra\u00eecheur \u00e0 votre tenue.&nbsp;<\/p>\n\n\n\n<h2 class=\"wp-block-heading\">L\u2019incontournable couleur argent\u00e9e<\/h2>\n\n\n\n<figure class=\"wp-block-image\"><img decoding=\"async\" src=\"https:\/\/lh7-us.googleusercontent.com\/VojysVqeIwOquAZ_fd24BB8-CtrTdkp0Qh7Kw80R7UeXs3bizgMoSCOaH1ZVszHJ2zpCL5wSQ65oRCpT0bHcA0-bbaBneckINKHL2kzxZLDZZkAzmWcImQTz0ECSN8ySfxgH-1MEVQjR\" alt=\"Plusieurs mod\u00e8les de boucles d'oreilles blanches avec une jeune femme blonde au milieu.\"\/><\/figure>\n\n\n\n<p class=\"wp-block-paragraph\"><strong>L\u2019argent\u00e9<\/strong> est tendance depuis quelques saisons. C\u2019est le meilleur ami des blondes. Vous aurez des boucles d\u2019oreilles \u00e9l\u00e9gantes. La couleur vous mettra en valeur, peu importe la couleur de votre blond.&nbsp;<\/p>\n\n\n\n<p class=\"wp-block-paragraph\">L\u2019argent\u00e9 est discret, mais lumineux. C\u2019est le gage d\u2019un rendu moderne et \u00e9pur\u00e9 sur vos looks. Pendantes ou puces d\u2019oreilles\u00a0: choisissez selon votre morphologie.\u00a0<\/p>\n\n\n\n<p class=\"wp-block-paragraph\">Trouvez d&rsquo;autres conseils sur le choix de la couleur de votre boucle d&rsquo;oreille sur notre article : <a href=\"https:\/\/www.echoppe-francaise.fr\/blog\/quelle-boucle-doreille-en-fonction-de-ma-couleur-de-cheveux\/\" target=\"_blank\" rel=\"noreferrer noopener\">Quelle boucle d&rsquo;oreille en fonction de ma couleur de cheveux\u00a0?<\/a><\/p>\n\n\n\n<h2 class=\"wp-block-heading\">Porter les couleurs pastel avec style&nbsp;<\/h2>\n\n\n\n<figure class=\"wp-block-image\"><img decoding=\"async\" src=\"https:\/\/lh7-us.googleusercontent.com\/H05gDTAPxrZdBzfNsdCQT1DupifFewRFoDIzNqgC7Vonh_kD-4kFrsJrLbNyuwNMzYCGFANeSGst43wgEJ25jGkiGhwjqa_CE0t68a84rHlR3FAStjn3DO8xYVgJUOrLeZ41ORKoVwuG\" alt=\"Une blonde avec une boucle d'oreille pendante de diff\u00e9rentes couleur douces.\"\/><\/figure>\n\n\n\n<p class=\"wp-block-paragraph\">Les <strong>couleurs pastel <\/strong>vont aussi aux blondes. On vous conseille le rose, le bleu clair ou le vert menthe. Ces tons doux se marient avec votre coloration. Ils ajoutent du style \u00e0 votre tenue. Mais, ils vous \u00e9vitent de la surcharger.&nbsp;<\/p>\n\n\n\n<p class=\"wp-block-paragraph\">Vous h\u00e9sitez&nbsp;? Apportez ces notes de couleurs par petite touche. Par exemple, une boucle d\u2019oreille argent\u00e9e avec un <strong>pendentif pastel<\/strong>. C\u2019est discret. Et, vous serez plus \u00e0 l\u2019aise en la portant.&nbsp;<\/p>\n\n\n\n<h2 class=\"wp-block-heading\">L\u2019or, oui,&nbsp;mais surtout l\u2019or rose<\/h2>\n\n\n\n<figure class=\"wp-block-image\"><img decoding=\"async\" src=\"https:\/\/lh7-us.googleusercontent.com\/O3-xaXMo5YtiCpSLMVJdw7t9kOGJcaHCqt4WMwviLUZnVn7N_Kb9WoKJLDGRkwF3GYhvn2DShL6gjEco8hXQ5LVR4a-WmpR0sh-XOu4m8h6vJXqzC3N514OML2pTeeUBanxYTw6DEUXI\" alt=\"Une boucle d'oreille en forme de feuillage en or port\u00e9e par une blonde.\"\/><\/figure>\n\n\n\n<p class=\"wp-block-paragraph\">N\u2019oubliez pas l\u2019ind\u00e9modable <strong>boucle d\u2019oreille en or<\/strong>. Pr\u00e9f\u00e9rez l\u2019or rose. C\u2019est parfait pour contraster la coloration de vos cheveux. Mais, vous restez dans les tons dor\u00e9s. Ce qui vous assure un maximum d\u2019\u00e9l\u00e9gance.&nbsp;<\/p>\n\n\n\n<p class=\"wp-block-paragraph\">Les bijoutiers proposent aussi des boucles d\u2019oreilles fantaisies. Les <strong>plaqu\u00e9s or<\/strong> co\u00fbtent moins cher. Ils ont le m\u00eame rendu.&nbsp;<\/p>\n\n\n\n<h2 class=\"wp-block-heading\">Associez la couleur de vos boucles d\u2019oreilles avec les codes de votre tenue<\/h2>\n\n\n\n<figure class=\"wp-block-image\"><img decoding=\"async\" src=\"https:\/\/lh7-us.googleusercontent.com\/J9NrbQR4KY5-EQ0Q9Q4W998WXpIcwe4SAQiMpDXapo67qlqUhXGqqm1dC1Mm9Uzi6JhFUo72ML3TPAv_zGTWLFJJgPUBzn_FUu0xeVS5hg4HSNu13TPBqvZzA1BjnvOw5NZBhtW0K_6P\" alt=\"Jeune femme blonde avec des boucles d'oreilles originale de diff\u00e9rentes couleurs. \"\/><\/figure>\n\n\n\n<p class=\"wp-block-paragraph\">Ne vous focalisez pas uniquement sur votre coloration. Vos boucles d\u2019oreilles doivent s\u2019adapter \u00e0 votre tenue. Faites des <strong>rappels de couleur<\/strong>. Vous garantirez la coh\u00e9rence de votre look.&nbsp;<\/p>\n\n\n\n<p class=\"wp-block-paragraph\">Vous avez une grande connaissance de la mode&nbsp;? Osez l\u2019originalit\u00e9. Des boucles d\u2019oreilles d\u2019une couleur diff\u00e9rente du reste de votre tenue&nbsp;: cela se fait aussi. Encore faut-il savoir <strong>associer les tons<\/strong>.&nbsp;<\/p>\n\n\n\n<p class=\"wp-block-paragraph\">\u00c0 la recherche des <strong>boucles d\u2019oreilles id\u00e9ales<\/strong>\u00a0?\u00a0Trouvez votre bonheur sur l\u2019\u00c9choppe Fran\u00e7aise. Notre boutique travaille avec des cr\u00e9ateurs locaux. On vous propose des accessoires de mode 100 % fabriqu\u00e9s en France. Il y en a pour tous les go\u00fbts. Et, vous en aurez qui s\u2019adapte \u00e0 votre morphologie. Comptez quelques dizaines d\u2019euros pour parfaire votre look.\u00a0<\/p>\n\n\n\n<h3 class=\"wp-block-heading\">Vous n&rsquo;\u00eates pas blondes ? Voici d&rsquo;autres conseils pour choisir les boucles d&rsquo;oreilles pour d&rsquo;autres couleurs de cheveux : <\/h3>\n\n\n\n<ul class=\"wp-block-list\">\n<li><a href=\"https:\/\/www.echoppe-francaise.fr\/blog\/quelle-couleur-de-boucle-doreille-pour-une-brune\/\" target=\"_blank\" rel=\"noreferrer noopener\">Quelle couleur de boucle d&rsquo;oreille pour une brune\u00a0?<\/a><\/li>\n\n\n\n<li><a href=\"https:\/\/www.echoppe-francaise.fr\/blog\/quelle-couleur-de-boucle-doreille-pour-une-rousse\/\" target=\"_blank\" rel=\"noreferrer noopener\">Quelle couleur de boucle d&rsquo;oreille pour une rousse&nbsp;?<\/a><\/li>\n<\/ul>\n","protected":false},"excerpt":{"rendered":"<p>Comment vous mettre en valeur quand vous \u00eates blondes&nbsp;? Voici les bons \u00e0 savoir pour choisir la bonne paire de boucles d\u2019oreilles. Votre coloration aura en effet des incidences sur vos accessoires de mode.&nbsp; Osez le ton sur ton \u00catre blonde ne vous interdit pas de porter du blanc. C\u2019est \u00e9l\u00e9gant. Et, c\u2019est styl\u00e9. Les&hellip;&nbsp;<\/p>\n","protected":false},"author":6,"featured_media":0,"parent":1832,"menu_order":0,"comment_status":"closed","ping_status":"closed","template":"","meta":{"_crdt_document":"","neve_meta_sidebar":"","neve_meta_container":"","neve_meta_enable_content_width":"","neve_meta_content_width":0,"neve_meta_title_alignment":"","neve_meta_author_avatar":"","neve_post_elements_order":"","neve_meta_disable_header":"","neve_meta_disable_footer":"","neve_meta_disable_title":"","footnotes":""},"class_list":["post-1934","page","type-page","status-publish","hentry"],"yoast_head":"<!-- This site is optimized with the Yoast SEO plugin v27.5 - https:\/\/yoast.com\/product\/yoast-seo-wordpress\/ -->\n<title>Choisir une boucle d&#039;oreille pour une blonde : les must know<\/title>\n<meta name=\"description\" content=\"Explorez notre article pour trouver des astuces et choisir la bonne boucle d&#039;oreille pour une blonde.\" \/>\n<meta name=\"robots\" content=\"index, follow, max-snippet:-1, max-image-preview:large, max-video-preview:-1\" \/>\n<link rel=\"canonical\" href=\"https:\/\/www.echoppe-francaise.fr\/blog\/quelle-couleur-de-boucle-doreille-pour-une-blonde\/\" \/>\n<meta property=\"og:locale\" content=\"fr_FR\" \/>\n<meta property=\"og:type\" content=\"article\" \/>\n<meta property=\"og:title\" content=\"Choisir une boucle d&#039;oreille pour une blonde : les must know\" \/>\n<meta property=\"og:description\" content=\"Explorez notre article pour trouver des astuces et choisir la bonne boucle d&#039;oreille pour une blonde.\" \/>\n<meta property=\"og:url\" content=\"https:\/\/www.echoppe-francaise.fr\/blog\/quelle-couleur-de-boucle-doreille-pour-une-blonde\/\" \/>\n<meta property=\"og:site_name\" content=\"\u00c9choppe Fran\u00e7aise, le Blog\" \/>\n<meta property=\"article:modified_time\" content=\"2023-12-14T12:57:53+00:00\" \/>\n<meta property=\"og:image\" content=\"https:\/\/lh7-us.googleusercontent.com\/DuJ-8u6aX_2acdUnpppSsvXNfZzwKMhR5ONmidVjtmMMkpSLnKHp2dDxwPtlhXbzIXJQHfXj92-7Cw_0V_S3No4SPNZYK4ttOzXLH5GARZR7dp7e4ocV6_qa-BXa4t_9xBN6_id_-O_4\" \/>\n<meta name=\"twitter:card\" content=\"summary_large_image\" \/>\n<meta name=\"twitter:label1\" content=\"Dur\u00e9e de lecture estim\u00e9e\" \/>\n\t<meta name=\"twitter:data1\" content=\"5 minutes\" \/>\n<script type=\"application\/ld+json\" class=\"yoast-schema-graph\">{\"@context\":\"https:\\\/\\\/schema.org\",\"@graph\":[{\"@type\":\"WebPage\",\"@id\":\"https:\\\/\\\/www.echoppe-francaise.fr\\\/blog\\\/quelle-couleur-de-boucle-doreille-pour-une-blonde\\\/\",\"url\":\"https:\\\/\\\/www.echoppe-francaise.fr\\\/blog\\\/quelle-couleur-de-boucle-doreille-pour-une-blonde\\\/\",\"name\":\"Choisir une boucle d'oreille pour une blonde : les must know\",\"isPartOf\":{\"@id\":\"https:\\\/\\\/www.echoppe-francaise.fr\\\/blog\\\/#website\"},\"primaryImageOfPage\":{\"@id\":\"https:\\\/\\\/www.echoppe-francaise.fr\\\/blog\\\/quelle-couleur-de-boucle-doreille-pour-une-blonde\\\/#primaryimage\"},\"image\":{\"@id\":\"https:\\\/\\\/www.echoppe-francaise.fr\\\/blog\\\/quelle-couleur-de-boucle-doreille-pour-une-blonde\\\/#primaryimage\"},\"thumbnailUrl\":\"https:\\\/\\\/lh7-us.googleusercontent.com\\\/DuJ-8u6aX_2acdUnpppSsvXNfZzwKMhR5ONmidVjtmMMkpSLnKHp2dDxwPtlhXbzIXJQHfXj92-7Cw_0V_S3No4SPNZYK4ttOzXLH5GARZR7dp7e4ocV6_qa-BXa4t_9xBN6_id_-O_4\",\"datePublished\":\"2023-12-14T12:51:57+00:00\",\"dateModified\":\"2023-12-14T12:57:53+00:00\",\"description\":\"Explorez notre article pour trouver des astuces et choisir la bonne boucle d'oreille pour une blonde.\",\"breadcrumb\":{\"@id\":\"https:\\\/\\\/www.echoppe-francaise.fr\\\/blog\\\/quelle-couleur-de-boucle-doreille-pour-une-blonde\\\/#breadcrumb\"},\"inLanguage\":\"fr-FR\",\"potentialAction\":[{\"@type\":\"ReadAction\",\"target\":[\"https:\\\/\\\/www.echoppe-francaise.fr\\\/blog\\\/quelle-couleur-de-boucle-doreille-pour-une-blonde\\\/\"]}]},{\"@type\":\"ImageObject\",\"inLanguage\":\"fr-FR\",\"@id\":\"https:\\\/\\\/www.echoppe-francaise.fr\\\/blog\\\/quelle-couleur-de-boucle-doreille-pour-une-blonde\\\/#primaryimage\",\"url\":\"https:\\\/\\\/lh7-us.googleusercontent.com\\\/DuJ-8u6aX_2acdUnpppSsvXNfZzwKMhR5ONmidVjtmMMkpSLnKHp2dDxwPtlhXbzIXJQHfXj92-7Cw_0V_S3No4SPNZYK4ttOzXLH5GARZR7dp7e4ocV6_qa-BXa4t_9xBN6_id_-O_4\",\"contentUrl\":\"https:\\\/\\\/lh7-us.googleusercontent.com\\\/DuJ-8u6aX_2acdUnpppSsvXNfZzwKMhR5ONmidVjtmMMkpSLnKHp2dDxwPtlhXbzIXJQHfXj92-7Cw_0V_S3No4SPNZYK4ttOzXLH5GARZR7dp7e4ocV6_qa-BXa4t_9xBN6_id_-O_4\"},{\"@type\":\"BreadcrumbList\",\"@id\":\"https:\\\/\\\/www.echoppe-francaise.fr\\\/blog\\\/quelle-couleur-de-boucle-doreille-pour-une-blonde\\\/#breadcrumb\",\"itemListElement\":[{\"@type\":\"ListItem\",\"position\":1,\"name\":\"Accueil\",\"item\":\"https:\\\/\\\/www.echoppe-francaise.fr\\\/blog\\\/\"},{\"@type\":\"ListItem\",\"position\":2,\"name\":\"Comment choisir mes boucles d\u2019oreilles\u00a0?\",\"item\":\"https:\\\/\\\/www.echoppe-francaise.fr\\\/blog\\\/comment-choisir-mes-boucles-doreilles\\\/\"},{\"@type\":\"ListItem\",\"position\":3,\"name\":\"Quelle boucle d&rsquo;oreille en fonction de ma couleur de cheveux\u00a0?\",\"item\":\"https:\\\/\\\/www.echoppe-francaise.fr\\\/blog\\\/quelle-boucle-doreille-en-fonction-de-ma-couleur-de-cheveux\\\/\"},{\"@type\":\"ListItem\",\"position\":4,\"name\":\"Quelle couleur de boucle d&rsquo;oreille pour une blonde\u00a0?\"}]},{\"@type\":\"WebSite\",\"@id\":\"https:\\\/\\\/www.echoppe-francaise.fr\\\/blog\\\/#website\",\"url\":\"https:\\\/\\\/www.echoppe-francaise.fr\\\/blog\\\/\",\"name\":\"\u00c9choppe Fran\u00e7aise, le Blog\",\"description\":\"Le blog des Cr\u00e9atrices et Cr\u00e9ateurs fran\u00e7ais\",\"publisher\":{\"@id\":\"https:\\\/\\\/www.echoppe-francaise.fr\\\/blog\\\/#organization\"},\"potentialAction\":[{\"@type\":\"SearchAction\",\"target\":{\"@type\":\"EntryPoint\",\"urlTemplate\":\"https:\\\/\\\/www.echoppe-francaise.fr\\\/blog\\\/?s={search_term_string}\"},\"query-input\":{\"@type\":\"PropertyValueSpecification\",\"valueRequired\":true,\"valueName\":\"search_term_string\"}}],\"inLanguage\":\"fr-FR\"},{\"@type\":\"Organization\",\"@id\":\"https:\\\/\\\/www.echoppe-francaise.fr\\\/blog\\\/#organization\",\"name\":\"L'\u00e9choppe Fran\u00e7aise\",\"url\":\"https:\\\/\\\/www.echoppe-francaise.fr\\\/blog\\\/\",\"logo\":{\"@type\":\"ImageObject\",\"inLanguage\":\"fr-FR\",\"@id\":\"https:\\\/\\\/www.echoppe-francaise.fr\\\/blog\\\/#\\\/schema\\\/logo\\\/image\\\/\",\"url\":\"https:\\\/\\\/www.echoppe-francaise.fr\\\/blog\\\/wp-content\\\/uploads\\\/2017\\\/04\\\/echoppe-francaise-logo-1489412704.png\",\"contentUrl\":\"https:\\\/\\\/www.echoppe-francaise.fr\\\/blog\\\/wp-content\\\/uploads\\\/2017\\\/04\\\/echoppe-francaise-logo-1489412704.png\",\"width\":492,\"height\":270,\"caption\":\"L'\u00e9choppe Fran\u00e7aise\"},\"image\":{\"@id\":\"https:\\\/\\\/www.echoppe-francaise.fr\\\/blog\\\/#\\\/schema\\\/logo\\\/image\\\/\"}}]}<\/script>\n<!-- \/ Yoast SEO plugin. -->","yoast_head_json":{"title":"Choisir une boucle d'oreille pour une blonde : les must know","description":"Explorez notre article pour trouver des astuces et choisir la bonne boucle d'oreille pour une blonde.","robots":{"index":"index","follow":"follow","max-snippet":"max-snippet:-1","max-image-preview":"max-image-preview:large","max-video-preview":"max-video-preview:-1"},"canonical":"https:\/\/www.echoppe-francaise.fr\/blog\/quelle-couleur-de-boucle-doreille-pour-une-blonde\/","og_locale":"fr_FR","og_type":"article","og_title":"Choisir une boucle d'oreille pour une blonde : les must know","og_description":"Explorez notre article pour trouver des astuces et choisir la bonne boucle d'oreille pour une blonde.","og_url":"https:\/\/www.echoppe-francaise.fr\/blog\/quelle-couleur-de-boucle-doreille-pour-une-blonde\/","og_site_name":"\u00c9choppe Fran\u00e7aise, le Blog","article_modified_time":"2023-12-14T12:57:53+00:00","og_image":[{"url":"https:\/\/lh7-us.googleusercontent.com\/DuJ-8u6aX_2acdUnpppSsvXNfZzwKMhR5ONmidVjtmMMkpSLnKHp2dDxwPtlhXbzIXJQHfXj92-7Cw_0V_S3No4SPNZYK4ttOzXLH5GARZR7dp7e4ocV6_qa-BXa4t_9xBN6_id_-O_4","type":"","width":"","height":""}],"twitter_card":"summary_large_image","twitter_misc":{"Dur\u00e9e de lecture estim\u00e9e":"5 minutes"},"schema":{"@context":"https:\/\/schema.org","@graph":[{"@type":"WebPage","@id":"https:\/\/www.echoppe-francaise.fr\/blog\/quelle-couleur-de-boucle-doreille-pour-une-blonde\/","url":"https:\/\/www.echoppe-francaise.fr\/blog\/quelle-couleur-de-boucle-doreille-pour-une-blonde\/","name":"Choisir une boucle d'oreille pour une blonde : les must know","isPartOf":{"@id":"https:\/\/www.echoppe-francaise.fr\/blog\/#website"},"primaryImageOfPage":{"@id":"https:\/\/www.echoppe-francaise.fr\/blog\/quelle-couleur-de-boucle-doreille-pour-une-blonde\/#primaryimage"},"image":{"@id":"https:\/\/www.echoppe-francaise.fr\/blog\/quelle-couleur-de-boucle-doreille-pour-une-blonde\/#primaryimage"},"thumbnailUrl":"https:\/\/lh7-us.googleusercontent.com\/DuJ-8u6aX_2acdUnpppSsvXNfZzwKMhR5ONmidVjtmMMkpSLnKHp2dDxwPtlhXbzIXJQHfXj92-7Cw_0V_S3No4SPNZYK4ttOzXLH5GARZR7dp7e4ocV6_qa-BXa4t_9xBN6_id_-O_4","datePublished":"2023-12-14T12:51:57+00:00","dateModified":"2023-12-14T12:57:53+00:00","description":"Explorez notre article pour trouver des astuces et choisir la bonne boucle d'oreille pour une blonde.","breadcrumb":{"@id":"https:\/\/www.echoppe-francaise.fr\/blog\/quelle-couleur-de-boucle-doreille-pour-une-blonde\/#breadcrumb"},"inLanguage":"fr-FR","potentialAction":[{"@type":"ReadAction","target":["https:\/\/www.echoppe-francaise.fr\/blog\/quelle-couleur-de-boucle-doreille-pour-une-blonde\/"]}]},{"@type":"ImageObject","inLanguage":"fr-FR","@id":"https:\/\/www.echoppe-francaise.fr\/blog\/quelle-couleur-de-boucle-doreille-pour-une-blonde\/#primaryimage","url":"https:\/\/lh7-us.googleusercontent.com\/DuJ-8u6aX_2acdUnpppSsvXNfZzwKMhR5ONmidVjtmMMkpSLnKHp2dDxwPtlhXbzIXJQHfXj92-7Cw_0V_S3No4SPNZYK4ttOzXLH5GARZR7dp7e4ocV6_qa-BXa4t_9xBN6_id_-O_4","contentUrl":"https:\/\/lh7-us.googleusercontent.com\/DuJ-8u6aX_2acdUnpppSsvXNfZzwKMhR5ONmidVjtmMMkpSLnKHp2dDxwPtlhXbzIXJQHfXj92-7Cw_0V_S3No4SPNZYK4ttOzXLH5GARZR7dp7e4ocV6_qa-BXa4t_9xBN6_id_-O_4"},{"@type":"BreadcrumbList","@id":"https:\/\/www.echoppe-francaise.fr\/blog\/quelle-couleur-de-boucle-doreille-pour-une-blonde\/#breadcrumb","itemListElement":[{"@type":"ListItem","position":1,"name":"Accueil","item":"https:\/\/www.echoppe-francaise.fr\/blog\/"},{"@type":"ListItem","position":2,"name":"Comment choisir mes boucles d\u2019oreilles\u00a0?","item":"https:\/\/www.echoppe-francaise.fr\/blog\/comment-choisir-mes-boucles-doreilles\/"},{"@type":"ListItem","position":3,"name":"Quelle boucle d&rsquo;oreille en fonction de ma couleur de cheveux\u00a0?","item":"https:\/\/www.echoppe-francaise.fr\/blog\/quelle-boucle-doreille-en-fonction-de-ma-couleur-de-cheveux\/"},{"@type":"ListItem","position":4,"name":"Quelle couleur de boucle d&rsquo;oreille pour une blonde\u00a0?"}]},{"@type":"WebSite","@id":"https:\/\/www.echoppe-francaise.fr\/blog\/#website","url":"https:\/\/www.echoppe-francaise.fr\/blog\/","name":"\u00c9choppe Fran\u00e7aise, le Blog","description":"Le blog des Cr\u00e9atrices et Cr\u00e9ateurs fran\u00e7ais","publisher":{"@id":"https:\/\/www.echoppe-francaise.fr\/blog\/#organization"},"potentialAction":[{"@type":"SearchAction","target":{"@type":"EntryPoint","urlTemplate":"https:\/\/www.echoppe-francaise.fr\/blog\/?s={search_term_string}"},"query-input":{"@type":"PropertyValueSpecification","valueRequired":true,"valueName":"search_term_string"}}],"inLanguage":"fr-FR"},{"@type":"Organization","@id":"https:\/\/www.echoppe-francaise.fr\/blog\/#organization","name":"L'\u00e9choppe Fran\u00e7aise","url":"https:\/\/www.echoppe-francaise.fr\/blog\/","logo":{"@type":"ImageObject","inLanguage":"fr-FR","@id":"https:\/\/www.echoppe-francaise.fr\/blog\/#\/schema\/logo\/image\/","url":"https:\/\/www.echoppe-francaise.fr\/blog\/wp-content\/uploads\/2017\/04\/echoppe-francaise-logo-1489412704.png","contentUrl":"https:\/\/www.echoppe-francaise.fr\/blog\/wp-content\/uploads\/2017\/04\/echoppe-francaise-logo-1489412704.png","width":492,"height":270,"caption":"L'\u00e9choppe Fran\u00e7aise"},"image":{"@id":"https:\/\/www.echoppe-francaise.fr\/blog\/#\/schema\/logo\/image\/"}}]}},"_links":{"self":[{"href":"https:\/\/www.echoppe-francaise.fr\/blog\/wp-json\/wp\/v2\/pages\/1934","targetHints":{"allow":["GET"]}}],"collection":[{"href":"https:\/\/www.echoppe-francaise.fr\/blog\/wp-json\/wp\/v2\/pages"}],"about":[{"href":"https:\/\/www.echoppe-francaise.fr\/blog\/wp-json\/wp\/v2\/types\/page"}],"author":[{"embeddable":true,"href":"https:\/\/www.echoppe-francaise.fr\/blog\/wp-json\/wp\/v2\/users\/6"}],"replies":[{"embeddable":true,"href":"https:\/\/www.echoppe-francaise.fr\/blog\/wp-json\/wp\/v2\/comments?post=1934"}],"version-history":[{"count":2,"href":"https:\/\/www.echoppe-francaise.fr\/blog\/wp-json\/wp\/v2\/pages\/1934\/revisions"}],"predecessor-version":[{"id":1941,"href":"https:\/\/www.echoppe-francaise.fr\/blog\/wp-json\/wp\/v2\/pages\/1934\/revisions\/1941"}],"up":[{"embeddable":true,"href":"https:\/\/www.echoppe-francaise.fr\/blog\/wp-json\/wp\/v2\/pages\/1832"}],"wp:attachment":[{"href":"https:\/\/www.echoppe-francaise.fr\/blog\/wp-json\/wp\/v2\/media?parent=1934"}],"curies":[{"name":"wp","href":"https:\/\/api.w.org\/{rel}","templated":true}]}}