{"id":1933,"date":"2023-12-14T13:47:56","date_gmt":"2023-12-14T12:47:56","guid":{"rendered":"https:\/\/www.echoppe-francaise.fr\/blog\/?page_id=1933"},"modified":"2023-12-14T13:57:52","modified_gmt":"2023-12-14T12:57:52","slug":"quelle-couleur-de-boucle-doreille-pour-une-brune","status":"publish","type":"page","link":"https:\/\/www.echoppe-francaise.fr\/blog\/quelle-couleur-de-boucle-doreille-pour-une-brune\/","title":{"rendered":"Quelle couleur de boucle d&rsquo;oreille pour une brune\u00a0?"},"content":{"rendered":"\n<figure class=\"wp-block-image\"><img decoding=\"async\" src=\"https:\/\/lh7-us.googleusercontent.com\/-8eE00ZqvORHNsdwKN3fkqlo933FGojrTSOduqcEM4lQ2Q-1Va4P2cupPE2BMr2bh-gAHlVGSJlwoCx2ru2pzaBoCqjGYvlgYXKwERkW8b6ZtGqKqf2xX5inLeOz-gObiyws6iyQiWjV\" alt=\"Plusieurs femmes brunes avec diff\u00e9rentes formes et couleurs de boucles d'oreilles.\"\/><\/figure>\n\n\n\n<p class=\"wp-block-paragraph\">Assurez la r\u00e9ussite de votre mise en beaut\u00e9. Et, tenez compte de votre coloration lors du choix de vos <strong>boucles d\u2019oreilles<\/strong>. Vous \u00eates brune&nbsp;? Voici nos conseils.&nbsp;<\/p>\n\n\n\n<h2 class=\"wp-block-heading\">Le dor\u00e9 et l\u2019argent\u00e9&nbsp;: une tendance \u00e0 suivre<\/h2>\n\n\n\n<figure class=\"wp-block-image\"><img decoding=\"async\" src=\"https:\/\/lh7-us.googleusercontent.com\/qfbs9NNmvBP_Cym2MFGmWZkmJaSOlMaWJPP28455KAH5GnktWqAo-rlPrtkrEqw75hpQnKGhj3owCb8tEvX0gd4EOEEqhUh5QB6eWX0uhI7zrs3UGLYjycPw9gUfGm-_QSh3WCXLp2YO\" alt=\"Femme brune portant une boucle d'oreille pendante de petite taille dor\u00e9.\"\/><\/figure>\n\n\n\n<p class=\"wp-block-paragraph\">Suivez la tendance du <strong>dor\u00e9<\/strong>. C\u2019est un ton chaud. Il compl\u00e9tera votre mise en beaut\u00e9. Il ajoutera de la brillance au milieu de votre crini\u00e8re. C\u2019est un choix id\u00e9al pour toutes les carnations.&nbsp;<\/p>\n\n\n\n<p class=\"wp-block-paragraph\">L\u2019<strong>argent\u00e9 <\/strong>est aussi une option. C\u2019est le nouveau passe-partout de la mode f\u00e9minine. Il apporte de l\u2019\u00e9l\u00e9gance dans une tenue classique. Vous cherchez de modernit\u00e9 et du style&nbsp;? C\u2019est aussi un alli\u00e9 parfait. En plus, la couleur est moins clinquante que le dor\u00e9. De quoi s\u00e9duire les plus discr\u00e8tes.&nbsp;<\/p>\n\n\n\n<h2 class=\"wp-block-heading\">Restez dans les tons neutres&nbsp;<\/h2>\n\n\n\n<figure class=\"wp-block-image\"><img decoding=\"async\" src=\"https:\/\/lh7-us.googleusercontent.com\/0DMjhLy07ChZBugXcs0o4-82MqXio2ckKvyfFuU09RDoEdNUpufpBzBxWGXjmvqu1-AX-MXK9YQlBtTigX2XBZLMuaZpXjNa2P30fJrNC-JySzjWvq7jhzPLqnrtXW_bMO15q5wx_zjD\" alt=\"Boucle d'oreille en perle blanche.\"\/><\/figure>\n\n\n\n<p class=\"wp-block-paragraph\">Les <strong>perles<\/strong> sont par exemple des incontournables. Leurs couleurs nacr\u00e9es seront la touche classique de votre tenue. Restez dans les perles blanches, cr\u00e8me ou pastels. Elles se marient avec tout. Et, sont donc plus simples \u00e0 porter.&nbsp;<\/p>\n\n\n\n<p class=\"wp-block-paragraph\">Les <strong>couleurs blanches neutres<\/strong> fonctionnent avec une coloration brune. C\u2019est visible sans trop en faire. Et, cela reste \u00e9l\u00e9gant.&nbsp;<\/p>\n\n\n\n<p class=\"wp-block-paragraph\">N\u2019oubliez pas le <strong>noir<\/strong>. C\u2019est un incontournable de votre porte-bijoux. Idem pour le gris et le beige. Ce sont des tons neutres. Ils ajouteront un c\u00f4t\u00e9 tendance \u00e0 votre look.&nbsp;<\/p>\n\n\n\n<h2 class=\"wp-block-heading\">Qui des couleurs vives&nbsp;?&nbsp;<\/h2>\n\n\n\n<figure class=\"wp-block-image\"><img decoding=\"async\" src=\"https:\/\/lh7-us.googleusercontent.com\/0ygqkDTZFtAey4-gPY6riVSBqC7aLHILLTtoB3TOzYYcHtkcy5SB-GctP7EsMpK7GUqf1kYJ6s9C6dqwwQt-n6td5H5zj0GaEF0gKzRyjCLRlYeP6XFy1chC2bbt1dZncTm__7s838ea\" alt=\"Boucle d'oreille pendante originale ed toutes les couleurs. \"\/><\/figure>\n\n\n\n<p class=\"wp-block-paragraph\">Vous pouvez porter des <strong>boucles d\u2019oreilles voyantes<\/strong>. Mais, attention \u00e0 ne pas surcharger votre tenue. Avec votre teinture de cheveux, pr\u00e9f\u00e9rez le rouge ou le bleu. Osez aussi le vert \u00e9meraude ou le violet. Vous flatterez votre teint.&nbsp;<\/p>\n\n\n\n<p class=\"wp-block-paragraph\">Et, pourquoi ne pas cr\u00e9er un contraste&nbsp;? Le <strong>turquoise ou le corail<\/strong> sont parfaits. Ils feront ressortir votre coloration. Idem pour le jaune ou le rose pour une touche f\u00e9minine.&nbsp;<\/p>\n\n\n\n<p class=\"wp-block-paragraph\">Tout d\u00e9pend aussi du style. Ces options conviennent \u00e0 un <strong>look vintage<\/strong> par exemple. Vous r\u00eavez d\u2019une tenue tendance\u00a0?\u00a0 Restez plus simple dans le choix de vos boucles d\u2019oreilles. Tel est aussi le cas des accessoires multicolores.\u00a0<\/p>\n\n\n\n<p class=\"wp-block-paragraph\">Besoin d&rsquo;aide pour choisir la bonne boucle d&rsquo;oreille ? Suivez notre guide : <a href=\"https:\/\/www.echoppe-francaise.fr\/blog\/quelle-boucle-doreille-en-fonction-de-ma-couleur-de-cheveux\/\" target=\"_blank\" rel=\"noreferrer noopener\">Quelle boucle d&rsquo;oreille en fonction de ma couleur de cheveux\u00a0?<\/a><\/p>\n\n\n\n<h2 class=\"wp-block-heading\">Un rappel de couleur de votre tenue&nbsp;?&nbsp;<\/h2>\n\n\n\n<figure class=\"wp-block-image\"><img decoding=\"async\" src=\"https:\/\/lh7-us.googleusercontent.com\/MveaOb6b9igU705DEW4kRssg8kh1Vq_6jSGY2N2xN0EQoEV0FGdHpO5D9ArWZK8YRzXztnWzcTGETVzzySgU6WWgmfDqBF7Nm9U53rIibrvryCqq5HFlWrso8OXEne7I3L-ygqfE2khR\" alt=\"Une femme brune qui porte une boucle d'oreille couleur bleu, argent\u00e9 et cuivre.\"\/><\/figure>\n\n\n\n<p class=\"wp-block-paragraph\">Cette technique perdure. Pour \u00eatre s\u00fbr, utilisez vos boucles d\u2019oreilles comme des touches de rappel. Respectez les <strong>codes couleur de votre tenue<\/strong>. C\u2019est gage de coh\u00e9rence.&nbsp;<\/p>\n\n\n\n<p class=\"wp-block-paragraph\">Mais, il y a plus<strong> moderne<\/strong>. Faites de vos accessoires de mode une touche d\u2019originalit\u00e9. Choisissez des boucles d\u2019oreilles compl\u00e8tement diff\u00e9rentes. Vous attirerez l\u2019attention vers votre visage.&nbsp;<\/p>\n\n\n\n<h2 class=\"wp-block-heading\">Qu\u2019est-ce qu\u2019on entend par boucles d\u2019oreilles color\u00e9es&nbsp;?<\/h2>\n\n\n\n<figure class=\"wp-block-image\"><img decoding=\"async\" src=\"https:\/\/lh7-us.googleusercontent.com\/6obBpsVmgOpZF5-PgV0tyI-KGQDGhJfW7AFNhNBeMBTN53lv7GlKKRifDg7dfDo4EsxvlSP6OZkVB6XcZ6PtiB0S8Ep_ZWlKyRYELkjPLZ-Am25Q5ZTYQJ-RZeO1I1IvZFcXLtHsERHB\" alt=\"Boucles d'oreilles multicolore.\"\/><\/figure>\n\n\n\n<p class=\"wp-block-paragraph\">Les <strong>boucles d\u2019oreilles color\u00e9es<\/strong> se d\u00e9clinent en plusieurs sortes&nbsp;:&nbsp;<\/p>\n\n\n\n<ul class=\"wp-block-list\">\n<li>Un mod\u00e8le en perle ou en cuir enti\u00e8rement color\u00e9<\/li>\n\n\n\n<li>Un pendentif color\u00e9 pour une touche originale et un support en or ou en argent<\/li>\n<\/ul>\n\n\n\n<p class=\"wp-block-paragraph\">Le style et le rendu ne seront pas les m\u00eames. Pr\u00e9f\u00e9rez les accessoires plus travaill\u00e9s pour les <strong>grandes occasions<\/strong>. Un support en or et en argent apportera de l\u2019\u00e9l\u00e9gance \u00e0 votre tenue. Laissez les bijoux fantaisie pour les looks simples de la vie de tous les jours.&nbsp;&nbsp;<\/p>\n\n\n\n<p class=\"wp-block-paragraph\">Sur l\u2019\u00c9choppe Fran\u00e7aise, nos cr\u00e9ateurs travaillent avec du cuir haut de gamme et color\u00e9. De quoi vous aider \u00e0 embellir votre tenue. Reste \u00e0 trouver le mod\u00e8le adapt\u00e9 \u00e0 votre <strong>morphologie<\/strong> et \u00e0 votre style.\u00a0<\/p>\n\n\n\n<h3 class=\"wp-block-heading\">D&rsquo;autres conseils pour choisir la bonne boucle d&rsquo;oreilles selon votre coloration sur : <\/h3>\n\n\n\n<ul class=\"wp-block-list\">\n<li><a href=\"https:\/\/www.echoppe-francaise.fr\/blog\/quelle-couleur-de-boucle-doreille-pour-une-rousse\/\" target=\"_blank\" rel=\"noreferrer noopener\">Quelle couleur de boucle d&rsquo;oreille pour une rousse&nbsp;?<\/a><\/li>\n\n\n\n<li><a href=\"https:\/\/www.echoppe-francaise.fr\/blog\/quelle-couleur-de-boucle-doreille-pour-une-blonde\/\" target=\"_blank\" rel=\"noreferrer noopener\">Quelle couleur de boucle d&rsquo;oreille pour une blonde\u00a0?<\/a><\/li>\n<\/ul>\n","protected":false},"excerpt":{"rendered":"<p>Assurez la r\u00e9ussite de votre mise en beaut\u00e9. Et, tenez compte de votre coloration lors du choix de vos boucles d\u2019oreilles. Vous \u00eates brune&nbsp;? Voici nos conseils.&nbsp; Le dor\u00e9 et l\u2019argent\u00e9&nbsp;: une tendance \u00e0 suivre Suivez la tendance du dor\u00e9. C\u2019est un ton chaud. Il compl\u00e9tera votre mise en beaut\u00e9. Il ajoutera de la brillance&hellip;&nbsp;<\/p>\n","protected":false},"author":6,"featured_media":0,"parent":1832,"menu_order":0,"comment_status":"closed","ping_status":"closed","template":"","meta":{"_crdt_document":"","neve_meta_sidebar":"","neve_meta_container":"","neve_meta_enable_content_width":"","neve_meta_content_width":0,"neve_meta_title_alignment":"","neve_meta_author_avatar":"","neve_post_elements_order":"","neve_meta_disable_header":"","neve_meta_disable_footer":"","neve_meta_disable_title":"","footnotes":""},"class_list":["post-1933","page","type-page","status-publish","hentry"],"yoast_head":"<!-- This site is optimized with the Yoast SEO plugin v27.5 - https:\/\/yoast.com\/product\/yoast-seo-wordpress\/ -->\n<title>Les astuces pour choisir une boucle d&#039;oreille pour une brune<\/title>\n<meta name=\"description\" content=\"On vous accompagne dans le choix de votre boucle d&#039;oreille pour une brune. Trouvez des conseils dans notre article.\" \/>\n<meta name=\"robots\" content=\"index, follow, max-snippet:-1, max-image-preview:large, max-video-preview:-1\" \/>\n<link rel=\"canonical\" href=\"https:\/\/www.echoppe-francaise.fr\/blog\/quelle-couleur-de-boucle-doreille-pour-une-brune\/\" \/>\n<meta property=\"og:locale\" content=\"fr_FR\" \/>\n<meta property=\"og:type\" content=\"article\" \/>\n<meta property=\"og:title\" content=\"Les astuces pour choisir une boucle d&#039;oreille pour une brune\" \/>\n<meta property=\"og:description\" content=\"On vous accompagne dans le choix de votre boucle d&#039;oreille pour une brune. Trouvez des conseils dans notre article.\" \/>\n<meta property=\"og:url\" content=\"https:\/\/www.echoppe-francaise.fr\/blog\/quelle-couleur-de-boucle-doreille-pour-une-brune\/\" \/>\n<meta property=\"og:site_name\" content=\"\u00c9choppe Fran\u00e7aise, le Blog\" \/>\n<meta property=\"article:modified_time\" content=\"2023-12-14T12:57:52+00:00\" \/>\n<meta property=\"og:image\" content=\"https:\/\/lh7-us.googleusercontent.com\/-8eE00ZqvORHNsdwKN3fkqlo933FGojrTSOduqcEM4lQ2Q-1Va4P2cupPE2BMr2bh-gAHlVGSJlwoCx2ru2pzaBoCqjGYvlgYXKwERkW8b6ZtGqKqf2xX5inLeOz-gObiyws6iyQiWjV\" \/>\n<meta name=\"twitter:card\" content=\"summary_large_image\" \/>\n<meta name=\"twitter:label1\" content=\"Dur\u00e9e de lecture estim\u00e9e\" \/>\n\t<meta name=\"twitter:data1\" content=\"5 minutes\" \/>\n<script type=\"application\/ld+json\" class=\"yoast-schema-graph\">{\"@context\":\"https:\\\/\\\/schema.org\",\"@graph\":[{\"@type\":\"WebPage\",\"@id\":\"https:\\\/\\\/www.echoppe-francaise.fr\\\/blog\\\/quelle-couleur-de-boucle-doreille-pour-une-brune\\\/\",\"url\":\"https:\\\/\\\/www.echoppe-francaise.fr\\\/blog\\\/quelle-couleur-de-boucle-doreille-pour-une-brune\\\/\",\"name\":\"Les astuces pour choisir une boucle d'oreille pour une brune\",\"isPartOf\":{\"@id\":\"https:\\\/\\\/www.echoppe-francaise.fr\\\/blog\\\/#website\"},\"primaryImageOfPage\":{\"@id\":\"https:\\\/\\\/www.echoppe-francaise.fr\\\/blog\\\/quelle-couleur-de-boucle-doreille-pour-une-brune\\\/#primaryimage\"},\"image\":{\"@id\":\"https:\\\/\\\/www.echoppe-francaise.fr\\\/blog\\\/quelle-couleur-de-boucle-doreille-pour-une-brune\\\/#primaryimage\"},\"thumbnailUrl\":\"https:\\\/\\\/lh7-us.googleusercontent.com\\\/-8eE00ZqvORHNsdwKN3fkqlo933FGojrTSOduqcEM4lQ2Q-1Va4P2cupPE2BMr2bh-gAHlVGSJlwoCx2ru2pzaBoCqjGYvlgYXKwERkW8b6ZtGqKqf2xX5inLeOz-gObiyws6iyQiWjV\",\"datePublished\":\"2023-12-14T12:47:56+00:00\",\"dateModified\":\"2023-12-14T12:57:52+00:00\",\"description\":\"On vous accompagne dans le choix de votre boucle d'oreille pour une brune. Trouvez des conseils dans notre article.\",\"breadcrumb\":{\"@id\":\"https:\\\/\\\/www.echoppe-francaise.fr\\\/blog\\\/quelle-couleur-de-boucle-doreille-pour-une-brune\\\/#breadcrumb\"},\"inLanguage\":\"fr-FR\",\"potentialAction\":[{\"@type\":\"ReadAction\",\"target\":[\"https:\\\/\\\/www.echoppe-francaise.fr\\\/blog\\\/quelle-couleur-de-boucle-doreille-pour-une-brune\\\/\"]}]},{\"@type\":\"ImageObject\",\"inLanguage\":\"fr-FR\",\"@id\":\"https:\\\/\\\/www.echoppe-francaise.fr\\\/blog\\\/quelle-couleur-de-boucle-doreille-pour-une-brune\\\/#primaryimage\",\"url\":\"https:\\\/\\\/lh7-us.googleusercontent.com\\\/-8eE00ZqvORHNsdwKN3fkqlo933FGojrTSOduqcEM4lQ2Q-1Va4P2cupPE2BMr2bh-gAHlVGSJlwoCx2ru2pzaBoCqjGYvlgYXKwERkW8b6ZtGqKqf2xX5inLeOz-gObiyws6iyQiWjV\",\"contentUrl\":\"https:\\\/\\\/lh7-us.googleusercontent.com\\\/-8eE00ZqvORHNsdwKN3fkqlo933FGojrTSOduqcEM4lQ2Q-1Va4P2cupPE2BMr2bh-gAHlVGSJlwoCx2ru2pzaBoCqjGYvlgYXKwERkW8b6ZtGqKqf2xX5inLeOz-gObiyws6iyQiWjV\"},{\"@type\":\"BreadcrumbList\",\"@id\":\"https:\\\/\\\/www.echoppe-francaise.fr\\\/blog\\\/quelle-couleur-de-boucle-doreille-pour-une-brune\\\/#breadcrumb\",\"itemListElement\":[{\"@type\":\"ListItem\",\"position\":1,\"name\":\"Accueil\",\"item\":\"https:\\\/\\\/www.echoppe-francaise.fr\\\/blog\\\/\"},{\"@type\":\"ListItem\",\"position\":2,\"name\":\"Comment choisir mes boucles d\u2019oreilles\u00a0?\",\"item\":\"https:\\\/\\\/www.echoppe-francaise.fr\\\/blog\\\/comment-choisir-mes-boucles-doreilles\\\/\"},{\"@type\":\"ListItem\",\"position\":3,\"name\":\"Quelle boucle d&rsquo;oreille en fonction de ma couleur de cheveux\u00a0?\",\"item\":\"https:\\\/\\\/www.echoppe-francaise.fr\\\/blog\\\/quelle-boucle-doreille-en-fonction-de-ma-couleur-de-cheveux\\\/\"},{\"@type\":\"ListItem\",\"position\":4,\"name\":\"Quelle couleur de boucle d&rsquo;oreille pour une brune\u00a0?\"}]},{\"@type\":\"WebSite\",\"@id\":\"https:\\\/\\\/www.echoppe-francaise.fr\\\/blog\\\/#website\",\"url\":\"https:\\\/\\\/www.echoppe-francaise.fr\\\/blog\\\/\",\"name\":\"\u00c9choppe Fran\u00e7aise, le Blog\",\"description\":\"Le blog des Cr\u00e9atrices et Cr\u00e9ateurs fran\u00e7ais\",\"publisher\":{\"@id\":\"https:\\\/\\\/www.echoppe-francaise.fr\\\/blog\\\/#organization\"},\"potentialAction\":[{\"@type\":\"SearchAction\",\"target\":{\"@type\":\"EntryPoint\",\"urlTemplate\":\"https:\\\/\\\/www.echoppe-francaise.fr\\\/blog\\\/?s={search_term_string}\"},\"query-input\":{\"@type\":\"PropertyValueSpecification\",\"valueRequired\":true,\"valueName\":\"search_term_string\"}}],\"inLanguage\":\"fr-FR\"},{\"@type\":\"Organization\",\"@id\":\"https:\\\/\\\/www.echoppe-francaise.fr\\\/blog\\\/#organization\",\"name\":\"L'\u00e9choppe Fran\u00e7aise\",\"url\":\"https:\\\/\\\/www.echoppe-francaise.fr\\\/blog\\\/\",\"logo\":{\"@type\":\"ImageObject\",\"inLanguage\":\"fr-FR\",\"@id\":\"https:\\\/\\\/www.echoppe-francaise.fr\\\/blog\\\/#\\\/schema\\\/logo\\\/image\\\/\",\"url\":\"https:\\\/\\\/www.echoppe-francaise.fr\\\/blog\\\/wp-content\\\/uploads\\\/2017\\\/04\\\/echoppe-francaise-logo-1489412704.png\",\"contentUrl\":\"https:\\\/\\\/www.echoppe-francaise.fr\\\/blog\\\/wp-content\\\/uploads\\\/2017\\\/04\\\/echoppe-francaise-logo-1489412704.png\",\"width\":492,\"height\":270,\"caption\":\"L'\u00e9choppe Fran\u00e7aise\"},\"image\":{\"@id\":\"https:\\\/\\\/www.echoppe-francaise.fr\\\/blog\\\/#\\\/schema\\\/logo\\\/image\\\/\"}}]}<\/script>\n<!-- \/ Yoast SEO plugin. -->","yoast_head_json":{"title":"Les astuces pour choisir une boucle d'oreille pour une brune","description":"On vous accompagne dans le choix de votre boucle d'oreille pour une brune. Trouvez des conseils dans notre article.","robots":{"index":"index","follow":"follow","max-snippet":"max-snippet:-1","max-image-preview":"max-image-preview:large","max-video-preview":"max-video-preview:-1"},"canonical":"https:\/\/www.echoppe-francaise.fr\/blog\/quelle-couleur-de-boucle-doreille-pour-une-brune\/","og_locale":"fr_FR","og_type":"article","og_title":"Les astuces pour choisir une boucle d'oreille pour une brune","og_description":"On vous accompagne dans le choix de votre boucle d'oreille pour une brune. Trouvez des conseils dans notre article.","og_url":"https:\/\/www.echoppe-francaise.fr\/blog\/quelle-couleur-de-boucle-doreille-pour-une-brune\/","og_site_name":"\u00c9choppe Fran\u00e7aise, le Blog","article_modified_time":"2023-12-14T12:57:52+00:00","og_image":[{"url":"https:\/\/lh7-us.googleusercontent.com\/-8eE00ZqvORHNsdwKN3fkqlo933FGojrTSOduqcEM4lQ2Q-1Va4P2cupPE2BMr2bh-gAHlVGSJlwoCx2ru2pzaBoCqjGYvlgYXKwERkW8b6ZtGqKqf2xX5inLeOz-gObiyws6iyQiWjV","type":"","width":"","height":""}],"twitter_card":"summary_large_image","twitter_misc":{"Dur\u00e9e de lecture estim\u00e9e":"5 minutes"},"schema":{"@context":"https:\/\/schema.org","@graph":[{"@type":"WebPage","@id":"https:\/\/www.echoppe-francaise.fr\/blog\/quelle-couleur-de-boucle-doreille-pour-une-brune\/","url":"https:\/\/www.echoppe-francaise.fr\/blog\/quelle-couleur-de-boucle-doreille-pour-une-brune\/","name":"Les astuces pour choisir une boucle d'oreille pour une brune","isPartOf":{"@id":"https:\/\/www.echoppe-francaise.fr\/blog\/#website"},"primaryImageOfPage":{"@id":"https:\/\/www.echoppe-francaise.fr\/blog\/quelle-couleur-de-boucle-doreille-pour-une-brune\/#primaryimage"},"image":{"@id":"https:\/\/www.echoppe-francaise.fr\/blog\/quelle-couleur-de-boucle-doreille-pour-une-brune\/#primaryimage"},"thumbnailUrl":"https:\/\/lh7-us.googleusercontent.com\/-8eE00ZqvORHNsdwKN3fkqlo933FGojrTSOduqcEM4lQ2Q-1Va4P2cupPE2BMr2bh-gAHlVGSJlwoCx2ru2pzaBoCqjGYvlgYXKwERkW8b6ZtGqKqf2xX5inLeOz-gObiyws6iyQiWjV","datePublished":"2023-12-14T12:47:56+00:00","dateModified":"2023-12-14T12:57:52+00:00","description":"On vous accompagne dans le choix de votre boucle d'oreille pour une brune. Trouvez des conseils dans notre article.","breadcrumb":{"@id":"https:\/\/www.echoppe-francaise.fr\/blog\/quelle-couleur-de-boucle-doreille-pour-une-brune\/#breadcrumb"},"inLanguage":"fr-FR","potentialAction":[{"@type":"ReadAction","target":["https:\/\/www.echoppe-francaise.fr\/blog\/quelle-couleur-de-boucle-doreille-pour-une-brune\/"]}]},{"@type":"ImageObject","inLanguage":"fr-FR","@id":"https:\/\/www.echoppe-francaise.fr\/blog\/quelle-couleur-de-boucle-doreille-pour-une-brune\/#primaryimage","url":"https:\/\/lh7-us.googleusercontent.com\/-8eE00ZqvORHNsdwKN3fkqlo933FGojrTSOduqcEM4lQ2Q-1Va4P2cupPE2BMr2bh-gAHlVGSJlwoCx2ru2pzaBoCqjGYvlgYXKwERkW8b6ZtGqKqf2xX5inLeOz-gObiyws6iyQiWjV","contentUrl":"https:\/\/lh7-us.googleusercontent.com\/-8eE00ZqvORHNsdwKN3fkqlo933FGojrTSOduqcEM4lQ2Q-1Va4P2cupPE2BMr2bh-gAHlVGSJlwoCx2ru2pzaBoCqjGYvlgYXKwERkW8b6ZtGqKqf2xX5inLeOz-gObiyws6iyQiWjV"},{"@type":"BreadcrumbList","@id":"https:\/\/www.echoppe-francaise.fr\/blog\/quelle-couleur-de-boucle-doreille-pour-une-brune\/#breadcrumb","itemListElement":[{"@type":"ListItem","position":1,"name":"Accueil","item":"https:\/\/www.echoppe-francaise.fr\/blog\/"},{"@type":"ListItem","position":2,"name":"Comment choisir mes boucles d\u2019oreilles\u00a0?","item":"https:\/\/www.echoppe-francaise.fr\/blog\/comment-choisir-mes-boucles-doreilles\/"},{"@type":"ListItem","position":3,"name":"Quelle boucle d&rsquo;oreille en fonction de ma couleur de cheveux\u00a0?","item":"https:\/\/www.echoppe-francaise.fr\/blog\/quelle-boucle-doreille-en-fonction-de-ma-couleur-de-cheveux\/"},{"@type":"ListItem","position":4,"name":"Quelle couleur de boucle d&rsquo;oreille pour une brune\u00a0?"}]},{"@type":"WebSite","@id":"https:\/\/www.echoppe-francaise.fr\/blog\/#website","url":"https:\/\/www.echoppe-francaise.fr\/blog\/","name":"\u00c9choppe Fran\u00e7aise, le Blog","description":"Le blog des Cr\u00e9atrices et Cr\u00e9ateurs fran\u00e7ais","publisher":{"@id":"https:\/\/www.echoppe-francaise.fr\/blog\/#organization"},"potentialAction":[{"@type":"SearchAction","target":{"@type":"EntryPoint","urlTemplate":"https:\/\/www.echoppe-francaise.fr\/blog\/?s={search_term_string}"},"query-input":{"@type":"PropertyValueSpecification","valueRequired":true,"valueName":"search_term_string"}}],"inLanguage":"fr-FR"},{"@type":"Organization","@id":"https:\/\/www.echoppe-francaise.fr\/blog\/#organization","name":"L'\u00e9choppe Fran\u00e7aise","url":"https:\/\/www.echoppe-francaise.fr\/blog\/","logo":{"@type":"ImageObject","inLanguage":"fr-FR","@id":"https:\/\/www.echoppe-francaise.fr\/blog\/#\/schema\/logo\/image\/","url":"https:\/\/www.echoppe-francaise.fr\/blog\/wp-content\/uploads\/2017\/04\/echoppe-francaise-logo-1489412704.png","contentUrl":"https:\/\/www.echoppe-francaise.fr\/blog\/wp-content\/uploads\/2017\/04\/echoppe-francaise-logo-1489412704.png","width":492,"height":270,"caption":"L'\u00e9choppe Fran\u00e7aise"},"image":{"@id":"https:\/\/www.echoppe-francaise.fr\/blog\/#\/schema\/logo\/image\/"}}]}},"_links":{"self":[{"href":"https:\/\/www.echoppe-francaise.fr\/blog\/wp-json\/wp\/v2\/pages\/1933","targetHints":{"allow":["GET"]}}],"collection":[{"href":"https:\/\/www.echoppe-francaise.fr\/blog\/wp-json\/wp\/v2\/pages"}],"about":[{"href":"https:\/\/www.echoppe-francaise.fr\/blog\/wp-json\/wp\/v2\/types\/page"}],"author":[{"embeddable":true,"href":"https:\/\/www.echoppe-francaise.fr\/blog\/wp-json\/wp\/v2\/users\/6"}],"replies":[{"embeddable":true,"href":"https:\/\/www.echoppe-francaise.fr\/blog\/wp-json\/wp\/v2\/comments?post=1933"}],"version-history":[{"count":2,"href":"https:\/\/www.echoppe-francaise.fr\/blog\/wp-json\/wp\/v2\/pages\/1933\/revisions"}],"predecessor-version":[{"id":1942,"href":"https:\/\/www.echoppe-francaise.fr\/blog\/wp-json\/wp\/v2\/pages\/1933\/revisions\/1942"}],"up":[{"embeddable":true,"href":"https:\/\/www.echoppe-francaise.fr\/blog\/wp-json\/wp\/v2\/pages\/1832"}],"wp:attachment":[{"href":"https:\/\/www.echoppe-francaise.fr\/blog\/wp-json\/wp\/v2\/media?parent=1933"}],"curies":[{"name":"wp","href":"https:\/\/api.w.org\/{rel}","templated":true}]}}