{"id":1831,"date":"2023-12-13T14:13:10","date_gmt":"2023-12-13T13:13:10","guid":{"rendered":"https:\/\/www.echoppe-francaise.fr\/blog\/?page_id=1831"},"modified":"2023-12-16T10:03:26","modified_gmt":"2023-12-16T09:03:26","slug":"comment-choisir-la-couleur-des-boucles-doreilles","status":"publish","type":"page","link":"https:\/\/www.echoppe-francaise.fr\/blog\/comment-choisir-la-couleur-des-boucles-doreilles\/","title":{"rendered":"Comment choisir la couleur des boucles d&rsquo;oreilles\u00a0?"},"content":{"rendered":"\n<figure class=\"wp-block-image size-large\"><img loading=\"lazy\" decoding=\"async\" width=\"1024\" height=\"1024\" src=\"https:\/\/www.echoppe-francaise.fr\/blog\/wp-content\/uploads\/2023\/12\/boucle-d-oreilles-pendantes-de-differentes-couleurs-1024x1024.jpg\" alt=\"Des boucles d'oreilles pendantes de diff\u00e9rentes couleurs.\" class=\"wp-image-1891\" srcset=\"https:\/\/www.echoppe-francaise.fr\/blog\/wp-content\/uploads\/2023\/12\/boucle-d-oreilles-pendantes-de-differentes-couleurs.jpg 1024w, https:\/\/www.echoppe-francaise.fr\/blog\/wp-content\/uploads\/2023\/12\/boucle-d-oreilles-pendantes-de-differentes-couleurs-300x300.jpg 300w, https:\/\/www.echoppe-francaise.fr\/blog\/wp-content\/uploads\/2023\/12\/boucle-d-oreilles-pendantes-de-differentes-couleurs-150x150.jpg 150w, https:\/\/www.echoppe-francaise.fr\/blog\/wp-content\/uploads\/2023\/12\/boucle-d-oreilles-pendantes-de-differentes-couleurs-768x768.jpg 768w\" sizes=\"auto, (max-width: 1024px) 100vw, 1024px\" \/><\/figure>\n\n\n\n<p class=\"wp-block-paragraph\">Savez-vous que votre <strong>carnation<\/strong> impacte sur le choix de vos accessoires de mode. Trouver la bonne couleur vous aidera \u00e0 vous mettre en valeur. Alors, tenez compte de la couleur de vos cheveux et de celle de votre tenue. On vous explique tout.&nbsp;<\/p>\n\n\n\n<h2 class=\"wp-block-heading\">La couleur des boucles d\u2019oreilles en fonction de votre carnation&nbsp;<\/h2>\n\n\n\n<figure class=\"wp-block-image size-large\"><img loading=\"lazy\" decoding=\"async\" width=\"1024\" height=\"1024\" src=\"https:\/\/www.echoppe-francaise.fr\/blog\/wp-content\/uploads\/2023\/12\/boules-doreilles-bleu-et-or-1024x1024.jpg\" alt=\"Des choix de couleurs de boucles d'oreilles selon la carnation d'une femme.\" class=\"wp-image-1893\" srcset=\"https:\/\/www.echoppe-francaise.fr\/blog\/wp-content\/uploads\/2023\/12\/boules-doreilles-bleu-et-or.jpg 1024w, https:\/\/www.echoppe-francaise.fr\/blog\/wp-content\/uploads\/2023\/12\/boules-doreilles-bleu-et-or-300x300.jpg 300w, https:\/\/www.echoppe-francaise.fr\/blog\/wp-content\/uploads\/2023\/12\/boules-doreilles-bleu-et-or-150x150.jpg 150w, https:\/\/www.echoppe-francaise.fr\/blog\/wp-content\/uploads\/2023\/12\/boules-doreilles-bleu-et-or-768x768.jpg 768w\" sizes=\"auto, (max-width: 1024px) 100vw, 1024px\" \/><\/figure>\n\n\n\n<p class=\"wp-block-paragraph\">Vous avez le <strong>teint chaud<\/strong>&nbsp;? Choisissez des couleurs adapt\u00e9es. L\u2019or, le cuivre, le corail ou le rouge sont les meilleures solutions. On vous les conseille si vous avez une peau dor\u00e9e ou p\u00eache.&nbsp;<\/p>\n\n\n\n<p class=\"wp-block-paragraph\">Au contraire, vous avez un <strong>teint froid<\/strong>&nbsp;? C\u2019est le cas si vous avez la peau ros\u00e9e ou bleut\u00e9e. Privil\u00e9giez l\u2019argent\u00e9, le bleu, le violet ou le rose. Osez \u00e9galement l\u2019acier inoxydable.&nbsp;<\/p>\n\n\n\n<p class=\"wp-block-paragraph\">L\u2019id\u00e9e est de compenser votre carnation. De quoi donner un rendu esth\u00e9tique et agr\u00e9able sur votre look.&nbsp;<\/p>\n\n\n\n<p class=\"wp-block-paragraph\">Pour vous aider davantage dans le choix de vos accessoires de mode, lisez notre article : <a href=\"https:\/\/www.echoppe-francaise.fr\/blog\/comment-choisir-mes-boucles-doreilles\/\" target=\"_blank\" rel=\"noreferrer noopener\">comment choisir mes boucles d&rsquo;oreilles ?<\/a><\/p>\n\n\n\n<h2 class=\"wp-block-heading\">Tenez compte de la couleur de vos cheveux&nbsp;<\/h2>\n\n\n\n<figure class=\"wp-block-image size-large\"><img loading=\"lazy\" decoding=\"async\" width=\"1024\" height=\"1024\" src=\"https:\/\/www.echoppe-francaise.fr\/blog\/wp-content\/uploads\/2023\/12\/des-boucles-d-oreilles-colorees-1024x1024.jpg\" alt=\"Une femme avec les cheveux color\u00e9s portant des boucles d'oreilles pendantes color\u00e9es.\" class=\"wp-image-1894\" srcset=\"https:\/\/www.echoppe-francaise.fr\/blog\/wp-content\/uploads\/2023\/12\/des-boucles-d-oreilles-colorees.jpg 1024w, https:\/\/www.echoppe-francaise.fr\/blog\/wp-content\/uploads\/2023\/12\/des-boucles-d-oreilles-colorees-300x300.jpg 300w, https:\/\/www.echoppe-francaise.fr\/blog\/wp-content\/uploads\/2023\/12\/des-boucles-d-oreilles-colorees-150x150.jpg 150w, https:\/\/www.echoppe-francaise.fr\/blog\/wp-content\/uploads\/2023\/12\/des-boucles-d-oreilles-colorees-768x768.jpg 768w\" sizes=\"auto, (max-width: 1024px) 100vw, 1024px\" \/><\/figure>\n\n\n\n<p class=\"wp-block-paragraph\">Choisissez aussi vos boucles d\u2019oreilles selon la <strong>couleur de vos cheveux<\/strong>. Vous \u00e9viterez de surcharger votre look.&nbsp;<\/p>\n\n\n\n<ul class=\"wp-block-list\">\n<li>Cheveux fonc\u00e9s&nbsp;? Misez sur <strong>l\u2019or ou les couleurs vives<\/strong>&nbsp;: rouge, bleu, vert \u00e9meraude, etc.&nbsp;<\/li>\n\n\n\n<li>Cheveux clairs&nbsp;? On vous conseille <strong>l\u2019argent<\/strong> ou les <strong>tons pastel<\/strong>. \u00c0 la rigueur, choisissez des <strong>couleurs douces&nbsp;<\/strong>: rose poudr\u00e9, bleu ciel, etc.<\/li>\n<\/ul>\n\n\n\n<p class=\"wp-block-paragraph\">L\u2019or et l\u2019argent\u00e9 sont des intemporels. Ayez ces basiques dans votre garde-robe. Vous \u00e9viterez de changer vos boucles d\u2019oreilles \u00e0 chaque fois que vous mettez \u00e0 jour vos colorations.&nbsp;<\/p>\n\n\n\n<h2 class=\"wp-block-heading\">Adaptez vos boucles d\u2019oreilles selon votre tenue vestimentaire&nbsp;<\/h2>\n\n\n\n<figure class=\"wp-block-image size-large\"><img loading=\"lazy\" decoding=\"async\" width=\"1024\" height=\"1024\" src=\"https:\/\/www.echoppe-francaise.fr\/blog\/wp-content\/uploads\/2023\/12\/boucles-d-oreilles-creoles-plaque-or-1024x1024.jpg\" alt=\"Une femme qui porte des cr\u00e9oles chic en or.\" class=\"wp-image-1892\" srcset=\"https:\/\/www.echoppe-francaise.fr\/blog\/wp-content\/uploads\/2023\/12\/boucles-d-oreilles-creoles-plaque-or.jpg 1024w, https:\/\/www.echoppe-francaise.fr\/blog\/wp-content\/uploads\/2023\/12\/boucles-d-oreilles-creoles-plaque-or-300x300.jpg 300w, https:\/\/www.echoppe-francaise.fr\/blog\/wp-content\/uploads\/2023\/12\/boucles-d-oreilles-creoles-plaque-or-150x150.jpg 150w, https:\/\/www.echoppe-francaise.fr\/blog\/wp-content\/uploads\/2023\/12\/boucles-d-oreilles-creoles-plaque-or-768x768.jpg 768w\" sizes=\"auto, (max-width: 1024px) 100vw, 1024px\" \/><\/figure>\n\n\n\n<p class=\"wp-block-paragraph\">Vos boucles d\u2019oreilles <strong>compl\u00e8tent votre tenue<\/strong>. Ils ne doivent pas surcharger votre look. Vous portez de l\u2019unit\u00e9&nbsp;? Faites de vos boucles d\u2019oreilles des touches d\u2019originalit\u00e9. Ajoutez des motifs. Utilisez des motifs.&nbsp;<\/p>\n\n\n\n<p class=\"wp-block-paragraph\">Vous avez d\u00e9j\u00e0 une tenue charg\u00e9e\u00a0? Soyez plus soft. Choisissez des <strong>boucles d\u2019oreilles neutres<\/strong>. Les couleurs dor\u00e9es et l\u2019argent\u00e9 restent possibles.\u00a0<\/p>\n\n\n\n<p class=\"wp-block-paragraph\">Tout d\u00e9pend aussi de la couleur de vos yeux. Nos conseils sur : <a href=\"https:\/\/www.echoppe-francaise.fr\/blog\/quelle-couleur-de-boucles-doreilles-avec-les-yeux-marron\/\" target=\"_blank\" rel=\"noreferrer noopener\">Quelle couleur de boucles d&rsquo;oreilles avec les yeux marron\u00a0?<\/a> ou <a href=\"https:\/\/www.echoppe-francaise.fr\/blog\/quelle-couleur-de-boucles-doreilles-avec-les-yeux-verts\/\" target=\"_blank\" rel=\"noreferrer noopener\">Quelle couleur de boucles d&rsquo;oreilles avec les yeux verts\u00a0?\u00a0<\/a> ou encore <a href=\"https:\/\/www.echoppe-francaise.fr\/blog\/quelle-couleur-de-boucle-doreille-avec-les-yeux-bleue\/\" target=\"_blank\" rel=\"noreferrer noopener\">Quelle couleur de boucle d&rsquo;oreille avec les yeux bleus ?<\/a><\/p>\n\n\n\n<h2 class=\"wp-block-heading\">La bonne boucle d\u2019oreille pour la bonne occasion&nbsp;<\/h2>\n\n\n\n<figure class=\"wp-block-image size-large\"><img loading=\"lazy\" decoding=\"async\" width=\"1024\" height=\"1024\" src=\"https:\/\/www.echoppe-francaise.fr\/blog\/wp-content\/uploads\/2023\/12\/bonne-boucle-d-oreille-en-or-la-bonne-occasion-1024x1024.jpg\" alt=\"Une femme qui porte des boucles d'oreilles dor\u00e9.\" class=\"wp-image-1890\" srcset=\"https:\/\/www.echoppe-francaise.fr\/blog\/wp-content\/uploads\/2023\/12\/bonne-boucle-d-oreille-en-or-la-bonne-occasion.jpg 1024w, https:\/\/www.echoppe-francaise.fr\/blog\/wp-content\/uploads\/2023\/12\/bonne-boucle-d-oreille-en-or-la-bonne-occasion-300x300.jpg 300w, https:\/\/www.echoppe-francaise.fr\/blog\/wp-content\/uploads\/2023\/12\/bonne-boucle-d-oreille-en-or-la-bonne-occasion-150x150.jpg 150w, https:\/\/www.echoppe-francaise.fr\/blog\/wp-content\/uploads\/2023\/12\/bonne-boucle-d-oreille-en-or-la-bonne-occasion-768x768.jpg 768w\" sizes=\"auto, (max-width: 1024px) 100vw, 1024px\" \/><\/figure>\n\n\n\n<p class=\"wp-block-paragraph\">Tenez compte \u00e9galement de l\u2019occasion. Un \u00e9v\u00e8nement formel&nbsp;? Choisissez des couleurs classiques. En plus des plaqu\u00e9s or et argent\u00e9s, il y a les perles. Restez <strong>\u00e9l\u00e9gantes<\/strong>. Et, faites simple.&nbsp;<\/p>\n\n\n\n<p class=\"wp-block-paragraph\">Pour la vie de tous les jours&nbsp;? Soyez audacieuses. Ajoutez des couleurs et des motifs. Les <strong>bijoux fantaisie<\/strong> sont vos alli\u00e9s.&nbsp;<\/p>\n\n\n\n<h2 class=\"wp-block-heading\">Faites le point sur la saison et adaptez-vous<\/h2>\n\n\n\n<figure class=\"wp-block-image size-large\"><img loading=\"lazy\" decoding=\"async\" width=\"1024\" height=\"1024\" src=\"https:\/\/www.echoppe-francaise.fr\/blog\/wp-content\/uploads\/2023\/12\/Des-boucles-d-oreilles-coquillage-colorees-1024x1024.jpg\" alt=\"Des boucles d'oreilles pendantes de diff\u00e9rentes couleurs.\" class=\"wp-image-1895\" srcset=\"https:\/\/www.echoppe-francaise.fr\/blog\/wp-content\/uploads\/2023\/12\/Des-boucles-d-oreilles-coquillage-colorees.jpg 1024w, https:\/\/www.echoppe-francaise.fr\/blog\/wp-content\/uploads\/2023\/12\/Des-boucles-d-oreilles-coquillage-colorees-300x300.jpg 300w, https:\/\/www.echoppe-francaise.fr\/blog\/wp-content\/uploads\/2023\/12\/Des-boucles-d-oreilles-coquillage-colorees-150x150.jpg 150w, https:\/\/www.echoppe-francaise.fr\/blog\/wp-content\/uploads\/2023\/12\/Des-boucles-d-oreilles-coquillage-colorees-768x768.jpg 768w\" sizes=\"auto, (max-width: 1024px) 100vw, 1024px\" \/><\/figure>\n\n\n\n<p class=\"wp-block-paragraph\">Chaque saison annonce des <strong>styles diff\u00e9rents<\/strong>. Et, adaptez vos boucles d\u2019oreilles en cons\u00e9quence. Les points \u00e0 retenir&nbsp;:&nbsp;<\/p>\n\n\n\n<ul class=\"wp-block-list\">\n<li>Pour l\u2019<strong>automne<\/strong>, les tons chauds&nbsp;: oranges, rouge, jaune<\/li>\n\n\n\n<li>Pour <strong>l\u2019\u00e9t\u00e9 et le printemps<\/strong>, les tons clairs&nbsp;: bleu, rose&nbsp;<\/li>\n<\/ul>\n\n\n\n<h2 class=\"wp-block-heading\">Vos pr\u00e9f\u00e9rences personnelles ne doivent pas \u00eatre laiss\u00e9es pour compte<\/h2>\n\n\n\n<figure class=\"wp-block-image size-full\"><img loading=\"lazy\" decoding=\"async\" width=\"290\" height=\"290\" src=\"https:\/\/www.echoppe-francaise.fr\/blog\/wp-content\/uploads\/2023\/12\/Une-boucle-d-oreille-en-bois-de-createurs-francais.jpg\" alt=\"Des boucles d'oreilles chics en bois\" class=\"wp-image-1896\" srcset=\"https:\/\/www.echoppe-francaise.fr\/blog\/wp-content\/uploads\/2023\/12\/Une-boucle-d-oreille-en-bois-de-createurs-francais.jpg 290w, https:\/\/www.echoppe-francaise.fr\/blog\/wp-content\/uploads\/2023\/12\/Une-boucle-d-oreille-en-bois-de-createurs-francais-150x150.jpg 150w\" sizes=\"auto, (max-width: 290px) 100vw, 290px\" \/><\/figure>\n\n\n\n<p class=\"wp-block-paragraph\">Enfin, tenez compte de vos <strong>pr\u00e9f\u00e9rences<\/strong>. Vous avez plusieurs couleurs disponibles. Soyez \u00e0 l\u2019aise avec les boucles d\u2019oreilles que vous portez. Les porter sera simple. Exit les rappels de couleur. Au contraire, faites de vos accessoires une touche d\u2019originalit\u00e9. M\u00e9langez <strong>les styles et les genres<\/strong>. Vous changerez de look en deux temps trois mouvements.&nbsp;<\/p>\n\n\n\n<p class=\"wp-block-paragraph\">Besoin d\u2019inspiration&nbsp;? Trouvez diff\u00e9rents mod\u00e8les de <strong>boucles d\u2019oreilles made in France<\/strong> sur l\u2019\u00c9choppe Fran\u00e7aise. Nous travaillons avec des artisans locaux. Et, nous vous proposons diff\u00e9rents styles et couleurs pour parfaire votre look.<\/p>\n\n\n\n<h3 class=\"wp-block-heading\">Retrouvez d&rsquo;autres conseils sur le choix de boucles d&rsquo;oreilles sur nos articles : <\/h3>\n\n\n\n<ul class=\"wp-block-list\">\n<li><a href=\"https:\/\/www.echoppe-francaise.fr\/blog\/comment-savoir-si-une-boucle-doreille-nous-va-bien\/\" target=\"_blank\" rel=\"noreferrer noopener\">Comment savoir si une boucle d&rsquo;oreille nous va bien&nbsp;?<\/a><\/li>\n\n\n\n<li><a href=\"https:\/\/www.echoppe-francaise.fr\/blog\/quel-type-de-boucles-doreilles-choisir\/\" target=\"_blank\" rel=\"noreferrer noopener\">Quel type de boucles d&rsquo;oreilles choisir&nbsp;?<\/a><\/li>\n\n\n\n<li><a href=\"https:\/\/www.echoppe-francaise.fr\/blog\/quelle-boucle-doreille-en-fonction-de-ma-couleur-de-cheveux\/\" target=\"_blank\" rel=\"noreferrer noopener\">Quelle boucle d&rsquo;oreille en fonction de ma couleur de cheveux&nbsp;?<\/a><\/li>\n\n\n\n<li><a href=\"https:\/\/www.echoppe-francaise.fr\/blog\/quelle-boucle-doreille-pour-quel-visage\/\" target=\"_blank\" rel=\"noreferrer noopener\">Quelle boucle d&rsquo;oreille pour quel visage&nbsp;?<\/a><\/li>\n\n\n\n<li><a href=\"https:\/\/www.echoppe-francaise.fr\/blog\/quelles-boucles-doreilles-pour-quelles-coupes\/\" target=\"_blank\" rel=\"noreferrer noopener\">Quelles boucles d&rsquo;oreilles pour quelles coupes&nbsp;?<\/a><\/li>\n<\/ul>\n\n\n\n<p class=\"wp-block-paragraph\">&nbsp;&nbsp;<\/p>\n","protected":false},"excerpt":{"rendered":"<p>Savez-vous que votre carnation impacte sur le choix de vos accessoires de mode. Trouver la bonne couleur vous aidera \u00e0 vous mettre en valeur. Alors, tenez compte de la couleur de vos cheveux et de celle de votre tenue. On vous explique tout.&nbsp; La couleur des boucles d\u2019oreilles en fonction de votre carnation&nbsp; Vous avez&hellip;&nbsp;<\/p>\n","protected":false},"author":6,"featured_media":0,"parent":1814,"menu_order":0,"comment_status":"closed","ping_status":"closed","template":"","meta":{"_crdt_document":"","neve_meta_sidebar":"","neve_meta_container":"","neve_meta_enable_content_width":"","neve_meta_content_width":0,"neve_meta_title_alignment":"","neve_meta_author_avatar":"","neve_post_elements_order":"","neve_meta_disable_header":"","neve_meta_disable_footer":"","neve_meta_disable_title":"","footnotes":""},"class_list":["post-1831","page","type-page","status-publish","hentry"],"yoast_head":"<!-- This site is optimized with the Yoast SEO plugin v27.5 - https:\/\/yoast.com\/product\/yoast-seo-wordpress\/ -->\n<title>Quels astuces pour choisir la couleur des boucles d&#039;oreilles ?<\/title>\n<meta name=\"description\" content=\"Dans cet article, d\u00e9couvrez nos trucs et astuces pour choisir la couleur des boucles d&#039;oreilles adapt\u00e9s \u00e0 votre profil\" \/>\n<meta name=\"robots\" content=\"index, follow, max-snippet:-1, max-image-preview:large, max-video-preview:-1\" \/>\n<link rel=\"canonical\" href=\"https:\/\/www.echoppe-francaise.fr\/blog\/comment-choisir-la-couleur-des-boucles-doreilles\/\" \/>\n<meta property=\"og:locale\" content=\"fr_FR\" \/>\n<meta property=\"og:type\" content=\"article\" \/>\n<meta property=\"og:title\" content=\"Quels astuces pour choisir la couleur des boucles d&#039;oreilles ?\" \/>\n<meta property=\"og:description\" content=\"Dans cet article, d\u00e9couvrez nos trucs et astuces pour choisir la couleur des boucles d&#039;oreilles adapt\u00e9s \u00e0 votre profil\" \/>\n<meta property=\"og:url\" content=\"https:\/\/www.echoppe-francaise.fr\/blog\/comment-choisir-la-couleur-des-boucles-doreilles\/\" \/>\n<meta property=\"og:site_name\" content=\"\u00c9choppe Fran\u00e7aise, le Blog\" \/>\n<meta property=\"article:modified_time\" content=\"2023-12-16T09:03:26+00:00\" \/>\n<meta property=\"og:image\" content=\"https:\/\/www.echoppe-francaise.fr\/blog\/wp-content\/uploads\/2023\/12\/boucle-d-oreilles-pendantes-de-differentes-couleurs-1024x1024.jpg\" \/>\n<meta name=\"twitter:card\" content=\"summary_large_image\" \/>\n<meta name=\"twitter:label1\" content=\"Dur\u00e9e de lecture estim\u00e9e\" \/>\n\t<meta name=\"twitter:data1\" content=\"5 minutes\" \/>\n<script type=\"application\/ld+json\" class=\"yoast-schema-graph\">{\"@context\":\"https:\\\/\\\/schema.org\",\"@graph\":[{\"@type\":\"WebPage\",\"@id\":\"https:\\\/\\\/www.echoppe-francaise.fr\\\/blog\\\/comment-choisir-la-couleur-des-boucles-doreilles\\\/\",\"url\":\"https:\\\/\\\/www.echoppe-francaise.fr\\\/blog\\\/comment-choisir-la-couleur-des-boucles-doreilles\\\/\",\"name\":\"Quels astuces pour choisir la couleur des boucles d'oreilles ?\",\"isPartOf\":{\"@id\":\"https:\\\/\\\/www.echoppe-francaise.fr\\\/blog\\\/#website\"},\"primaryImageOfPage\":{\"@id\":\"https:\\\/\\\/www.echoppe-francaise.fr\\\/blog\\\/comment-choisir-la-couleur-des-boucles-doreilles\\\/#primaryimage\"},\"image\":{\"@id\":\"https:\\\/\\\/www.echoppe-francaise.fr\\\/blog\\\/comment-choisir-la-couleur-des-boucles-doreilles\\\/#primaryimage\"},\"thumbnailUrl\":\"https:\\\/\\\/www.echoppe-francaise.fr\\\/blog\\\/wp-content\\\/uploads\\\/2023\\\/12\\\/boucle-d-oreilles-pendantes-de-differentes-couleurs-1024x1024.jpg\",\"datePublished\":\"2023-12-13T13:13:10+00:00\",\"dateModified\":\"2023-12-16T09:03:26+00:00\",\"description\":\"Dans cet article, d\u00e9couvrez nos trucs et astuces pour choisir la couleur des boucles d'oreilles adapt\u00e9s \u00e0 votre profil\",\"breadcrumb\":{\"@id\":\"https:\\\/\\\/www.echoppe-francaise.fr\\\/blog\\\/comment-choisir-la-couleur-des-boucles-doreilles\\\/#breadcrumb\"},\"inLanguage\":\"fr-FR\",\"potentialAction\":[{\"@type\":\"ReadAction\",\"target\":[\"https:\\\/\\\/www.echoppe-francaise.fr\\\/blog\\\/comment-choisir-la-couleur-des-boucles-doreilles\\\/\"]}]},{\"@type\":\"ImageObject\",\"inLanguage\":\"fr-FR\",\"@id\":\"https:\\\/\\\/www.echoppe-francaise.fr\\\/blog\\\/comment-choisir-la-couleur-des-boucles-doreilles\\\/#primaryimage\",\"url\":\"https:\\\/\\\/www.echoppe-francaise.fr\\\/blog\\\/wp-content\\\/uploads\\\/2023\\\/12\\\/boucle-d-oreilles-pendantes-de-differentes-couleurs.jpg\",\"contentUrl\":\"https:\\\/\\\/www.echoppe-francaise.fr\\\/blog\\\/wp-content\\\/uploads\\\/2023\\\/12\\\/boucle-d-oreilles-pendantes-de-differentes-couleurs.jpg\",\"width\":1024,\"height\":1024},{\"@type\":\"BreadcrumbList\",\"@id\":\"https:\\\/\\\/www.echoppe-francaise.fr\\\/blog\\\/comment-choisir-la-couleur-des-boucles-doreilles\\\/#breadcrumb\",\"itemListElement\":[{\"@type\":\"ListItem\",\"position\":1,\"name\":\"Accueil\",\"item\":\"https:\\\/\\\/www.echoppe-francaise.fr\\\/blog\\\/\"},{\"@type\":\"ListItem\",\"position\":2,\"name\":\"Comment choisir mes boucles d\u2019oreilles\u00a0?\",\"item\":\"https:\\\/\\\/www.echoppe-francaise.fr\\\/blog\\\/comment-choisir-mes-boucles-doreilles\\\/\"},{\"@type\":\"ListItem\",\"position\":3,\"name\":\"Comment choisir la couleur des boucles d&rsquo;oreilles\u00a0?\"}]},{\"@type\":\"WebSite\",\"@id\":\"https:\\\/\\\/www.echoppe-francaise.fr\\\/blog\\\/#website\",\"url\":\"https:\\\/\\\/www.echoppe-francaise.fr\\\/blog\\\/\",\"name\":\"\u00c9choppe Fran\u00e7aise, le Blog\",\"description\":\"Le blog des Cr\u00e9atrices et Cr\u00e9ateurs fran\u00e7ais\",\"publisher\":{\"@id\":\"https:\\\/\\\/www.echoppe-francaise.fr\\\/blog\\\/#organization\"},\"potentialAction\":[{\"@type\":\"SearchAction\",\"target\":{\"@type\":\"EntryPoint\",\"urlTemplate\":\"https:\\\/\\\/www.echoppe-francaise.fr\\\/blog\\\/?s={search_term_string}\"},\"query-input\":{\"@type\":\"PropertyValueSpecification\",\"valueRequired\":true,\"valueName\":\"search_term_string\"}}],\"inLanguage\":\"fr-FR\"},{\"@type\":\"Organization\",\"@id\":\"https:\\\/\\\/www.echoppe-francaise.fr\\\/blog\\\/#organization\",\"name\":\"L'\u00e9choppe Fran\u00e7aise\",\"url\":\"https:\\\/\\\/www.echoppe-francaise.fr\\\/blog\\\/\",\"logo\":{\"@type\":\"ImageObject\",\"inLanguage\":\"fr-FR\",\"@id\":\"https:\\\/\\\/www.echoppe-francaise.fr\\\/blog\\\/#\\\/schema\\\/logo\\\/image\\\/\",\"url\":\"https:\\\/\\\/www.echoppe-francaise.fr\\\/blog\\\/wp-content\\\/uploads\\\/2017\\\/04\\\/echoppe-francaise-logo-1489412704.png\",\"contentUrl\":\"https:\\\/\\\/www.echoppe-francaise.fr\\\/blog\\\/wp-content\\\/uploads\\\/2017\\\/04\\\/echoppe-francaise-logo-1489412704.png\",\"width\":492,\"height\":270,\"caption\":\"L'\u00e9choppe Fran\u00e7aise\"},\"image\":{\"@id\":\"https:\\\/\\\/www.echoppe-francaise.fr\\\/blog\\\/#\\\/schema\\\/logo\\\/image\\\/\"}}]}<\/script>\n<!-- \/ Yoast SEO plugin. -->","yoast_head_json":{"title":"Quels astuces pour choisir la couleur des boucles d'oreilles ?","description":"Dans cet article, d\u00e9couvrez nos trucs et astuces pour choisir la couleur des boucles d'oreilles adapt\u00e9s \u00e0 votre profil","robots":{"index":"index","follow":"follow","max-snippet":"max-snippet:-1","max-image-preview":"max-image-preview:large","max-video-preview":"max-video-preview:-1"},"canonical":"https:\/\/www.echoppe-francaise.fr\/blog\/comment-choisir-la-couleur-des-boucles-doreilles\/","og_locale":"fr_FR","og_type":"article","og_title":"Quels astuces pour choisir la couleur des boucles d'oreilles ?","og_description":"Dans cet article, d\u00e9couvrez nos trucs et astuces pour choisir la couleur des boucles d'oreilles adapt\u00e9s \u00e0 votre profil","og_url":"https:\/\/www.echoppe-francaise.fr\/blog\/comment-choisir-la-couleur-des-boucles-doreilles\/","og_site_name":"\u00c9choppe Fran\u00e7aise, le Blog","article_modified_time":"2023-12-16T09:03:26+00:00","og_image":[{"url":"https:\/\/www.echoppe-francaise.fr\/blog\/wp-content\/uploads\/2023\/12\/boucle-d-oreilles-pendantes-de-differentes-couleurs-1024x1024.jpg","type":"","width":"","height":""}],"twitter_card":"summary_large_image","twitter_misc":{"Dur\u00e9e de lecture estim\u00e9e":"5 minutes"},"schema":{"@context":"https:\/\/schema.org","@graph":[{"@type":"WebPage","@id":"https:\/\/www.echoppe-francaise.fr\/blog\/comment-choisir-la-couleur-des-boucles-doreilles\/","url":"https:\/\/www.echoppe-francaise.fr\/blog\/comment-choisir-la-couleur-des-boucles-doreilles\/","name":"Quels astuces pour choisir la couleur des boucles d'oreilles ?","isPartOf":{"@id":"https:\/\/www.echoppe-francaise.fr\/blog\/#website"},"primaryImageOfPage":{"@id":"https:\/\/www.echoppe-francaise.fr\/blog\/comment-choisir-la-couleur-des-boucles-doreilles\/#primaryimage"},"image":{"@id":"https:\/\/www.echoppe-francaise.fr\/blog\/comment-choisir-la-couleur-des-boucles-doreilles\/#primaryimage"},"thumbnailUrl":"https:\/\/www.echoppe-francaise.fr\/blog\/wp-content\/uploads\/2023\/12\/boucle-d-oreilles-pendantes-de-differentes-couleurs-1024x1024.jpg","datePublished":"2023-12-13T13:13:10+00:00","dateModified":"2023-12-16T09:03:26+00:00","description":"Dans cet article, d\u00e9couvrez nos trucs et astuces pour choisir la couleur des boucles d'oreilles adapt\u00e9s \u00e0 votre profil","breadcrumb":{"@id":"https:\/\/www.echoppe-francaise.fr\/blog\/comment-choisir-la-couleur-des-boucles-doreilles\/#breadcrumb"},"inLanguage":"fr-FR","potentialAction":[{"@type":"ReadAction","target":["https:\/\/www.echoppe-francaise.fr\/blog\/comment-choisir-la-couleur-des-boucles-doreilles\/"]}]},{"@type":"ImageObject","inLanguage":"fr-FR","@id":"https:\/\/www.echoppe-francaise.fr\/blog\/comment-choisir-la-couleur-des-boucles-doreilles\/#primaryimage","url":"https:\/\/www.echoppe-francaise.fr\/blog\/wp-content\/uploads\/2023\/12\/boucle-d-oreilles-pendantes-de-differentes-couleurs.jpg","contentUrl":"https:\/\/www.echoppe-francaise.fr\/blog\/wp-content\/uploads\/2023\/12\/boucle-d-oreilles-pendantes-de-differentes-couleurs.jpg","width":1024,"height":1024},{"@type":"BreadcrumbList","@id":"https:\/\/www.echoppe-francaise.fr\/blog\/comment-choisir-la-couleur-des-boucles-doreilles\/#breadcrumb","itemListElement":[{"@type":"ListItem","position":1,"name":"Accueil","item":"https:\/\/www.echoppe-francaise.fr\/blog\/"},{"@type":"ListItem","position":2,"name":"Comment choisir mes boucles d\u2019oreilles\u00a0?","item":"https:\/\/www.echoppe-francaise.fr\/blog\/comment-choisir-mes-boucles-doreilles\/"},{"@type":"ListItem","position":3,"name":"Comment choisir la couleur des boucles d&rsquo;oreilles\u00a0?"}]},{"@type":"WebSite","@id":"https:\/\/www.echoppe-francaise.fr\/blog\/#website","url":"https:\/\/www.echoppe-francaise.fr\/blog\/","name":"\u00c9choppe Fran\u00e7aise, le Blog","description":"Le blog des Cr\u00e9atrices et Cr\u00e9ateurs fran\u00e7ais","publisher":{"@id":"https:\/\/www.echoppe-francaise.fr\/blog\/#organization"},"potentialAction":[{"@type":"SearchAction","target":{"@type":"EntryPoint","urlTemplate":"https:\/\/www.echoppe-francaise.fr\/blog\/?s={search_term_string}"},"query-input":{"@type":"PropertyValueSpecification","valueRequired":true,"valueName":"search_term_string"}}],"inLanguage":"fr-FR"},{"@type":"Organization","@id":"https:\/\/www.echoppe-francaise.fr\/blog\/#organization","name":"L'\u00e9choppe Fran\u00e7aise","url":"https:\/\/www.echoppe-francaise.fr\/blog\/","logo":{"@type":"ImageObject","inLanguage":"fr-FR","@id":"https:\/\/www.echoppe-francaise.fr\/blog\/#\/schema\/logo\/image\/","url":"https:\/\/www.echoppe-francaise.fr\/blog\/wp-content\/uploads\/2017\/04\/echoppe-francaise-logo-1489412704.png","contentUrl":"https:\/\/www.echoppe-francaise.fr\/blog\/wp-content\/uploads\/2017\/04\/echoppe-francaise-logo-1489412704.png","width":492,"height":270,"caption":"L'\u00e9choppe Fran\u00e7aise"},"image":{"@id":"https:\/\/www.echoppe-francaise.fr\/blog\/#\/schema\/logo\/image\/"}}]}},"_links":{"self":[{"href":"https:\/\/www.echoppe-francaise.fr\/blog\/wp-json\/wp\/v2\/pages\/1831","targetHints":{"allow":["GET"]}}],"collection":[{"href":"https:\/\/www.echoppe-francaise.fr\/blog\/wp-json\/wp\/v2\/pages"}],"about":[{"href":"https:\/\/www.echoppe-francaise.fr\/blog\/wp-json\/wp\/v2\/types\/page"}],"author":[{"embeddable":true,"href":"https:\/\/www.echoppe-francaise.fr\/blog\/wp-json\/wp\/v2\/users\/6"}],"replies":[{"embeddable":true,"href":"https:\/\/www.echoppe-francaise.fr\/blog\/wp-json\/wp\/v2\/comments?post=1831"}],"version-history":[{"count":6,"href":"https:\/\/www.echoppe-francaise.fr\/blog\/wp-json\/wp\/v2\/pages\/1831\/revisions"}],"predecessor-version":[{"id":1973,"href":"https:\/\/www.echoppe-francaise.fr\/blog\/wp-json\/wp\/v2\/pages\/1831\/revisions\/1973"}],"up":[{"embeddable":true,"href":"https:\/\/www.echoppe-francaise.fr\/blog\/wp-json\/wp\/v2\/pages\/1814"}],"wp:attachment":[{"href":"https:\/\/www.echoppe-francaise.fr\/blog\/wp-json\/wp\/v2\/media?parent=1831"}],"curies":[{"name":"wp","href":"https:\/\/api.w.org\/{rel}","templated":true}]}}