{"id":1568,"date":"2023-12-05T12:45:16","date_gmt":"2023-12-05T11:45:16","guid":{"rendered":"https:\/\/www.echoppe-francaise.fr\/blog\/?page_id=1568"},"modified":"2025-06-04T16:20:30","modified_gmt":"2025-06-04T14:20:30","slug":"combien-de-lumens-pour-un-eclairage-froid","status":"publish","type":"page","link":"https:\/\/www.echoppe-francaise.fr\/blog\/combien-de-lumens-pour-un-eclairage-froid\/","title":{"rendered":"Combien de lumens pour un \u00e9clairage froid\u00a0?"},"content":{"rendered":"\n<figure class=\"wp-block-image\"><img decoding=\"async\" src=\"https:\/\/lh7-us.googleusercontent.com\/Rt3pb-tqnivjdehah-Xi3GY72y-S6oFLHLH_3SPNFurwNOmxvKUiHoScjsfE83lkI-kOe3x9zqijMtEHjbnZhGDhDZrKncV5J0wBDcRkDppu1JDZjtWROGt1-Ezsqy-oK4dgVJdKx1oY\" alt=\"Un plafonnier en forme d'arbre avec une lumi\u00e8re de couleur blanche.\"\/><\/figure>\n\n\n\n<p class=\"wp-block-paragraph\">L\u2019<strong>\u00e9clairage \u00e0 froid <\/strong>est parfait pour avoir de la concentration. On l\u2019utilise dans les bureaux et les espaces pros. Mais, il s\u2019invite aussi dans l\u2019am\u00e9nagement des espaces priv\u00e9s. Il se m\u00e9lange avec un \u00e9clairage blanc chaud. Vous obtiendrez ainsi une d\u00e9co moderne, tendance et pratique. Encore faut-il faire le bon choix et en faire bon usage. Voici nos conseils.&nbsp;<\/p>\n\n\n\n<h2 class=\"wp-block-heading\">D\u00e9finition d\u2019un \u00e9clairage froid&nbsp;: intensit\u00e9, couleur et puissance&nbsp;<\/h2>\n\n\n\n<figure class=\"wp-block-image\"><img decoding=\"async\" src=\"https:\/\/lh7-us.googleusercontent.com\/41eDAooQPHfEbzEoeCZOhksvwMfS06z9tqUzcSv7_GecVcEoTmg5dyhdpc7YRyEBKEo_4x-D4EVctoc6SpXwPMcS5ws1PoNvnd030ZG0lQM7C6uvPTe3E7C2UbFxzR_I41vSKiBr3XbY\" alt=\"Un plafonnier avec des ampoules led en forme de globe avec une lumi\u00e8re blanche.\"\/><\/figure>\n\n\n\n<p class=\"wp-block-paragraph\">Distinguez l\u2019\u00e9clairage froid du chaud. Dans le premier cas, misez sur une couleur banc ou l\u00e9g\u00e8rement bleu. Choisissez du led de plus de <strong>4 000 k<\/strong>. L\u2019intensit\u00e9 varie selon la superficie concern\u00e9e. Comptez 300 lumens par m2. Pour 20 m\u00b2, 4 000 lumens seront donc n\u00e9cessaires. C\u2019est l\u2019\u00e9quivalent de 40 W environ.&nbsp;<\/p>\n\n\n\n<p class=\"wp-block-paragraph\">C\u2019est l\u2019\u00e9clairage id\u00e9al dans diff\u00e9rents espaces&nbsp;:&nbsp;<\/p>\n\n\n\n<ul class=\"wp-block-list\">\n<li>Les bureaux&nbsp;<\/li>\n\n\n\n<li>La salle de bain<\/li>\n\n\n\n<li>Les couloirs<\/li>\n\n\n\n<li>Le dressing&nbsp;<\/li>\n\n\n\n<li>La cuisine<\/li>\n\n\n\n<li>Et les espaces ext\u00e9rieurs&nbsp;: jardin, terrasse, balcon, <strong>salon d\u2019ext\u00e9rieur<\/strong>, etc.&nbsp;<\/li>\n<\/ul>\n\n\n\n<p class=\"wp-block-paragraph\">Faites le meilleur choix, \u00e9coutez nos conseils sur : <a href=\"https:\/\/www.echoppe-francaise.fr\/blog\/trouver-votre-luminaire-comment-choisir-le-nombre-de-lumen\/\" target=\"_blank\" rel=\"noreferrer noopener\">Trouver votre luminaire&nbsp;: comment choisir le nombre de lumens&nbsp;?<\/a><\/p>\n\n\n\n<h2 class=\"wp-block-heading\">Comment jouer avec un \u00e9clairage froid dans votre d\u00e9coration&nbsp;?&nbsp;<\/h2>\n\n\n\n<figure class=\"wp-block-image\"><img decoding=\"async\" src=\"https:\/\/lh7-us.googleusercontent.com\/G24IIUZGxASngqQRMf2gEL4AG39bub3ahD9-I_jCndegyS4lPc-4GH3KOhHtcbw5GfKkNkrT-DMlCudV3ydXXJTTya74UUMbXeWNso5kNH7oFuP-zb_jhju2_h5VJ5mmBEFu0O-e8Xtd\" alt=\"Un plafonnier en led avec des ampoules avec des lumi\u00e8res de couleur blanche dans le salon.\"\/><\/figure>\n\n\n\n<p class=\"wp-block-paragraph\">M\u00e9langez l\u2019\u00e9clairage froid avec une lumi\u00e8re plus naturelle. Par exemple, c\u2019est parfait pour <strong>embellir le salon<\/strong>&nbsp;:&nbsp;<\/p>\n\n\n\n<ul class=\"wp-block-list\">\n<li>Utilisez un \u00e9clairage jaune pr\u00e8s du canap\u00e9 et les zones de d\u00e9tentes<\/li>\n\n\n\n<li>Mettez des appliques de couleur neutre sur les murs, pr\u00e8s de la porte et des fen\u00eatres<\/li>\n\n\n\n<li>Choisissez du bleu comme <strong>\u00e9clairage principal<\/strong> pour \u00e9viter les reflets sur les \u00e9crans.<\/li>\n<\/ul>\n\n\n\n<p class=\"wp-block-paragraph\">Idem dans les <strong>chambres<\/strong>&nbsp;:&nbsp;<\/p>\n\n\n\n<ul class=\"wp-block-list\">\n<li>L\u2019\u00e9clairage froid sur le luminaire principal<\/li>\n\n\n\n<li>Ajoutez des lampes de chevet jaunes pr\u00e8s du lit<\/li>\n<\/ul>\n\n\n\n<p class=\"wp-block-paragraph\">Vous avez une petite pi\u00e8ce&nbsp;? Pr\u00e9f\u00e9rez du <strong>blanc neutre<\/strong>. Un \u00e9clairage intense la fera para\u00eetre plus grand. Jouez avec cette illusion d\u2019optique&nbsp;:&nbsp;<\/p>\n\n\n\n<ul class=\"wp-block-list\">\n<li>Mettez <strong>les appliques<\/strong> sur les murs du fond pour donner de la profondeur<\/li>\n\n\n\n<li>Choisissez des luminaires fix\u00e9s au plafond pour faire croire \u00e0 des murs plus haut<\/li>\n<\/ul>\n\n\n\n<p class=\"wp-block-paragraph\">Ce type d\u2019\u00e9clairage pr\u00e9sente aussi des avantages. C\u2019est moderne. Il se marie avec toutes les d\u00e9corations. Il met en valeur n\u2019importe quelle couleur de mur. C\u2019est gage de la coh\u00e9rence de votre am\u00e9nagement d\u2019appartement.&nbsp;<\/p>\n\n\n\n<h2 class=\"wp-block-heading\">Nos solutions d\u2019\u00e9clairage pour une ambiance moderne et styl\u00e9e chez vous&nbsp;<\/h2>\n\n\n\n<figure class=\"wp-block-image\"><img decoding=\"async\" src=\"https:\/\/lh7-us.googleusercontent.com\/-BVqX6DQurHFZT-sd1rQVaR2t3Zz7sO1Xpd7XnZcJ2rEy9EFYGoZ2EflN0HqOgoE80ZFqurGgz9h_3Y1dAp-jaYHB8kKtccRKtkIMmnCPWRIjC7jAeejsUj2CuXdpAabl0u6PphL5IPd\" alt=\"Une suspension de cr\u00e9ateur fran\u00e7ais en bois.\"\/><\/figure>\n\n\n\n<p class=\"wp-block-paragraph\">Adoptez la couleur blanc neutre comme \u00e9clairage principal. Servez-vous-en quand vous recevez du monde. Idem quand vous avez besoin d\u2019un espace de travail agr\u00e9able. <a href=\"https:\/\/www.echoppe-francaise.fr\/lampes-luminaires_64\">Les suspensions ou les luminaires<\/a> de plafonds sont les meilleures solutions. Trouvez votre bonheur sur notre boutique en ligne. L\u2019\u00c9choppe Fran\u00e7aise travaille avec des artisans fran\u00e7ais. On vous propose des mod\u00e8les originaux, <strong>fabriqu\u00e9s 100 % en France<\/strong>.\u00a0<\/p>\n\n\n\n<p class=\"wp-block-paragraph\">Ajoutez aussi des appliques dans votre espace. Ces \u00e9clairages occupent peu le mur. Envie de styliser votre salon ou chambre&nbsp;? L\u2019\u00c9choppe Fran\u00e7aise propose aussi des accessoires <strong>en bois<\/strong>, en forme de fleur. Utilisez une lumi\u00e8re chaude. Elles seront vos alli\u00e9es pour une ambiance cocooning dans la pi\u00e8ce.&nbsp;<\/p>\n\n\n\n<p class=\"wp-block-paragraph\">Suivez la tendance de l\u2019\u00e9clairage d\u2019ambiance. Investissez dans des <strong>lampadaires d\u2019int\u00e9rieur<\/strong>. Branchez-les sur secteur pour \u00e9clairer une zone limit\u00e9e. Les formes en arc sont modernes.&nbsp;<\/p>\n\n\n\n<p class=\"wp-block-paragraph\">Vous souffrez d\u2019un manque d\u2019espace&nbsp;? Les lampes de chevet restent des alli\u00e9es. Posez-les pr\u00e8s du lit ou du canap\u00e9. Vous aurez droit \u00e0 un <strong>\u00e9clairage cibl\u00e9<\/strong>. Mais, optez pour une couleur blanche neutre pour le bureau. Ce sera plus propice \u00e0 la concentration.&nbsp;<\/p>\n\n\n\n<p class=\"wp-block-paragraph\">Envie d&rsquo;un \u00e9clairage d&rsquo;ambiance dans vos pi\u00e8ces ? Suivez nos recommandations : <a href=\"https:\/\/www.echoppe-francaise.fr\/blog\/combien-de-lumens-pour-un-eclairage-chaud\/\" target=\"_blank\" rel=\"noreferrer noopener\">Combien de lumens pour un \u00e9clairage chaud&nbsp;?<\/a><\/p>\n","protected":false},"excerpt":{"rendered":"<p>L\u2019\u00e9clairage \u00e0 froid est parfait pour avoir de la concentration. On l\u2019utilise dans les bureaux et les espaces pros. Mais, il s\u2019invite aussi dans l\u2019am\u00e9nagement des espaces priv\u00e9s. Il se m\u00e9lange avec un \u00e9clairage blanc chaud. Vous obtiendrez ainsi une d\u00e9co moderne, tendance et pratique. Encore faut-il faire le bon choix et en faire bon&hellip;&nbsp;<\/p>\n","protected":false},"author":6,"featured_media":0,"parent":1544,"menu_order":0,"comment_status":"closed","ping_status":"closed","template":"","meta":{"_crdt_document":"","neve_meta_sidebar":"","neve_meta_container":"","neve_meta_enable_content_width":"","neve_meta_content_width":0,"neve_meta_title_alignment":"","neve_meta_author_avatar":"","neve_post_elements_order":"","neve_meta_disable_header":"","neve_meta_disable_footer":"","neve_meta_disable_title":"","footnotes":""},"class_list":["post-1568","page","type-page","status-publish","hentry"],"yoast_head":"<!-- This site is optimized with the Yoast SEO plugin v27.5 - https:\/\/yoast.com\/product\/yoast-seo-wordpress\/ -->\n<title>Quel Lumen pour avoir un \u00e9clairage froid dans votre maison ?<\/title>\n<meta name=\"description\" content=\"Choisissez le bon luminaire et le bon nombre de lumens pour un \u00e9clairage froid r\u00e9ussi dans les pi\u00e8ces de votre maison.\" \/>\n<meta name=\"robots\" content=\"index, follow, max-snippet:-1, max-image-preview:large, max-video-preview:-1\" \/>\n<link rel=\"canonical\" href=\"https:\/\/www.echoppe-francaise.fr\/blog\/combien-de-lumens-pour-un-eclairage-froid\/\" \/>\n<meta property=\"og:locale\" content=\"fr_FR\" \/>\n<meta property=\"og:type\" content=\"article\" \/>\n<meta property=\"og:title\" content=\"Quel Lumen pour avoir un \u00e9clairage froid dans votre maison ?\" \/>\n<meta property=\"og:description\" content=\"Choisissez le bon luminaire et le bon nombre de lumens pour un \u00e9clairage froid r\u00e9ussi dans les pi\u00e8ces de votre maison.\" \/>\n<meta property=\"og:url\" content=\"https:\/\/www.echoppe-francaise.fr\/blog\/combien-de-lumens-pour-un-eclairage-froid\/\" \/>\n<meta property=\"og:site_name\" content=\"\u00c9choppe Fran\u00e7aise, le Blog\" \/>\n<meta property=\"article:modified_time\" content=\"2025-06-04T14:20:30+00:00\" \/>\n<meta property=\"og:image\" content=\"https:\/\/lh7-us.googleusercontent.com\/Rt3pb-tqnivjdehah-Xi3GY72y-S6oFLHLH_3SPNFurwNOmxvKUiHoScjsfE83lkI-kOe3x9zqijMtEHjbnZhGDhDZrKncV5J0wBDcRkDppu1JDZjtWROGt1-Ezsqy-oK4dgVJdKx1oY\" \/>\n<meta name=\"twitter:card\" content=\"summary_large_image\" \/>\n<meta name=\"twitter:label1\" content=\"Dur\u00e9e de lecture estim\u00e9e\" \/>\n\t<meta name=\"twitter:data1\" content=\"4 minutes\" \/>\n<script type=\"application\/ld+json\" class=\"yoast-schema-graph\">{\"@context\":\"https:\\\/\\\/schema.org\",\"@graph\":[{\"@type\":\"WebPage\",\"@id\":\"https:\\\/\\\/www.echoppe-francaise.fr\\\/blog\\\/combien-de-lumens-pour-un-eclairage-froid\\\/\",\"url\":\"https:\\\/\\\/www.echoppe-francaise.fr\\\/blog\\\/combien-de-lumens-pour-un-eclairage-froid\\\/\",\"name\":\"Quel Lumen pour avoir un \u00e9clairage froid dans votre maison ?\",\"isPartOf\":{\"@id\":\"https:\\\/\\\/www.echoppe-francaise.fr\\\/blog\\\/#website\"},\"primaryImageOfPage\":{\"@id\":\"https:\\\/\\\/www.echoppe-francaise.fr\\\/blog\\\/combien-de-lumens-pour-un-eclairage-froid\\\/#primaryimage\"},\"image\":{\"@id\":\"https:\\\/\\\/www.echoppe-francaise.fr\\\/blog\\\/combien-de-lumens-pour-un-eclairage-froid\\\/#primaryimage\"},\"thumbnailUrl\":\"https:\\\/\\\/lh7-us.googleusercontent.com\\\/Rt3pb-tqnivjdehah-Xi3GY72y-S6oFLHLH_3SPNFurwNOmxvKUiHoScjsfE83lkI-kOe3x9zqijMtEHjbnZhGDhDZrKncV5J0wBDcRkDppu1JDZjtWROGt1-Ezsqy-oK4dgVJdKx1oY\",\"datePublished\":\"2023-12-05T11:45:16+00:00\",\"dateModified\":\"2025-06-04T14:20:30+00:00\",\"description\":\"Choisissez le bon luminaire et le bon nombre de lumens pour un \u00e9clairage froid r\u00e9ussi dans les pi\u00e8ces de votre maison.\",\"breadcrumb\":{\"@id\":\"https:\\\/\\\/www.echoppe-francaise.fr\\\/blog\\\/combien-de-lumens-pour-un-eclairage-froid\\\/#breadcrumb\"},\"inLanguage\":\"fr-FR\",\"potentialAction\":[{\"@type\":\"ReadAction\",\"target\":[\"https:\\\/\\\/www.echoppe-francaise.fr\\\/blog\\\/combien-de-lumens-pour-un-eclairage-froid\\\/\"]}]},{\"@type\":\"ImageObject\",\"inLanguage\":\"fr-FR\",\"@id\":\"https:\\\/\\\/www.echoppe-francaise.fr\\\/blog\\\/combien-de-lumens-pour-un-eclairage-froid\\\/#primaryimage\",\"url\":\"https:\\\/\\\/lh7-us.googleusercontent.com\\\/Rt3pb-tqnivjdehah-Xi3GY72y-S6oFLHLH_3SPNFurwNOmxvKUiHoScjsfE83lkI-kOe3x9zqijMtEHjbnZhGDhDZrKncV5J0wBDcRkDppu1JDZjtWROGt1-Ezsqy-oK4dgVJdKx1oY\",\"contentUrl\":\"https:\\\/\\\/lh7-us.googleusercontent.com\\\/Rt3pb-tqnivjdehah-Xi3GY72y-S6oFLHLH_3SPNFurwNOmxvKUiHoScjsfE83lkI-kOe3x9zqijMtEHjbnZhGDhDZrKncV5J0wBDcRkDppu1JDZjtWROGt1-Ezsqy-oK4dgVJdKx1oY\"},{\"@type\":\"BreadcrumbList\",\"@id\":\"https:\\\/\\\/www.echoppe-francaise.fr\\\/blog\\\/combien-de-lumens-pour-un-eclairage-froid\\\/#breadcrumb\",\"itemListElement\":[{\"@type\":\"ListItem\",\"position\":1,\"name\":\"Accueil\",\"item\":\"https:\\\/\\\/www.echoppe-francaise.fr\\\/blog\\\/\"},{\"@type\":\"ListItem\",\"position\":2,\"name\":\"Comment choisir le bon luminaire pour votre int\u00e9rieur ?\",\"item\":\"https:\\\/\\\/www.echoppe-francaise.fr\\\/blog\\\/comment-choisir-le-bon-luminaire\\\/\"},{\"@type\":\"ListItem\",\"position\":3,\"name\":\"Comment choisir le nombre de lumens\u00a0?\",\"item\":\"https:\\\/\\\/www.echoppe-francaise.fr\\\/blog\\\/trouver-votre-luminaire-comment-choisir-le-nombre-de-lumen\\\/\"},{\"@type\":\"ListItem\",\"position\":4,\"name\":\"Combien de lumens pour un \u00e9clairage froid\u00a0?\"}]},{\"@type\":\"WebSite\",\"@id\":\"https:\\\/\\\/www.echoppe-francaise.fr\\\/blog\\\/#website\",\"url\":\"https:\\\/\\\/www.echoppe-francaise.fr\\\/blog\\\/\",\"name\":\"\u00c9choppe Fran\u00e7aise, le Blog\",\"description\":\"Le blog des Cr\u00e9atrices et Cr\u00e9ateurs fran\u00e7ais\",\"publisher\":{\"@id\":\"https:\\\/\\\/www.echoppe-francaise.fr\\\/blog\\\/#organization\"},\"potentialAction\":[{\"@type\":\"SearchAction\",\"target\":{\"@type\":\"EntryPoint\",\"urlTemplate\":\"https:\\\/\\\/www.echoppe-francaise.fr\\\/blog\\\/?s={search_term_string}\"},\"query-input\":{\"@type\":\"PropertyValueSpecification\",\"valueRequired\":true,\"valueName\":\"search_term_string\"}}],\"inLanguage\":\"fr-FR\"},{\"@type\":\"Organization\",\"@id\":\"https:\\\/\\\/www.echoppe-francaise.fr\\\/blog\\\/#organization\",\"name\":\"L'\u00e9choppe Fran\u00e7aise\",\"url\":\"https:\\\/\\\/www.echoppe-francaise.fr\\\/blog\\\/\",\"logo\":{\"@type\":\"ImageObject\",\"inLanguage\":\"fr-FR\",\"@id\":\"https:\\\/\\\/www.echoppe-francaise.fr\\\/blog\\\/#\\\/schema\\\/logo\\\/image\\\/\",\"url\":\"https:\\\/\\\/www.echoppe-francaise.fr\\\/blog\\\/wp-content\\\/uploads\\\/2017\\\/04\\\/echoppe-francaise-logo-1489412704.png\",\"contentUrl\":\"https:\\\/\\\/www.echoppe-francaise.fr\\\/blog\\\/wp-content\\\/uploads\\\/2017\\\/04\\\/echoppe-francaise-logo-1489412704.png\",\"width\":492,\"height\":270,\"caption\":\"L'\u00e9choppe Fran\u00e7aise\"},\"image\":{\"@id\":\"https:\\\/\\\/www.echoppe-francaise.fr\\\/blog\\\/#\\\/schema\\\/logo\\\/image\\\/\"}}]}<\/script>\n<!-- \/ Yoast SEO plugin. -->","yoast_head_json":{"title":"Quel Lumen pour avoir un \u00e9clairage froid dans votre maison ?","description":"Choisissez le bon luminaire et le bon nombre de lumens pour un \u00e9clairage froid r\u00e9ussi dans les pi\u00e8ces de votre maison.","robots":{"index":"index","follow":"follow","max-snippet":"max-snippet:-1","max-image-preview":"max-image-preview:large","max-video-preview":"max-video-preview:-1"},"canonical":"https:\/\/www.echoppe-francaise.fr\/blog\/combien-de-lumens-pour-un-eclairage-froid\/","og_locale":"fr_FR","og_type":"article","og_title":"Quel Lumen pour avoir un \u00e9clairage froid dans votre maison ?","og_description":"Choisissez le bon luminaire et le bon nombre de lumens pour un \u00e9clairage froid r\u00e9ussi dans les pi\u00e8ces de votre maison.","og_url":"https:\/\/www.echoppe-francaise.fr\/blog\/combien-de-lumens-pour-un-eclairage-froid\/","og_site_name":"\u00c9choppe Fran\u00e7aise, le Blog","article_modified_time":"2025-06-04T14:20:30+00:00","og_image":[{"url":"https:\/\/lh7-us.googleusercontent.com\/Rt3pb-tqnivjdehah-Xi3GY72y-S6oFLHLH_3SPNFurwNOmxvKUiHoScjsfE83lkI-kOe3x9zqijMtEHjbnZhGDhDZrKncV5J0wBDcRkDppu1JDZjtWROGt1-Ezsqy-oK4dgVJdKx1oY","type":"","width":"","height":""}],"twitter_card":"summary_large_image","twitter_misc":{"Dur\u00e9e de lecture estim\u00e9e":"4 minutes"},"schema":{"@context":"https:\/\/schema.org","@graph":[{"@type":"WebPage","@id":"https:\/\/www.echoppe-francaise.fr\/blog\/combien-de-lumens-pour-un-eclairage-froid\/","url":"https:\/\/www.echoppe-francaise.fr\/blog\/combien-de-lumens-pour-un-eclairage-froid\/","name":"Quel Lumen pour avoir un \u00e9clairage froid dans votre maison ?","isPartOf":{"@id":"https:\/\/www.echoppe-francaise.fr\/blog\/#website"},"primaryImageOfPage":{"@id":"https:\/\/www.echoppe-francaise.fr\/blog\/combien-de-lumens-pour-un-eclairage-froid\/#primaryimage"},"image":{"@id":"https:\/\/www.echoppe-francaise.fr\/blog\/combien-de-lumens-pour-un-eclairage-froid\/#primaryimage"},"thumbnailUrl":"https:\/\/lh7-us.googleusercontent.com\/Rt3pb-tqnivjdehah-Xi3GY72y-S6oFLHLH_3SPNFurwNOmxvKUiHoScjsfE83lkI-kOe3x9zqijMtEHjbnZhGDhDZrKncV5J0wBDcRkDppu1JDZjtWROGt1-Ezsqy-oK4dgVJdKx1oY","datePublished":"2023-12-05T11:45:16+00:00","dateModified":"2025-06-04T14:20:30+00:00","description":"Choisissez le bon luminaire et le bon nombre de lumens pour un \u00e9clairage froid r\u00e9ussi dans les pi\u00e8ces de votre maison.","breadcrumb":{"@id":"https:\/\/www.echoppe-francaise.fr\/blog\/combien-de-lumens-pour-un-eclairage-froid\/#breadcrumb"},"inLanguage":"fr-FR","potentialAction":[{"@type":"ReadAction","target":["https:\/\/www.echoppe-francaise.fr\/blog\/combien-de-lumens-pour-un-eclairage-froid\/"]}]},{"@type":"ImageObject","inLanguage":"fr-FR","@id":"https:\/\/www.echoppe-francaise.fr\/blog\/combien-de-lumens-pour-un-eclairage-froid\/#primaryimage","url":"https:\/\/lh7-us.googleusercontent.com\/Rt3pb-tqnivjdehah-Xi3GY72y-S6oFLHLH_3SPNFurwNOmxvKUiHoScjsfE83lkI-kOe3x9zqijMtEHjbnZhGDhDZrKncV5J0wBDcRkDppu1JDZjtWROGt1-Ezsqy-oK4dgVJdKx1oY","contentUrl":"https:\/\/lh7-us.googleusercontent.com\/Rt3pb-tqnivjdehah-Xi3GY72y-S6oFLHLH_3SPNFurwNOmxvKUiHoScjsfE83lkI-kOe3x9zqijMtEHjbnZhGDhDZrKncV5J0wBDcRkDppu1JDZjtWROGt1-Ezsqy-oK4dgVJdKx1oY"},{"@type":"BreadcrumbList","@id":"https:\/\/www.echoppe-francaise.fr\/blog\/combien-de-lumens-pour-un-eclairage-froid\/#breadcrumb","itemListElement":[{"@type":"ListItem","position":1,"name":"Accueil","item":"https:\/\/www.echoppe-francaise.fr\/blog\/"},{"@type":"ListItem","position":2,"name":"Comment choisir le bon luminaire pour votre int\u00e9rieur ?","item":"https:\/\/www.echoppe-francaise.fr\/blog\/comment-choisir-le-bon-luminaire\/"},{"@type":"ListItem","position":3,"name":"Comment choisir le nombre de lumens\u00a0?","item":"https:\/\/www.echoppe-francaise.fr\/blog\/trouver-votre-luminaire-comment-choisir-le-nombre-de-lumen\/"},{"@type":"ListItem","position":4,"name":"Combien de lumens pour un \u00e9clairage froid\u00a0?"}]},{"@type":"WebSite","@id":"https:\/\/www.echoppe-francaise.fr\/blog\/#website","url":"https:\/\/www.echoppe-francaise.fr\/blog\/","name":"\u00c9choppe Fran\u00e7aise, le Blog","description":"Le blog des Cr\u00e9atrices et Cr\u00e9ateurs fran\u00e7ais","publisher":{"@id":"https:\/\/www.echoppe-francaise.fr\/blog\/#organization"},"potentialAction":[{"@type":"SearchAction","target":{"@type":"EntryPoint","urlTemplate":"https:\/\/www.echoppe-francaise.fr\/blog\/?s={search_term_string}"},"query-input":{"@type":"PropertyValueSpecification","valueRequired":true,"valueName":"search_term_string"}}],"inLanguage":"fr-FR"},{"@type":"Organization","@id":"https:\/\/www.echoppe-francaise.fr\/blog\/#organization","name":"L'\u00e9choppe Fran\u00e7aise","url":"https:\/\/www.echoppe-francaise.fr\/blog\/","logo":{"@type":"ImageObject","inLanguage":"fr-FR","@id":"https:\/\/www.echoppe-francaise.fr\/blog\/#\/schema\/logo\/image\/","url":"https:\/\/www.echoppe-francaise.fr\/blog\/wp-content\/uploads\/2017\/04\/echoppe-francaise-logo-1489412704.png","contentUrl":"https:\/\/www.echoppe-francaise.fr\/blog\/wp-content\/uploads\/2017\/04\/echoppe-francaise-logo-1489412704.png","width":492,"height":270,"caption":"L'\u00e9choppe Fran\u00e7aise"},"image":{"@id":"https:\/\/www.echoppe-francaise.fr\/blog\/#\/schema\/logo\/image\/"}}]}},"_links":{"self":[{"href":"https:\/\/www.echoppe-francaise.fr\/blog\/wp-json\/wp\/v2\/pages\/1568","targetHints":{"allow":["GET"]}}],"collection":[{"href":"https:\/\/www.echoppe-francaise.fr\/blog\/wp-json\/wp\/v2\/pages"}],"about":[{"href":"https:\/\/www.echoppe-francaise.fr\/blog\/wp-json\/wp\/v2\/types\/page"}],"author":[{"embeddable":true,"href":"https:\/\/www.echoppe-francaise.fr\/blog\/wp-json\/wp\/v2\/users\/6"}],"replies":[{"embeddable":true,"href":"https:\/\/www.echoppe-francaise.fr\/blog\/wp-json\/wp\/v2\/comments?post=1568"}],"version-history":[{"count":7,"href":"https:\/\/www.echoppe-francaise.fr\/blog\/wp-json\/wp\/v2\/pages\/1568\/revisions"}],"predecessor-version":[{"id":2203,"href":"https:\/\/www.echoppe-francaise.fr\/blog\/wp-json\/wp\/v2\/pages\/1568\/revisions\/2203"}],"up":[{"embeddable":true,"href":"https:\/\/www.echoppe-francaise.fr\/blog\/wp-json\/wp\/v2\/pages\/1544"}],"wp:attachment":[{"href":"https:\/\/www.echoppe-francaise.fr\/blog\/wp-json\/wp\/v2\/media?parent=1568"}],"curies":[{"name":"wp","href":"https:\/\/api.w.org\/{rel}","templated":true}]}}