{"id":1566,"date":"2023-12-05T12:45:13","date_gmt":"2023-12-05T11:45:13","guid":{"rendered":"https:\/\/www.echoppe-francaise.fr\/blog\/?page_id=1566"},"modified":"2023-12-06T17:42:16","modified_gmt":"2023-12-06T16:42:16","slug":"combien-de-lumens-pour-un-eclairage-chaud-2","status":"publish","type":"page","link":"https:\/\/www.echoppe-francaise.fr\/blog\/combien-de-lumens-pour-un-eclairage-chaud\/","title":{"rendered":"Combien de lumens pour un \u00e9clairage chaud\u00a0?"},"content":{"rendered":"\n<figure class=\"wp-block-image\"><img decoding=\"async\" src=\"https:\/\/lh7-us.googleusercontent.com\/zQXzriauQfkziNhi3kQt4bVRYUpo5a85_Fj4vuhbc5uca5iqCV9NRGQKFdl26i7MI-JVen8wzIlliZpNG6YBfN0fgFp8n6E7JdnE9-g-vK5-zZgRGbIPEfr2cOPDnW94wJePcJGl_c6r\" alt=\"Un salon avec un \u00e9clairage d'ambiance avec des bougies et un lampadaire et des guirlandes led. \"\/><\/figure>\n\n\n\n<p class=\"wp-block-paragraph\">Vous cherchez une <strong>ambiance conviviale <\/strong>dans votre pi\u00e8ce&nbsp;? Misez sur un \u00e9clairage chaud. Les luminaires, les lampadaires ou les lampes de cheveux peuvent vous aider. Il suffit de bien choisir la couleur et l\u2019intensit\u00e9. Suivez le guide.&nbsp;<\/p>\n\n\n\n<h2 class=\"wp-block-heading\">Quelle couleur pour un \u00e9clairage chaud&nbsp;?&nbsp;<\/h2>\n\n\n\n<figure class=\"wp-block-image\"><img decoding=\"async\" src=\"https:\/\/lh7-us.googleusercontent.com\/XbDgt_FCN1B7nw-rEGt8-hvIDunD352YI5Un8pwEyeXz46Y5-Liw5eargIbb7XMUiAP2ucQeD6UwljwBruZ9MP7zhXCprKIdtOx31d9og8e0RqGGC5nlHvuY1RavVoUR6zkluP8c6itc\" alt=\"Un luminaire en forme de globe et une applique de couleur jaune dans un salon tendance.\"\/><\/figure>\n\n\n\n<p class=\"wp-block-paragraph\">Un \u00e9clairage chaud vire un peu vers le jaune. Il imite presque la <strong>couleur du soleil<\/strong>. C\u2019est l\u2019\u00e9clairage recommand\u00e9 dans la pi\u00e8ce \u00e0 vivre. Idem pour les zones de d\u00e9tente. On peut citer&nbsp;: la chambre, le salon, les halls d\u2019entr\u00e9e, etc. Ce genre d\u2019\u00e9clairage s\u2019invite aussi dans les restaurants et les bars. C\u2019est gage d\u2019une convivialit\u00e9 optimale.&nbsp;<\/p>\n\n\n\n<p class=\"wp-block-paragraph\">Un <strong>\u00e9clairage chaud<\/strong> ajoute aussi de l\u2019\u00e9l\u00e9gance \u00e0 l\u2019am\u00e9nagement. Il s\u2019adaptera \u00e0 une d\u00e9coration neutre. Adoptez-le, peu importe la couleur des murs. Tel est le cas en \u00e9clairage central ou avec des appliques sur les murs.&nbsp;<\/p>\n\n\n\n<p class=\"wp-block-paragraph\">Plus de d\u00e9tails dans votre article : <a href=\"https:\/\/www.echoppe-francaise.fr\/blog\/trouver-votre-luminaire-comment-choisir-le-nombre-de-lumen\/\" target=\"_blank\" rel=\"noreferrer noopener\">Trouver votre luminaire\u00a0: comment choisir le nombre de lumens\u00a0?<\/a><\/p>\n\n\n\n<h2 class=\"wp-block-heading\">La puissance d\u2019un LED pour un \u00e9clairage chaud<\/h2>\n\n\n\n<figure class=\"wp-block-image\"><img decoding=\"async\" src=\"https:\/\/lh7-us.googleusercontent.com\/F5cEV7RGNcsGd-9u83_paA1weP5fyAFbZZNRzcKISMH31hACd49KW4oUDGkb4vAedMdtxn-24_Qn6Yqn8QQdppMr4uin-gmMpUJmULs7JriqXDh6VhmQY8WmSBY4cEwptzA9iBjiEHv7\" alt=\"Un salon \u00e9clair\u00e9 par un lampadaire led et un luminaire de couleur jaune. \"\/><\/figure>\n\n\n\n<p class=\"wp-block-paragraph\">Un \u00e9clairage blanc chaud a une puissance de <strong>2 000 \u00e0 3 500 k<\/strong>. Tout d\u00e9pend toujours de la superficie \u00e0 \u00e9clairer.&nbsp; Pour 1 m\u00b2, vous aurez besoin de 1.5 w Led. Imaginez la m\u00eame lueur qu\u2019une bougie. C\u2019est parfait pour une ambiance romantique dans votre pi\u00e8ce.&nbsp;<\/p>\n\n\n\n<p class=\"wp-block-paragraph\">Optez pour un \u00e9clairage plus intense si vous avez une <strong>belle hauteur sous plafond<\/strong>. Il en va de la fonctionnalit\u00e9 de votre espace. Avec 2 000 k, l\u2019\u00e9clairage ne d\u00e9passera pas 1 m autour de la source.&nbsp;<\/p>\n\n\n\n<h2 class=\"wp-block-heading\">Bien g\u00e9rer le nombre de lumens dans vos LED pour un \u00e9clairage chaud&nbsp;<\/h2>\n\n\n\n<figure class=\"wp-block-image\"><img decoding=\"async\" src=\"https:\/\/lh7-us.googleusercontent.com\/LmHs_A3VmyXwF766G6lMp2bFWfXohMfC6Uf-z5pVCuJJhtTrEKilIcNZG2XbFnjWJJ1Z8wSBs5tovx8x9BRvN5AZ5ytlUhLjmXkwA4owh54yBIJ2ZYBTW1JS8gYS3OntporpQKM6mP2x\" alt=\"Un salon \u00e9clair\u00e9 par une suspension led et un lampadaire d'une lumi\u00e8re jaune.\"\/><\/figure>\n\n\n\n<p class=\"wp-block-paragraph\">Le nombre de lumens varie en fonction de la taille de la pi\u00e8ce. En moyenne, ce sera de <strong>1 500 \u00e0 3 000 lumens<\/strong>. Vous pouvez aller jusqu\u2019\u00e0 5 000 lumens dans un salon de plus de 20 m\u00b2.&nbsp; Mais, attention \u00e0 ne pas d\u00e9passer 6 500 Lumens. Sinon, vous aurez un \u00e9clairage trop blanc.&nbsp;<\/p>\n\n\n\n<p class=\"wp-block-paragraph\">&nbsp;Voici la r\u00e8gle&nbsp;: <strong>100 \u00e0 200 lumens par m2<\/strong>. Inutile de trop en faire dans un petit espace. Vous aurez une ambiance cocooning agr\u00e9able. C\u2019est tendance surtout dans le salon.&nbsp;<\/p>\n\n\n\n<h2 class=\"wp-block-heading\">Quel genre d\u2019\u00e9clairage utilis\u00e9 pour une ambiance conviviale dans vos pi\u00e8ces&nbsp;?&nbsp;<\/h2>\n\n\n\n<figure class=\"wp-block-image\"><img decoding=\"async\" src=\"https:\/\/lh7-us.googleusercontent.com\/wB7acXN5pm0ykaD1Pqtrw7GMhLpxxRsaf7xOg1tahwEmDZ6iq2_4NUHg4tIGG2QfrZkcTbQXqGOFOknzg61oxkXdhZYkhjlZ3U0SULBZkbZdDNS6E2573DmLiIXmlr6vrzpYWK76wY8j\" alt=\"Une suspension en bois en forme de fleur.\"\/><\/figure>\n\n\n\n<p class=\"wp-block-paragraph\">Sur l\u2019\u00c9choppe Fran\u00e7aise, on vous conseille les luminaires. Les suspensions sont toujours aussi chics. Nos cr\u00e9ateurs vous proposent des <strong>mod\u00e8les en bois avec des formes de fleurs<\/strong>. C\u2019est aussi parfait pour embellir votre espace. C\u2019est id\u00e9al pour un \u00e9clairage principal.&nbsp;<\/p>\n\n\n\n<p class=\"wp-block-paragraph\">Mais, l\u2019\u00e9clairage d\u2019ambiance se joue aussi avec diff\u00e9rentes sources de lumi\u00e8re. Par exemple, les <strong>appliques <\/strong>valorisent le mur. Et, ils ajoutent de la convivialit\u00e9. Sur notre boutique en ligne, vous avez des mod\u00e8les en bois. De quoi habiller, par la m\u00eame occasion, vos murs.&nbsp;<\/p>\n\n\n\n<p class=\"wp-block-paragraph\">Les <strong>spots<\/strong> sont recommand\u00e9s pour une d\u00e9co tendance. Ils se glissent directement dans le faux plafond. Choisissez des accessoires avec les ampoules inclinables. \u00c9clairez ainsi les zones strat\u00e9giques de votre salon. Par exemple&nbsp;: les couloirs de circulation, le canap\u00e9, etc.&nbsp;&nbsp;<\/p>\n\n\n\n<h2 class=\"wp-block-heading\">Nos conseils pour un bon usage de l\u2019\u00e9clairage chaud dans votre d\u00e9co<\/h2>\n\n\n\n<figure class=\"wp-block-image\"><img decoding=\"async\" src=\"https:\/\/lh7-us.googleusercontent.com\/_klnMTiXjTj2nADfJ0IiBwJjo4rkonhniFLqwesXqoDKeunQxg0uyBy7L9G-_7RMWjqtqp6Mlu8sABSlKPm-e_vVIIvjSxkv279Zmlguyzew_9Hg5agPqv4Xb_JQTwR986HsLeHecrXY\" alt=\"Un salon d\u00e9cor\u00e9 avec chic et un luminaire design au plafond.\"\/><\/figure>\n\n\n\n<p class=\"wp-block-paragraph\">L\u2019\u00e9clairage blanc chaud est parfait pour une <strong>ambiance cocooning<\/strong>. Mais, il n\u2019est pas toujours suffisant pour la fonctionnalit\u00e9 de votre espace. Donc, m\u00e9langez les sources de lumi\u00e8re. Ajoutez des \u00e9clairages blanc neutre. Vous apporterez de la modernit\u00e9.&nbsp;<\/p>\n\n\n\n<p class=\"wp-block-paragraph\">L\u2019\u00e9clairage chaud ne s\u2019utilise pas dans toutes les pi\u00e8ces de votre maison ou appartement. Mettez-le \u00e0 profit dans le salon, la chambre ou les coins cocooning. Un \u00e9clairage principal n\u2019est pas toujours la meilleure solution. C\u2019est surtout le cas si vous avez un petit espace. \u00c9vitez de surcharger la d\u00e9co avec une <strong>suspension<\/strong> si le plafond est bas. Sur notre plateforme, trouvez aussi des lampes de chevet en bois ou des appliques.<\/p>\n\n\n\n<p class=\"wp-block-paragraph\">Envie d&rsquo;une pi\u00e8ce fonctionnelle, d\u00e9couvrez d&rsquo;autres conseils sur : <a href=\"https:\/\/www.echoppe-francaise.fr\/blog\/combien-de-lumens-pour-un-eclairage-froid\/\" target=\"_blank\" rel=\"noreferrer noopener\">Combien de lumens pour un \u00e9clairage froid&nbsp;?<\/a>&nbsp;<\/p>\n","protected":false},"excerpt":{"rendered":"<p>Vous cherchez une ambiance conviviale dans votre pi\u00e8ce&nbsp;? Misez sur un \u00e9clairage chaud. Les luminaires, les lampadaires ou les lampes de cheveux peuvent vous aider. Il suffit de bien choisir la couleur et l\u2019intensit\u00e9. Suivez le guide.&nbsp; Quelle couleur pour un \u00e9clairage chaud&nbsp;?&nbsp; Un \u00e9clairage chaud vire un peu vers le jaune. Il imite presque&hellip;&nbsp;<\/p>\n","protected":false},"author":6,"featured_media":0,"parent":1544,"menu_order":0,"comment_status":"closed","ping_status":"closed","template":"","meta":{"_crdt_document":"","neve_meta_sidebar":"","neve_meta_container":"","neve_meta_enable_content_width":"","neve_meta_content_width":0,"neve_meta_title_alignment":"","neve_meta_author_avatar":"","neve_post_elements_order":"","neve_meta_disable_header":"","neve_meta_disable_footer":"","neve_meta_disable_title":"","footnotes":""},"class_list":["post-1566","page","type-page","status-publish","hentry"],"yoast_head":"<!-- This site is optimized with the Yoast SEO plugin v27.5 - https:\/\/yoast.com\/product\/yoast-seo-wordpress\/ -->\n<title>Quel nombre de Lumens choisir pour un \u00e9clairage chaud ?<\/title>\n<meta name=\"description\" content=\"D\u00e9couvrez comment compter le nombre de lumens pour un \u00e9clairage chaud et convivial dans vos pi\u00e8ces \u00e0 vivre.\" \/>\n<meta name=\"robots\" content=\"index, follow, max-snippet:-1, max-image-preview:large, max-video-preview:-1\" \/>\n<link rel=\"canonical\" href=\"https:\/\/www.echoppe-francaise.fr\/blog\/combien-de-lumens-pour-un-eclairage-chaud\/\" \/>\n<meta property=\"og:locale\" content=\"fr_FR\" \/>\n<meta property=\"og:type\" content=\"article\" \/>\n<meta property=\"og:title\" content=\"Quel nombre de Lumens choisir pour un \u00e9clairage chaud ?\" \/>\n<meta property=\"og:description\" content=\"D\u00e9couvrez comment compter le nombre de lumens pour un \u00e9clairage chaud et convivial dans vos pi\u00e8ces \u00e0 vivre.\" \/>\n<meta property=\"og:url\" content=\"https:\/\/www.echoppe-francaise.fr\/blog\/combien-de-lumens-pour-un-eclairage-chaud\/\" \/>\n<meta property=\"og:site_name\" content=\"\u00c9choppe Fran\u00e7aise, le Blog\" \/>\n<meta property=\"article:modified_time\" content=\"2023-12-06T16:42:16+00:00\" \/>\n<meta property=\"og:image\" content=\"https:\/\/lh7-us.googleusercontent.com\/zQXzriauQfkziNhi3kQt4bVRYUpo5a85_Fj4vuhbc5uca5iqCV9NRGQKFdl26i7MI-JVen8wzIlliZpNG6YBfN0fgFp8n6E7JdnE9-g-vK5-zZgRGbIPEfr2cOPDnW94wJePcJGl_c6r\" \/>\n<meta name=\"twitter:card\" content=\"summary_large_image\" \/>\n<meta name=\"twitter:label1\" content=\"Dur\u00e9e de lecture estim\u00e9e\" \/>\n\t<meta name=\"twitter:data1\" content=\"5 minutes\" \/>\n<script type=\"application\/ld+json\" class=\"yoast-schema-graph\">{\"@context\":\"https:\\\/\\\/schema.org\",\"@graph\":[{\"@type\":\"WebPage\",\"@id\":\"https:\\\/\\\/www.echoppe-francaise.fr\\\/blog\\\/combien-de-lumens-pour-un-eclairage-chaud\\\/\",\"url\":\"https:\\\/\\\/www.echoppe-francaise.fr\\\/blog\\\/combien-de-lumens-pour-un-eclairage-chaud\\\/\",\"name\":\"Quel nombre de Lumens choisir pour un \u00e9clairage chaud ?\",\"isPartOf\":{\"@id\":\"https:\\\/\\\/www.echoppe-francaise.fr\\\/blog\\\/#website\"},\"primaryImageOfPage\":{\"@id\":\"https:\\\/\\\/www.echoppe-francaise.fr\\\/blog\\\/combien-de-lumens-pour-un-eclairage-chaud\\\/#primaryimage\"},\"image\":{\"@id\":\"https:\\\/\\\/www.echoppe-francaise.fr\\\/blog\\\/combien-de-lumens-pour-un-eclairage-chaud\\\/#primaryimage\"},\"thumbnailUrl\":\"https:\\\/\\\/lh7-us.googleusercontent.com\\\/zQXzriauQfkziNhi3kQt4bVRYUpo5a85_Fj4vuhbc5uca5iqCV9NRGQKFdl26i7MI-JVen8wzIlliZpNG6YBfN0fgFp8n6E7JdnE9-g-vK5-zZgRGbIPEfr2cOPDnW94wJePcJGl_c6r\",\"datePublished\":\"2023-12-05T11:45:13+00:00\",\"dateModified\":\"2023-12-06T16:42:16+00:00\",\"description\":\"D\u00e9couvrez comment compter le nombre de lumens pour un \u00e9clairage chaud et convivial dans vos pi\u00e8ces \u00e0 vivre.\",\"breadcrumb\":{\"@id\":\"https:\\\/\\\/www.echoppe-francaise.fr\\\/blog\\\/combien-de-lumens-pour-un-eclairage-chaud\\\/#breadcrumb\"},\"inLanguage\":\"fr-FR\",\"potentialAction\":[{\"@type\":\"ReadAction\",\"target\":[\"https:\\\/\\\/www.echoppe-francaise.fr\\\/blog\\\/combien-de-lumens-pour-un-eclairage-chaud\\\/\"]}]},{\"@type\":\"ImageObject\",\"inLanguage\":\"fr-FR\",\"@id\":\"https:\\\/\\\/www.echoppe-francaise.fr\\\/blog\\\/combien-de-lumens-pour-un-eclairage-chaud\\\/#primaryimage\",\"url\":\"https:\\\/\\\/lh7-us.googleusercontent.com\\\/zQXzriauQfkziNhi3kQt4bVRYUpo5a85_Fj4vuhbc5uca5iqCV9NRGQKFdl26i7MI-JVen8wzIlliZpNG6YBfN0fgFp8n6E7JdnE9-g-vK5-zZgRGbIPEfr2cOPDnW94wJePcJGl_c6r\",\"contentUrl\":\"https:\\\/\\\/lh7-us.googleusercontent.com\\\/zQXzriauQfkziNhi3kQt4bVRYUpo5a85_Fj4vuhbc5uca5iqCV9NRGQKFdl26i7MI-JVen8wzIlliZpNG6YBfN0fgFp8n6E7JdnE9-g-vK5-zZgRGbIPEfr2cOPDnW94wJePcJGl_c6r\"},{\"@type\":\"BreadcrumbList\",\"@id\":\"https:\\\/\\\/www.echoppe-francaise.fr\\\/blog\\\/combien-de-lumens-pour-un-eclairage-chaud\\\/#breadcrumb\",\"itemListElement\":[{\"@type\":\"ListItem\",\"position\":1,\"name\":\"Accueil\",\"item\":\"https:\\\/\\\/www.echoppe-francaise.fr\\\/blog\\\/\"},{\"@type\":\"ListItem\",\"position\":2,\"name\":\"Comment choisir le bon luminaire pour votre int\u00e9rieur ?\",\"item\":\"https:\\\/\\\/www.echoppe-francaise.fr\\\/blog\\\/comment-choisir-le-bon-luminaire\\\/\"},{\"@type\":\"ListItem\",\"position\":3,\"name\":\"Comment choisir le nombre de lumens\u00a0?\",\"item\":\"https:\\\/\\\/www.echoppe-francaise.fr\\\/blog\\\/trouver-votre-luminaire-comment-choisir-le-nombre-de-lumen\\\/\"},{\"@type\":\"ListItem\",\"position\":4,\"name\":\"Combien de lumens pour un \u00e9clairage chaud\u00a0?\"}]},{\"@type\":\"WebSite\",\"@id\":\"https:\\\/\\\/www.echoppe-francaise.fr\\\/blog\\\/#website\",\"url\":\"https:\\\/\\\/www.echoppe-francaise.fr\\\/blog\\\/\",\"name\":\"\u00c9choppe Fran\u00e7aise, le Blog\",\"description\":\"Le blog des Cr\u00e9atrices et Cr\u00e9ateurs fran\u00e7ais\",\"publisher\":{\"@id\":\"https:\\\/\\\/www.echoppe-francaise.fr\\\/blog\\\/#organization\"},\"potentialAction\":[{\"@type\":\"SearchAction\",\"target\":{\"@type\":\"EntryPoint\",\"urlTemplate\":\"https:\\\/\\\/www.echoppe-francaise.fr\\\/blog\\\/?s={search_term_string}\"},\"query-input\":{\"@type\":\"PropertyValueSpecification\",\"valueRequired\":true,\"valueName\":\"search_term_string\"}}],\"inLanguage\":\"fr-FR\"},{\"@type\":\"Organization\",\"@id\":\"https:\\\/\\\/www.echoppe-francaise.fr\\\/blog\\\/#organization\",\"name\":\"L'\u00e9choppe Fran\u00e7aise\",\"url\":\"https:\\\/\\\/www.echoppe-francaise.fr\\\/blog\\\/\",\"logo\":{\"@type\":\"ImageObject\",\"inLanguage\":\"fr-FR\",\"@id\":\"https:\\\/\\\/www.echoppe-francaise.fr\\\/blog\\\/#\\\/schema\\\/logo\\\/image\\\/\",\"url\":\"https:\\\/\\\/www.echoppe-francaise.fr\\\/blog\\\/wp-content\\\/uploads\\\/2017\\\/04\\\/echoppe-francaise-logo-1489412704.png\",\"contentUrl\":\"https:\\\/\\\/www.echoppe-francaise.fr\\\/blog\\\/wp-content\\\/uploads\\\/2017\\\/04\\\/echoppe-francaise-logo-1489412704.png\",\"width\":492,\"height\":270,\"caption\":\"L'\u00e9choppe Fran\u00e7aise\"},\"image\":{\"@id\":\"https:\\\/\\\/www.echoppe-francaise.fr\\\/blog\\\/#\\\/schema\\\/logo\\\/image\\\/\"}}]}<\/script>\n<!-- \/ Yoast SEO plugin. -->","yoast_head_json":{"title":"Quel nombre de Lumens choisir pour un \u00e9clairage chaud ?","description":"D\u00e9couvrez comment compter le nombre de lumens pour un \u00e9clairage chaud et convivial dans vos pi\u00e8ces \u00e0 vivre.","robots":{"index":"index","follow":"follow","max-snippet":"max-snippet:-1","max-image-preview":"max-image-preview:large","max-video-preview":"max-video-preview:-1"},"canonical":"https:\/\/www.echoppe-francaise.fr\/blog\/combien-de-lumens-pour-un-eclairage-chaud\/","og_locale":"fr_FR","og_type":"article","og_title":"Quel nombre de Lumens choisir pour un \u00e9clairage chaud ?","og_description":"D\u00e9couvrez comment compter le nombre de lumens pour un \u00e9clairage chaud et convivial dans vos pi\u00e8ces \u00e0 vivre.","og_url":"https:\/\/www.echoppe-francaise.fr\/blog\/combien-de-lumens-pour-un-eclairage-chaud\/","og_site_name":"\u00c9choppe Fran\u00e7aise, le Blog","article_modified_time":"2023-12-06T16:42:16+00:00","og_image":[{"url":"https:\/\/lh7-us.googleusercontent.com\/zQXzriauQfkziNhi3kQt4bVRYUpo5a85_Fj4vuhbc5uca5iqCV9NRGQKFdl26i7MI-JVen8wzIlliZpNG6YBfN0fgFp8n6E7JdnE9-g-vK5-zZgRGbIPEfr2cOPDnW94wJePcJGl_c6r","type":"","width":"","height":""}],"twitter_card":"summary_large_image","twitter_misc":{"Dur\u00e9e de lecture estim\u00e9e":"5 minutes"},"schema":{"@context":"https:\/\/schema.org","@graph":[{"@type":"WebPage","@id":"https:\/\/www.echoppe-francaise.fr\/blog\/combien-de-lumens-pour-un-eclairage-chaud\/","url":"https:\/\/www.echoppe-francaise.fr\/blog\/combien-de-lumens-pour-un-eclairage-chaud\/","name":"Quel nombre de Lumens choisir pour un \u00e9clairage chaud ?","isPartOf":{"@id":"https:\/\/www.echoppe-francaise.fr\/blog\/#website"},"primaryImageOfPage":{"@id":"https:\/\/www.echoppe-francaise.fr\/blog\/combien-de-lumens-pour-un-eclairage-chaud\/#primaryimage"},"image":{"@id":"https:\/\/www.echoppe-francaise.fr\/blog\/combien-de-lumens-pour-un-eclairage-chaud\/#primaryimage"},"thumbnailUrl":"https:\/\/lh7-us.googleusercontent.com\/zQXzriauQfkziNhi3kQt4bVRYUpo5a85_Fj4vuhbc5uca5iqCV9NRGQKFdl26i7MI-JVen8wzIlliZpNG6YBfN0fgFp8n6E7JdnE9-g-vK5-zZgRGbIPEfr2cOPDnW94wJePcJGl_c6r","datePublished":"2023-12-05T11:45:13+00:00","dateModified":"2023-12-06T16:42:16+00:00","description":"D\u00e9couvrez comment compter le nombre de lumens pour un \u00e9clairage chaud et convivial dans vos pi\u00e8ces \u00e0 vivre.","breadcrumb":{"@id":"https:\/\/www.echoppe-francaise.fr\/blog\/combien-de-lumens-pour-un-eclairage-chaud\/#breadcrumb"},"inLanguage":"fr-FR","potentialAction":[{"@type":"ReadAction","target":["https:\/\/www.echoppe-francaise.fr\/blog\/combien-de-lumens-pour-un-eclairage-chaud\/"]}]},{"@type":"ImageObject","inLanguage":"fr-FR","@id":"https:\/\/www.echoppe-francaise.fr\/blog\/combien-de-lumens-pour-un-eclairage-chaud\/#primaryimage","url":"https:\/\/lh7-us.googleusercontent.com\/zQXzriauQfkziNhi3kQt4bVRYUpo5a85_Fj4vuhbc5uca5iqCV9NRGQKFdl26i7MI-JVen8wzIlliZpNG6YBfN0fgFp8n6E7JdnE9-g-vK5-zZgRGbIPEfr2cOPDnW94wJePcJGl_c6r","contentUrl":"https:\/\/lh7-us.googleusercontent.com\/zQXzriauQfkziNhi3kQt4bVRYUpo5a85_Fj4vuhbc5uca5iqCV9NRGQKFdl26i7MI-JVen8wzIlliZpNG6YBfN0fgFp8n6E7JdnE9-g-vK5-zZgRGbIPEfr2cOPDnW94wJePcJGl_c6r"},{"@type":"BreadcrumbList","@id":"https:\/\/www.echoppe-francaise.fr\/blog\/combien-de-lumens-pour-un-eclairage-chaud\/#breadcrumb","itemListElement":[{"@type":"ListItem","position":1,"name":"Accueil","item":"https:\/\/www.echoppe-francaise.fr\/blog\/"},{"@type":"ListItem","position":2,"name":"Comment choisir le bon luminaire pour votre int\u00e9rieur ?","item":"https:\/\/www.echoppe-francaise.fr\/blog\/comment-choisir-le-bon-luminaire\/"},{"@type":"ListItem","position":3,"name":"Comment choisir le nombre de lumens\u00a0?","item":"https:\/\/www.echoppe-francaise.fr\/blog\/trouver-votre-luminaire-comment-choisir-le-nombre-de-lumen\/"},{"@type":"ListItem","position":4,"name":"Combien de lumens pour un \u00e9clairage chaud\u00a0?"}]},{"@type":"WebSite","@id":"https:\/\/www.echoppe-francaise.fr\/blog\/#website","url":"https:\/\/www.echoppe-francaise.fr\/blog\/","name":"\u00c9choppe Fran\u00e7aise, le Blog","description":"Le blog des Cr\u00e9atrices et Cr\u00e9ateurs fran\u00e7ais","publisher":{"@id":"https:\/\/www.echoppe-francaise.fr\/blog\/#organization"},"potentialAction":[{"@type":"SearchAction","target":{"@type":"EntryPoint","urlTemplate":"https:\/\/www.echoppe-francaise.fr\/blog\/?s={search_term_string}"},"query-input":{"@type":"PropertyValueSpecification","valueRequired":true,"valueName":"search_term_string"}}],"inLanguage":"fr-FR"},{"@type":"Organization","@id":"https:\/\/www.echoppe-francaise.fr\/blog\/#organization","name":"L'\u00e9choppe Fran\u00e7aise","url":"https:\/\/www.echoppe-francaise.fr\/blog\/","logo":{"@type":"ImageObject","inLanguage":"fr-FR","@id":"https:\/\/www.echoppe-francaise.fr\/blog\/#\/schema\/logo\/image\/","url":"https:\/\/www.echoppe-francaise.fr\/blog\/wp-content\/uploads\/2017\/04\/echoppe-francaise-logo-1489412704.png","contentUrl":"https:\/\/www.echoppe-francaise.fr\/blog\/wp-content\/uploads\/2017\/04\/echoppe-francaise-logo-1489412704.png","width":492,"height":270,"caption":"L'\u00e9choppe Fran\u00e7aise"},"image":{"@id":"https:\/\/www.echoppe-francaise.fr\/blog\/#\/schema\/logo\/image\/"}}]}},"_links":{"self":[{"href":"https:\/\/www.echoppe-francaise.fr\/blog\/wp-json\/wp\/v2\/pages\/1566","targetHints":{"allow":["GET"]}}],"collection":[{"href":"https:\/\/www.echoppe-francaise.fr\/blog\/wp-json\/wp\/v2\/pages"}],"about":[{"href":"https:\/\/www.echoppe-francaise.fr\/blog\/wp-json\/wp\/v2\/types\/page"}],"author":[{"embeddable":true,"href":"https:\/\/www.echoppe-francaise.fr\/blog\/wp-json\/wp\/v2\/users\/6"}],"replies":[{"embeddable":true,"href":"https:\/\/www.echoppe-francaise.fr\/blog\/wp-json\/wp\/v2\/comments?post=1566"}],"version-history":[{"count":7,"href":"https:\/\/www.echoppe-francaise.fr\/blog\/wp-json\/wp\/v2\/pages\/1566\/revisions"}],"predecessor-version":[{"id":1762,"href":"https:\/\/www.echoppe-francaise.fr\/blog\/wp-json\/wp\/v2\/pages\/1566\/revisions\/1762"}],"up":[{"embeddable":true,"href":"https:\/\/www.echoppe-francaise.fr\/blog\/wp-json\/wp\/v2\/pages\/1544"}],"wp:attachment":[{"href":"https:\/\/www.echoppe-francaise.fr\/blog\/wp-json\/wp\/v2\/media?parent=1566"}],"curies":[{"name":"wp","href":"https:\/\/api.w.org\/{rel}","templated":true}]}}