{"id":1544,"date":"2023-12-01T12:40:28","date_gmt":"2023-12-01T11:40:28","guid":{"rendered":"https:\/\/www.echoppe-francaise.fr\/blog\/?page_id=1544"},"modified":"2023-12-06T17:38:22","modified_gmt":"2023-12-06T16:38:22","slug":"trouver-votre-luminaire-comment-choisir-le-nombre-de-lumen","status":"publish","type":"page","link":"https:\/\/www.echoppe-francaise.fr\/blog\/trouver-votre-luminaire-comment-choisir-le-nombre-de-lumen\/","title":{"rendered":"Comment choisir le nombre de lumens\u00a0?"},"content":{"rendered":"\n<figure class=\"wp-block-image\"><img decoding=\"async\" src=\"https:\/\/lh7-us.googleusercontent.com\/3jyXNmws3K5uNGFOxfUj7CdtnwZJEsIeqgiGCrG9cqVYBVsDLW92r1v2IVMJQVp6nrg95DH1b6DDZTupi8yISESZTP7bW80Ukx1cqI09AjbZc5YckKdPoFwkHsoYVwh7dIV0QhdV_4uz\" alt=\"Luminaire \u00e0 suspension avec des boules et des ampoules led dans le salon.\"\/><\/figure>\n\n\n\n<p class=\"wp-block-paragraph\">Pour respecter les normes d\u2019installation \u00e9lectrique, vous devez choisir un \u00e9clairage led. Jaugez la puissance en comparant le <strong>nombre de lumen<\/strong> des luminaires. Voici des informations de base pour vous aider \u00e0 faire votre choix.\u00a0<\/p>\n\n\n\n<h2 class=\"wp-block-heading\">Combien de lumens pour un \u00e9clairage chaud\u00a0?<\/h2>\n\n\n\n<figure class=\"wp-block-image size-large\"><img loading=\"lazy\" decoding=\"async\" width=\"1024\" height=\"1024\" src=\"https:\/\/www.echoppe-francaise.fr\/blog\/wp-content\/uploads\/2023\/11\/Combien-de-lumens-pour-un-eclairage-chaud-1024x1024.jpg\" alt=\"Une suspension en forme de globe dans la chambre.\" class=\"wp-image-1545\" srcset=\"https:\/\/www.echoppe-francaise.fr\/blog\/wp-content\/uploads\/2023\/11\/Combien-de-lumens-pour-un-eclairage-chaud.jpg 1024w, https:\/\/www.echoppe-francaise.fr\/blog\/wp-content\/uploads\/2023\/11\/Combien-de-lumens-pour-un-eclairage-chaud-300x300.jpg 300w, https:\/\/www.echoppe-francaise.fr\/blog\/wp-content\/uploads\/2023\/11\/Combien-de-lumens-pour-un-eclairage-chaud-150x150.jpg 150w, https:\/\/www.echoppe-francaise.fr\/blog\/wp-content\/uploads\/2023\/11\/Combien-de-lumens-pour-un-eclairage-chaud-768x768.jpg 768w\" sizes=\"auto, (max-width: 1024px) 100vw, 1024px\" \/><\/figure>\n\n\n\n<p class=\"wp-block-paragraph\">Vous avez envie d\u2019une ambiance cocooning et agr\u00e9able dans votre pi\u00e8ce \u00e0 vivre\u00a0? <a href=\"https:\/\/www.echoppe-francaise.fr\/blog\/combien-de-lumens-pour-un-eclairage-chaud\/\" target=\"_blank\" rel=\"noreferrer noopener\">Choisissez un \u00e9clairage chaud<\/a>. Pour ce faire, vous aurez besoin de <strong>3 000 \u00e0 5 000 lumens<\/strong>. Tout d\u00e9pend de la superficie \u00e0 \u00e9clairer. \u00c9videmment, dans les grandes pi\u00e8ces, vous aurez besoin de plus de puissance.\u00a0<\/p>\n\n\n\n<p class=\"wp-block-paragraph\">Une couleur chaude est de <strong>couleur jaune<\/strong>. Elle vire un peu vers le rouge ou l\u2019orange. C\u2019est parfait pour un maximum de convivialit\u00e9 dans l\u2019espace. On la conseille par exemple dans la chambre et dans le salon ou la salle \u00e0 manger.&nbsp;<\/p>\n\n\n\n<p class=\"wp-block-paragraph\">Envie d\u2019une lumi\u00e8re chaude dans votre appartement ou maison&nbsp;? Misez sur les ampoules led de 2 500 \u00e0 3 000 k en moyenne. Cela fonctionne aussi dans les halls d\u2019entr\u00e9e. Adaptez <strong>la taille et la forme de votre luminaire<\/strong> ou de votre syst\u00e8me d\u2019\u00e9clairage en fonction de la d\u00e9co de l\u2019espace. Et, tenez aussi compte de la superficie disponible.&nbsp;<\/p>\n\n\n\n<p class=\"wp-block-paragraph\">Trouvez le luminaire id\u00e9al pour votre maison avec nos conseils : <a href=\"https:\/\/www.echoppe-francaise.fr\/blog\/comment-choisir-le-bon-luminaire\/\" target=\"_blank\" rel=\"noreferrer noopener\">Comment choisir le bon luminaire&nbsp;?<\/a><\/p>\n\n\n\n<h2 class=\"wp-block-heading\">Combien de lumens pour un \u00e9clairage froid&nbsp;?&nbsp;<\/h2>\n\n\n\n<figure class=\"wp-block-image\"><img decoding=\"async\" src=\"https:\/\/lh7-us.googleusercontent.com\/tejbBWZV8dCdjTbTizmSqU4crYdPIhif5hrneB4cXDhiUk_njJGnjRZczeq931m7PsnI_YQhaizbBi3EAUrKjl6ncNsTtCQ4zD2YgsiHXj-zn6xuG1v-gUqNnJSn4W5GUItkFrZdhHER\" alt=\"Suspension en led de couleur blanche.\"\/><\/figure>\n\n\n\n<p class=\"wp-block-paragraph\">Dans la salle de bain ou les bureaux, <strong><a href=\"https:\/\/www.echoppe-francaise.fr\/blog\/combien-de-lumens-pour-un-eclairage-froid\/\" target=\"_blank\" rel=\"noreferrer noopener\">choisir un \u00e9clairage froid<\/a><\/strong> sera plus propice. C\u2019est aussi le cas dans les zones de r\u00e9flexion\u00a0: coin lecture dans le salon, zone de correspondance, etc.\u00a0 Optez pour un led de 4 000 \u00e0 4 500 lumens dans les petits espaces.\u00a0<\/p>\n\n\n\n<p class=\"wp-block-paragraph\">L\u2019ambiance sera la m\u00eame que dans les grandes surfaces. Vous avez un petit bureau de 100 m\u00b2&nbsp;? Vous aurez besoin de 30 000 \u00e0 40 000 lumens. En moyenne, comptez entre <strong>300 et 400 lumens par m2<\/strong>. La lumi\u00e8re sera blanche. C\u2019est davantage pratique que convivial. Mais, c\u2019est utile pour la concentration et la productivit\u00e9. On le recommande sur les plateformes de travail, dans les halls d\u2019entr\u00e9e d\u2019entreprise, etc.&nbsp;<\/p>\n\n\n\n<p class=\"wp-block-paragraph\">Pour info : 500 lumens \u00e9quivalent \u00e0 <strong>40 W<\/strong>. Mais, avec le led, vous d\u00e9penserez moins d\u2019\u00e9nergie. L\u2019\u00e9clairage sera toujours optimal. On le recommande aussi pour les espaces ext\u00e9rieurs de votre maison&nbsp;: terrasse, balcon, etc. Pour cet am\u00e9nagement, vous avez les luminaires \u00e9tanches. Ils r\u00e9sistent mieux aux conditions de vie dans le jardin.&nbsp;<\/p>\n\n\n\n<p class=\"wp-block-paragraph\">Vous avez des \u00e9crans dans la pi\u00e8ce&nbsp;? Choisissez une lumi\u00e8re blanche virant l\u00e9g\u00e8rement au bleu. Vous \u00e9viterez les reflets pendant les s\u00e9ances de cin\u00e9ma ou le travail. Penchez pour une <strong>lampe de table<\/strong> pour un \u00e9clairage d\u2019ambiance. Pr\u00e9f\u00e9rez un \u00e9clairage g\u00e9n\u00e9ral optimal dans les petites pi\u00e8ces.&nbsp;<\/p>\n\n\n\n<p class=\"wp-block-paragraph\">Comme quoi, il ne suffit pas de faire des branchements pour votre \u00e9clairage int\u00e9rieur. Adaptez l\u2019intensit\u00e9, <strong>la couleur et la puissance <\/strong>de vos leds \u00e0 l\u2019espace. Une lumi\u00e8re blanche froide dans les zones de r\u00e9flexion. Et, une ambiance plus chaleureuse dans le reste de la maison. Ce sont les gages de la r\u00e9ussite de votre am\u00e9nagement. Il reste \u00e0 trouver le design de luminaire id\u00e9al selon votre th\u00e9matique. Sur l\u2019\u00c9choppe Fran\u00e7aise, on vous propose des mod\u00e8les de cr\u00e9ateurs fran\u00e7ais.&nbsp;<\/p>\n\n\n\n<h3 class=\"wp-block-heading\">D&rsquo;autres conseils sur le choix de votre luminaire sur nos autres articles : <\/h3>\n\n\n\n<ul class=\"wp-block-list\">\n<li><a href=\"https:\/\/www.echoppe-francaise.fr\/blog\/comment-choisir-le-bon-luminaire\/quelle-couleur-de-luminaire-choisir\/\" target=\"_blank\" rel=\"noreferrer noopener\">Quelle couleur de luminaire choisir ?<\/a><\/li>\n\n\n\n<li><a href=\"https:\/\/www.echoppe-francaise.fr\/blog\/comment-choisir-la-taille-dun-luminaire\/\" target=\"_blank\" rel=\"noreferrer noopener\">Comment choisir la taille d&rsquo;un luminaire ?<\/a><\/li>\n\n\n\n<li><a href=\"https:\/\/www.echoppe-francaise.fr\/blog\/quel-eclairage-pour-quelle-piece\/\" target=\"_blank\" rel=\"noreferrer noopener\">Quel \u00e9clairage pour quelle pi\u00e8ce ?<\/a><\/li>\n<\/ul>\n","protected":false},"excerpt":{"rendered":"<p>Pour respecter les normes d\u2019installation \u00e9lectrique, vous devez choisir un \u00e9clairage led. Jaugez la puissance en comparant le nombre de lumen des luminaires. Voici des informations de base pour vous aider \u00e0 faire votre choix.\u00a0 Combien de lumens pour un \u00e9clairage chaud\u00a0? Vous avez envie d\u2019une ambiance cocooning et agr\u00e9able dans votre pi\u00e8ce \u00e0 vivre\u00a0?&hellip;&nbsp;<\/p>\n","protected":false},"author":6,"featured_media":0,"parent":1541,"menu_order":0,"comment_status":"closed","ping_status":"closed","template":"","meta":{"_crdt_document":"","neve_meta_sidebar":"","neve_meta_container":"","neve_meta_enable_content_width":"","neve_meta_content_width":0,"neve_meta_title_alignment":"","neve_meta_author_avatar":"","neve_post_elements_order":"","neve_meta_disable_header":"","neve_meta_disable_footer":"","neve_meta_disable_title":"","footnotes":""},"class_list":["post-1544","page","type-page","status-publish","hentry"],"yoast_head":"<!-- This site is optimized with the Yoast SEO plugin v27.5 - https:\/\/yoast.com\/product\/yoast-seo-wordpress\/ -->\n<title>Quel nombre de lumens choisir pour mon luminaire ?<\/title>\n<meta name=\"description\" content=\"Suivez notre guide. Et, trouvez le nombre de lumens id\u00e9al pour l&#039;\u00e9clairage de votre appartement ou maison.\" \/>\n<meta name=\"robots\" content=\"index, follow, max-snippet:-1, max-image-preview:large, max-video-preview:-1\" \/>\n<link rel=\"canonical\" href=\"https:\/\/www.echoppe-francaise.fr\/blog\/trouver-votre-luminaire-comment-choisir-le-nombre-de-lumen\/\" \/>\n<meta property=\"og:locale\" content=\"fr_FR\" \/>\n<meta property=\"og:type\" content=\"article\" \/>\n<meta property=\"og:title\" content=\"Quel nombre de lumens choisir pour mon luminaire ?\" \/>\n<meta property=\"og:description\" content=\"Suivez notre guide. Et, trouvez le nombre de lumens id\u00e9al pour l&#039;\u00e9clairage de votre appartement ou maison.\" \/>\n<meta property=\"og:url\" content=\"https:\/\/www.echoppe-francaise.fr\/blog\/trouver-votre-luminaire-comment-choisir-le-nombre-de-lumen\/\" \/>\n<meta property=\"og:site_name\" content=\"\u00c9choppe Fran\u00e7aise, le Blog\" \/>\n<meta property=\"article:modified_time\" content=\"2023-12-06T16:38:22+00:00\" \/>\n<meta property=\"og:image\" content=\"https:\/\/lh7-us.googleusercontent.com\/3jyXNmws3K5uNGFOxfUj7CdtnwZJEsIeqgiGCrG9cqVYBVsDLW92r1v2IVMJQVp6nrg95DH1b6DDZTupi8yISESZTP7bW80Ukx1cqI09AjbZc5YckKdPoFwkHsoYVwh7dIV0QhdV_4uz\" \/>\n<meta name=\"twitter:card\" content=\"summary_large_image\" \/>\n<meta name=\"twitter:label1\" content=\"Dur\u00e9e de lecture estim\u00e9e\" \/>\n\t<meta name=\"twitter:data1\" content=\"4 minutes\" \/>\n<script type=\"application\/ld+json\" class=\"yoast-schema-graph\">{\"@context\":\"https:\\\/\\\/schema.org\",\"@graph\":[{\"@type\":\"WebPage\",\"@id\":\"https:\\\/\\\/www.echoppe-francaise.fr\\\/blog\\\/trouver-votre-luminaire-comment-choisir-le-nombre-de-lumen\\\/\",\"url\":\"https:\\\/\\\/www.echoppe-francaise.fr\\\/blog\\\/trouver-votre-luminaire-comment-choisir-le-nombre-de-lumen\\\/\",\"name\":\"Quel nombre de lumens choisir pour mon luminaire ?\",\"isPartOf\":{\"@id\":\"https:\\\/\\\/www.echoppe-francaise.fr\\\/blog\\\/#website\"},\"primaryImageOfPage\":{\"@id\":\"https:\\\/\\\/www.echoppe-francaise.fr\\\/blog\\\/trouver-votre-luminaire-comment-choisir-le-nombre-de-lumen\\\/#primaryimage\"},\"image\":{\"@id\":\"https:\\\/\\\/www.echoppe-francaise.fr\\\/blog\\\/trouver-votre-luminaire-comment-choisir-le-nombre-de-lumen\\\/#primaryimage\"},\"thumbnailUrl\":\"https:\\\/\\\/lh7-us.googleusercontent.com\\\/3jyXNmws3K5uNGFOxfUj7CdtnwZJEsIeqgiGCrG9cqVYBVsDLW92r1v2IVMJQVp6nrg95DH1b6DDZTupi8yISESZTP7bW80Ukx1cqI09AjbZc5YckKdPoFwkHsoYVwh7dIV0QhdV_4uz\",\"datePublished\":\"2023-12-01T11:40:28+00:00\",\"dateModified\":\"2023-12-06T16:38:22+00:00\",\"description\":\"Suivez notre guide. Et, trouvez le nombre de lumens id\u00e9al pour l'\u00e9clairage de votre appartement ou maison.\",\"breadcrumb\":{\"@id\":\"https:\\\/\\\/www.echoppe-francaise.fr\\\/blog\\\/trouver-votre-luminaire-comment-choisir-le-nombre-de-lumen\\\/#breadcrumb\"},\"inLanguage\":\"fr-FR\",\"potentialAction\":[{\"@type\":\"ReadAction\",\"target\":[\"https:\\\/\\\/www.echoppe-francaise.fr\\\/blog\\\/trouver-votre-luminaire-comment-choisir-le-nombre-de-lumen\\\/\"]}]},{\"@type\":\"ImageObject\",\"inLanguage\":\"fr-FR\",\"@id\":\"https:\\\/\\\/www.echoppe-francaise.fr\\\/blog\\\/trouver-votre-luminaire-comment-choisir-le-nombre-de-lumen\\\/#primaryimage\",\"url\":\"https:\\\/\\\/lh7-us.googleusercontent.com\\\/3jyXNmws3K5uNGFOxfUj7CdtnwZJEsIeqgiGCrG9cqVYBVsDLW92r1v2IVMJQVp6nrg95DH1b6DDZTupi8yISESZTP7bW80Ukx1cqI09AjbZc5YckKdPoFwkHsoYVwh7dIV0QhdV_4uz\",\"contentUrl\":\"https:\\\/\\\/lh7-us.googleusercontent.com\\\/3jyXNmws3K5uNGFOxfUj7CdtnwZJEsIeqgiGCrG9cqVYBVsDLW92r1v2IVMJQVp6nrg95DH1b6DDZTupi8yISESZTP7bW80Ukx1cqI09AjbZc5YckKdPoFwkHsoYVwh7dIV0QhdV_4uz\"},{\"@type\":\"BreadcrumbList\",\"@id\":\"https:\\\/\\\/www.echoppe-francaise.fr\\\/blog\\\/trouver-votre-luminaire-comment-choisir-le-nombre-de-lumen\\\/#breadcrumb\",\"itemListElement\":[{\"@type\":\"ListItem\",\"position\":1,\"name\":\"Accueil\",\"item\":\"https:\\\/\\\/www.echoppe-francaise.fr\\\/blog\\\/\"},{\"@type\":\"ListItem\",\"position\":2,\"name\":\"Comment choisir le bon luminaire pour votre int\u00e9rieur ?\",\"item\":\"https:\\\/\\\/www.echoppe-francaise.fr\\\/blog\\\/comment-choisir-le-bon-luminaire\\\/\"},{\"@type\":\"ListItem\",\"position\":3,\"name\":\"Comment choisir le nombre de lumens\u00a0?\"}]},{\"@type\":\"WebSite\",\"@id\":\"https:\\\/\\\/www.echoppe-francaise.fr\\\/blog\\\/#website\",\"url\":\"https:\\\/\\\/www.echoppe-francaise.fr\\\/blog\\\/\",\"name\":\"\u00c9choppe Fran\u00e7aise, le Blog\",\"description\":\"Le blog des Cr\u00e9atrices et Cr\u00e9ateurs fran\u00e7ais\",\"publisher\":{\"@id\":\"https:\\\/\\\/www.echoppe-francaise.fr\\\/blog\\\/#organization\"},\"potentialAction\":[{\"@type\":\"SearchAction\",\"target\":{\"@type\":\"EntryPoint\",\"urlTemplate\":\"https:\\\/\\\/www.echoppe-francaise.fr\\\/blog\\\/?s={search_term_string}\"},\"query-input\":{\"@type\":\"PropertyValueSpecification\",\"valueRequired\":true,\"valueName\":\"search_term_string\"}}],\"inLanguage\":\"fr-FR\"},{\"@type\":\"Organization\",\"@id\":\"https:\\\/\\\/www.echoppe-francaise.fr\\\/blog\\\/#organization\",\"name\":\"L'\u00e9choppe Fran\u00e7aise\",\"url\":\"https:\\\/\\\/www.echoppe-francaise.fr\\\/blog\\\/\",\"logo\":{\"@type\":\"ImageObject\",\"inLanguage\":\"fr-FR\",\"@id\":\"https:\\\/\\\/www.echoppe-francaise.fr\\\/blog\\\/#\\\/schema\\\/logo\\\/image\\\/\",\"url\":\"https:\\\/\\\/www.echoppe-francaise.fr\\\/blog\\\/wp-content\\\/uploads\\\/2017\\\/04\\\/echoppe-francaise-logo-1489412704.png\",\"contentUrl\":\"https:\\\/\\\/www.echoppe-francaise.fr\\\/blog\\\/wp-content\\\/uploads\\\/2017\\\/04\\\/echoppe-francaise-logo-1489412704.png\",\"width\":492,\"height\":270,\"caption\":\"L'\u00e9choppe Fran\u00e7aise\"},\"image\":{\"@id\":\"https:\\\/\\\/www.echoppe-francaise.fr\\\/blog\\\/#\\\/schema\\\/logo\\\/image\\\/\"}}]}<\/script>\n<!-- \/ Yoast SEO plugin. -->","yoast_head_json":{"title":"Quel nombre de lumens choisir pour mon luminaire ?","description":"Suivez notre guide. Et, trouvez le nombre de lumens id\u00e9al pour l'\u00e9clairage de votre appartement ou maison.","robots":{"index":"index","follow":"follow","max-snippet":"max-snippet:-1","max-image-preview":"max-image-preview:large","max-video-preview":"max-video-preview:-1"},"canonical":"https:\/\/www.echoppe-francaise.fr\/blog\/trouver-votre-luminaire-comment-choisir-le-nombre-de-lumen\/","og_locale":"fr_FR","og_type":"article","og_title":"Quel nombre de lumens choisir pour mon luminaire ?","og_description":"Suivez notre guide. Et, trouvez le nombre de lumens id\u00e9al pour l'\u00e9clairage de votre appartement ou maison.","og_url":"https:\/\/www.echoppe-francaise.fr\/blog\/trouver-votre-luminaire-comment-choisir-le-nombre-de-lumen\/","og_site_name":"\u00c9choppe Fran\u00e7aise, le Blog","article_modified_time":"2023-12-06T16:38:22+00:00","og_image":[{"url":"https:\/\/lh7-us.googleusercontent.com\/3jyXNmws3K5uNGFOxfUj7CdtnwZJEsIeqgiGCrG9cqVYBVsDLW92r1v2IVMJQVp6nrg95DH1b6DDZTupi8yISESZTP7bW80Ukx1cqI09AjbZc5YckKdPoFwkHsoYVwh7dIV0QhdV_4uz","type":"","width":"","height":""}],"twitter_card":"summary_large_image","twitter_misc":{"Dur\u00e9e de lecture estim\u00e9e":"4 minutes"},"schema":{"@context":"https:\/\/schema.org","@graph":[{"@type":"WebPage","@id":"https:\/\/www.echoppe-francaise.fr\/blog\/trouver-votre-luminaire-comment-choisir-le-nombre-de-lumen\/","url":"https:\/\/www.echoppe-francaise.fr\/blog\/trouver-votre-luminaire-comment-choisir-le-nombre-de-lumen\/","name":"Quel nombre de lumens choisir pour mon luminaire ?","isPartOf":{"@id":"https:\/\/www.echoppe-francaise.fr\/blog\/#website"},"primaryImageOfPage":{"@id":"https:\/\/www.echoppe-francaise.fr\/blog\/trouver-votre-luminaire-comment-choisir-le-nombre-de-lumen\/#primaryimage"},"image":{"@id":"https:\/\/www.echoppe-francaise.fr\/blog\/trouver-votre-luminaire-comment-choisir-le-nombre-de-lumen\/#primaryimage"},"thumbnailUrl":"https:\/\/lh7-us.googleusercontent.com\/3jyXNmws3K5uNGFOxfUj7CdtnwZJEsIeqgiGCrG9cqVYBVsDLW92r1v2IVMJQVp6nrg95DH1b6DDZTupi8yISESZTP7bW80Ukx1cqI09AjbZc5YckKdPoFwkHsoYVwh7dIV0QhdV_4uz","datePublished":"2023-12-01T11:40:28+00:00","dateModified":"2023-12-06T16:38:22+00:00","description":"Suivez notre guide. Et, trouvez le nombre de lumens id\u00e9al pour l'\u00e9clairage de votre appartement ou maison.","breadcrumb":{"@id":"https:\/\/www.echoppe-francaise.fr\/blog\/trouver-votre-luminaire-comment-choisir-le-nombre-de-lumen\/#breadcrumb"},"inLanguage":"fr-FR","potentialAction":[{"@type":"ReadAction","target":["https:\/\/www.echoppe-francaise.fr\/blog\/trouver-votre-luminaire-comment-choisir-le-nombre-de-lumen\/"]}]},{"@type":"ImageObject","inLanguage":"fr-FR","@id":"https:\/\/www.echoppe-francaise.fr\/blog\/trouver-votre-luminaire-comment-choisir-le-nombre-de-lumen\/#primaryimage","url":"https:\/\/lh7-us.googleusercontent.com\/3jyXNmws3K5uNGFOxfUj7CdtnwZJEsIeqgiGCrG9cqVYBVsDLW92r1v2IVMJQVp6nrg95DH1b6DDZTupi8yISESZTP7bW80Ukx1cqI09AjbZc5YckKdPoFwkHsoYVwh7dIV0QhdV_4uz","contentUrl":"https:\/\/lh7-us.googleusercontent.com\/3jyXNmws3K5uNGFOxfUj7CdtnwZJEsIeqgiGCrG9cqVYBVsDLW92r1v2IVMJQVp6nrg95DH1b6DDZTupi8yISESZTP7bW80Ukx1cqI09AjbZc5YckKdPoFwkHsoYVwh7dIV0QhdV_4uz"},{"@type":"BreadcrumbList","@id":"https:\/\/www.echoppe-francaise.fr\/blog\/trouver-votre-luminaire-comment-choisir-le-nombre-de-lumen\/#breadcrumb","itemListElement":[{"@type":"ListItem","position":1,"name":"Accueil","item":"https:\/\/www.echoppe-francaise.fr\/blog\/"},{"@type":"ListItem","position":2,"name":"Comment choisir le bon luminaire pour votre int\u00e9rieur ?","item":"https:\/\/www.echoppe-francaise.fr\/blog\/comment-choisir-le-bon-luminaire\/"},{"@type":"ListItem","position":3,"name":"Comment choisir le nombre de lumens\u00a0?"}]},{"@type":"WebSite","@id":"https:\/\/www.echoppe-francaise.fr\/blog\/#website","url":"https:\/\/www.echoppe-francaise.fr\/blog\/","name":"\u00c9choppe Fran\u00e7aise, le Blog","description":"Le blog des Cr\u00e9atrices et Cr\u00e9ateurs fran\u00e7ais","publisher":{"@id":"https:\/\/www.echoppe-francaise.fr\/blog\/#organization"},"potentialAction":[{"@type":"SearchAction","target":{"@type":"EntryPoint","urlTemplate":"https:\/\/www.echoppe-francaise.fr\/blog\/?s={search_term_string}"},"query-input":{"@type":"PropertyValueSpecification","valueRequired":true,"valueName":"search_term_string"}}],"inLanguage":"fr-FR"},{"@type":"Organization","@id":"https:\/\/www.echoppe-francaise.fr\/blog\/#organization","name":"L'\u00e9choppe Fran\u00e7aise","url":"https:\/\/www.echoppe-francaise.fr\/blog\/","logo":{"@type":"ImageObject","inLanguage":"fr-FR","@id":"https:\/\/www.echoppe-francaise.fr\/blog\/#\/schema\/logo\/image\/","url":"https:\/\/www.echoppe-francaise.fr\/blog\/wp-content\/uploads\/2017\/04\/echoppe-francaise-logo-1489412704.png","contentUrl":"https:\/\/www.echoppe-francaise.fr\/blog\/wp-content\/uploads\/2017\/04\/echoppe-francaise-logo-1489412704.png","width":492,"height":270,"caption":"L'\u00e9choppe Fran\u00e7aise"},"image":{"@id":"https:\/\/www.echoppe-francaise.fr\/blog\/#\/schema\/logo\/image\/"}}]}},"_links":{"self":[{"href":"https:\/\/www.echoppe-francaise.fr\/blog\/wp-json\/wp\/v2\/pages\/1544","targetHints":{"allow":["GET"]}}],"collection":[{"href":"https:\/\/www.echoppe-francaise.fr\/blog\/wp-json\/wp\/v2\/pages"}],"about":[{"href":"https:\/\/www.echoppe-francaise.fr\/blog\/wp-json\/wp\/v2\/types\/page"}],"author":[{"embeddable":true,"href":"https:\/\/www.echoppe-francaise.fr\/blog\/wp-json\/wp\/v2\/users\/6"}],"replies":[{"embeddable":true,"href":"https:\/\/www.echoppe-francaise.fr\/blog\/wp-json\/wp\/v2\/comments?post=1544"}],"version-history":[{"count":11,"href":"https:\/\/www.echoppe-francaise.fr\/blog\/wp-json\/wp\/v2\/pages\/1544\/revisions"}],"predecessor-version":[{"id":1758,"href":"https:\/\/www.echoppe-francaise.fr\/blog\/wp-json\/wp\/v2\/pages\/1544\/revisions\/1758"}],"up":[{"embeddable":true,"href":"https:\/\/www.echoppe-francaise.fr\/blog\/wp-json\/wp\/v2\/pages\/1541"}],"wp:attachment":[{"href":"https:\/\/www.echoppe-francaise.fr\/blog\/wp-json\/wp\/v2\/media?parent=1544"}],"curies":[{"name":"wp","href":"https:\/\/api.w.org\/{rel}","templated":true}]}}