{"id":1118,"date":"2022-08-10T17:37:46","date_gmt":"2022-08-10T15:37:46","guid":{"rendered":"https:\/\/www.echoppe-francaise.fr\/blog\/?page_id=1118"},"modified":"2023-03-28T11:12:10","modified_gmt":"2023-03-28T09:12:10","slug":"quest-ce-que-le-made-in-france","status":"publish","type":"page","link":"https:\/\/www.echoppe-francaise.fr\/blog\/quest-ce-que-le-made-in-france\/","title":{"rendered":"Qu&rsquo;est ce qui se cache derri\u00e8re l&rsquo;appellation Made in France ?"},"content":{"rendered":"<div class=\"wp-block-image\">\n<figure class=\"aligncenter size-full\"><img loading=\"lazy\" decoding=\"async\" width=\"640\" height=\"359\" src=\"https:\/\/www.echoppe-francaise.fr\/blog\/wp-content\/uploads\/2022\/08\/quest-ce-que-le-made-in-france.jpeg\" alt=\"made in France qu'est ce que c'est ?\" class=\"wp-image-1121\" srcset=\"https:\/\/www.echoppe-francaise.fr\/blog\/wp-content\/uploads\/2022\/08\/quest-ce-que-le-made-in-france.jpeg 640w, https:\/\/www.echoppe-francaise.fr\/blog\/wp-content\/uploads\/2022\/08\/quest-ce-que-le-made-in-france-300x168.jpeg 300w\" sizes=\"auto, (max-width: 640px) 100vw, 640px\" \/><figcaption class=\"wp-element-caption\">Que signifie made in France ?<\/figcaption><\/figure>\n<\/div>\n\n\n<p class=\"has-medium-font-size wp-block-paragraph\">La provenance des produits est devenue de plus en plus importante pour les consommateurs. D\u2019apr\u00e8s un <a href=\"https:\/\/www.ifop.com\/wp-content\/uploads\/2018\/09\/115601-Pr%C3%A9sentation-PF-05.09.2018.pdf\">sondage IFOP de 2018<\/a> le pays de fabrication d\u2019un produit est le 3\u00e8me crit\u00e8re auquel les fran\u00e7ais apportent le plus d\u2019importance apr\u00e8s la qualit\u00e9 et le prix.&nbsp; Regardons ensemble ce que signifie r\u00e9ellement <strong>made in France<\/strong> d\u2019apr\u00e8s nos lois.<\/p>\n\n\n\n<h2 class=\"wp-block-heading\">Comment est d\u00e9fini le made in France ?<\/h2>\n\n\n\n<p class=\"has-medium-font-size wp-block-paragraph\">En premier lieu, il faut savoir que seuls <strong>certains produits<\/strong> ont <strong>l\u2019obligation d\u2019afficher leur provenance<\/strong>. C\u2019est le cas des produits alimentaires, agricoles et de certains cosm\u00e9tiques. Pour le reste, les informations d\u2019origine <strong>ne sont pas obligatoires<\/strong>.<\/p>\n\n\n\n<p class=\"has-medium-font-size wp-block-paragraph\">Pour avoir le droit d\u2019afficher \u201c<strong>made in France<\/strong>\u201d, \u201c<strong>fabriqu\u00e9 en France<\/strong>\u201d ou une mention similaire, il faut que le produit ait, \u00e0 minima, subi sa <strong>derni\u00e8re modification significative en France<\/strong>.&nbsp;<\/p>\n\n\n\n<p class=\"has-medium-font-size wp-block-paragraph\">Dans les faits, certaines entreprises abusent de cette r\u00e8gle et donnent la mention made in France \u00e0 un t-shirt, simplement car <strong>l\u2019\u00e9tiquette a \u00e9t\u00e9 cousue en France<\/strong>. Pourtant ce t-shirt peut \u00eatre fait avec du tissus venu de Chine, des d\u00e9coupes faites en Inde et les coutures au Bangladesh\u2026<\/p>\n\n\n\n<h2 class=\"wp-block-heading\">Quelle diff\u00e9rence entre made in France et fabriqu\u00e9 en France ?<\/h2>\n\n\n\n<p class=\"has-medium-font-size wp-block-paragraph\">Ces deux appellations ont la <strong>m\u00eame signification<\/strong> aux yeux de la loi. Vous pouvez \u00e9galement trouver d\u2019autres noms comme \u201c<strong>produit en France<\/strong>\u201d. Elles signifient toutes qu\u2019une partie <strong>plus ou moins significative<\/strong> de la fabrication du produit a \u00e9t\u00e9 faite en France. Ces mentions ne sont donc pas forc\u00e9ment gage d\u2019un v\u00e9ritable produit <strong>100% made in France<\/strong>. Elles indiquent simplement qu\u2019<strong>une partie de la fabrication a \u00e9t\u00e9 faite dans le pays<\/strong>, rien de plus.<\/p>\n\n\n\n<h2 class=\"wp-block-heading\">Comment reconna\u00eetre un produit vraiment fait en France ?<\/h2>\n\n\n\n<h3 class=\"wp-block-heading\">Poser des questions :<\/h3>\n\n\n\n<p class=\"has-medium-font-size wp-block-paragraph\">Une des premi\u00e8res solutions pour conna\u00eetre <strong>la part de made in France<\/strong> dans un produit sera de <strong>poser des questions<\/strong>. Au vendeur ou au fabricant pour avoir une id\u00e9e plus pr\u00e9cise de <strong>l\u2019origine des diff\u00e9rents \u00e9l\u00e9ments<\/strong> du produits et\/ou des diff\u00e9rentes <strong>\u00e9tapes de fabrication<\/strong> du produit.<\/p>\n\n\n\n<h3 class=\"wp-block-heading\">Analyser le code barre :<\/h3>\n\n\n\n<p class=\"has-medium-font-size wp-block-paragraph\">Les 2 ou 3 premiers chiffres d\u2019un code barre permettent de conna\u00eetre le pays d\u2019origine du produit. Pour la <strong>France le code<\/strong> sera compris entre <strong>300 et 379<\/strong>. Attention cet indicateur n\u2019est pas fiable \u00e0 100%. Comme vu pr\u00e9c\u00e9demment, un produit pourra avoir le code France avec un simple reconditionnement en France ou une seule \u00e9tape de fabrication en France.<\/p>\n\n\n\n<h3 class=\"wp-block-heading\">Choisir certains labels :<\/h3>\n\n\n\n<p class=\"has-medium-font-size wp-block-paragraph\">Il existe des labels qui certifient l\u2019origine d\u2019un produit, voici une liste non exhaustive :<\/p>\n\n\n\n<ul class=\"wp-block-list\">\n<li class=\"has-medium-font-size\"><strong>Origine France Garantie<\/strong> : le produit doit respecter deux conditions. 1) Le produit prend ses caract\u00e9ristiques essentielles en France 2) Au moins 50% du prix de revient du produit est acquis en France<\/li>\n\n\n\n<li class=\"has-medium-font-size\"><strong>Terre Textile<\/strong> : qui met en avant 5 r\u00e9gions textiles fran\u00e7aises (Vosges, Alsace, Nord, Auvergne Rh\u00f4ne-Alpes, Troyes Champagne) <a href=\"https:\/\/www.marques-de-france.fr\/label-terre-textile\/\">pour en savoir plus suivez ce lien<\/a><\/li>\n\n\n\n<li class=\"has-medium-font-size\"><strong>Les AOC et AOP<\/strong>, appellations d\u2019origine control\u00e9es et prot\u00e9g\u00e9es : qui d\u00e9signent les produits dont toutes les \u00e9tapes de fabrication ont \u00e9t\u00e9 faites selon un savoir-faire reconnu dans une m\u00eame zone g\u00e9ographique<\/li>\n\n\n\n<li class=\"has-medium-font-size\"><strong>Les labels r\u00e9gionaux<\/strong> : regardez le cahier des charges des labels proches de vous pour comprendre ce qu\u2019ils impliquent comme restriction<\/li>\n\n\n\n<li class=\"has-medium-font-size\"><strong>Entreprise du Patrimoine Vivant<\/strong> : qui est une certification donn\u00e9e par l\u2019\u00e9tat permettant de mettre en avant un savoir-faire rare, avanc\u00e9 ou traditionnel<\/li>\n<\/ul>\n\n\n\n<p class=\"has-medium-font-size wp-block-paragraph\">Si vous ne connaissez pas un label, le plus simple est de <strong>trouver ses caract\u00e9ristiques<\/strong> et\/ou <strong>son cahier des charges<\/strong> pour voir ce qu\u2019il met en avant. Certaines appellations ont plus de valeurs que d\u2019autres. \u00c0 vous de trouver les labels qui seront <strong>en accord avec vos valeurs<\/strong>.<\/p>\n\n\n\n<h2 class=\"wp-block-heading\">Quels sont les avantages du made in France ?<\/h2>\n\n\n\n<p class=\"has-medium-font-size wp-block-paragraph\">Voici une petite liste non exhaustive des avantages d\u2019un achat made in France, qui sera r\u00e9ellement fabriqu\u00e9 en France de A \u00e0 Z (chose plut\u00f4t difficile \u00e0 trouver malheureusement) :<\/p>\n\n\n\n<ol class=\"wp-block-list\">\n<li class=\"has-medium-font-size\"><strong>La qualit\u00e9<\/strong> : les produits fabriqu\u00e9s en France doivent respecter des normes plus contraignantes que dans d\u2019autres pays, il en r\u00e9sulte souvent une meilleure qualit\u00e9<\/li>\n<\/ol>\n\n\n\n<p class=\"has-medium-font-size wp-block-paragraph\">=&gt; Prenez un t-shirt \u00e0 10\u20ac fait par un enfant \u00e0 l\u2019autre bout du monde et comparez le \u00e0 un t-shirt made in France \u00e0 40\u20ac, certes le prix est 4 fois plus cher mais le t-shirt fran\u00e7ais traversera les ann\u00e9es<\/p>\n\n\n\n<ol class=\"wp-block-list\" start=\"2\">\n<li class=\"has-medium-font-size\"><strong>La r\u00e9mun\u00e9ration du travail<\/strong> : en France, le travail des mineurs est interdit et le salaire minimum permet de garantir des conditions d\u00e9centes aux salari\u00e9s<br>=&gt; les grandes marques de la fast fashion profitent de pays o\u00f9 les enfants sont exploit\u00e9s et les salaires d\u00e9risoires, exemple 23\u20ac\/mois en Ethiopie (voir <a href=\"https:\/\/fr.statista.com\/infographie\/18006\/salaires-ouvriers-industrie-textile-dans-le-monde\/\">cette \u00e9tude de Statista<\/a>)<\/li>\n<\/ol>\n\n\n\n<ol class=\"wp-block-list\" start=\"3\">\n<li class=\"has-medium-font-size\"><strong>L\u2019\u00e9cologie<\/strong> : le produit n\u2019a pas fait 3 fois le tour de la plan\u00e8te \u00e0 bord de conteneurs. Un produit fabriqu\u00e9 en France aura parcouru beaucoup moins de kilom\u00e8tres<br>=&gt; voir la vid\u00e9o de l&rsquo;itin\u00e9raire d&rsquo;un jean ci-dessous<\/li>\n<\/ol>\n\n\n\n<figure class=\"wp-block-embed aligncenter is-type-video is-provider-youtube wp-block-embed-youtube wp-embed-aspect-16-9 wp-has-aspect-ratio\"><div class=\"wp-block-embed__wrapper\">\n<div class=\"nv-iframe-embed\"><iframe loading=\"lazy\" title=\"Jamy retrace l&#039;itin\u00e9raire d&#039;un jean\" width=\"1200\" height=\"675\" src=\"https:\/\/www.youtube.com\/embed\/U9xoi7RSOwo?feature=oembed\" frameborder=\"0\" allow=\"accelerometer; autoplay; clipboard-write; encrypted-media; gyroscope; picture-in-picture; web-share\" allowfullscreen><\/iframe><\/div>\n<\/div><\/figure>\n\n\n\n<ol class=\"wp-block-list\" start=\"4\">\n<li class=\"has-medium-font-size\"><strong>Le soutien \u00e0 l\u2019\u00e9conomie fran\u00e7aise<\/strong> : la fabrication fran\u00e7aise permet de soutenir des entreprises qui payent leurs imp\u00f4ts en France, emploient du personnel en France et contribuent aux services publics fran\u00e7ais (\u00e9coles, h\u00f4pitaux, routes, etc.)<br>=&gt; c\u2019est un cercle vertueux pour favoriser notre pays<\/li>\n<\/ol>\n\n\n\n<p class=\"has-medium-font-size wp-block-paragraph\">Je pourrais ajouter un 5\u00e8me point qui est de soutenir des soci\u00e9t\u00e9s et\/ou des cr\u00e9atrices\/cr\u00e9ateurs \u00e0 taille humaine mais ce n\u2019est pas forc\u00e9ment toujours le cas. C\u2019est une des missions de <strong>l\u2019\u00c9choppe Fran\u00e7aise<\/strong>, <strong>soutenir le travail des petites structures fran\u00e7aises<\/strong>.<\/p>\n\n\n\n<h2 class=\"wp-block-heading\">Pourquoi les produits fran\u00e7ais paraissent chers ?<\/h2>\n\n\n\n<p class=\"has-medium-font-size wp-block-paragraph\">Les produits fabriqu\u00e9s en France <strong>paraissent chers<\/strong> pour <strong>plusieurs raisons<\/strong>. Voici pour moi les plus importantes :<\/p>\n\n\n\n<ul class=\"wp-block-list\">\n<li class=\"has-medium-font-size\">On ne conna\u00eet plus <strong>le vrai prix<\/strong> des produits<br>=&gt; avec une main d\u2019oeuvre exploit\u00e9e \u00e0 l\u2019autre bout du monde, le prix de revient des produits est beaucoup plus faible (cf main d\u2019oeuvre \u00e0 23\u20ac en Ethiopie contre 1329\u20ac en France au 1er ao\u00fbt 2022, soit <strong>57 fois moins<\/strong>)<\/li>\n\n\n\n<li class=\"has-medium-font-size\">Le <strong>co\u00fbt \u00e9cologique<\/strong> du produit n\u2019est pas affich\u00e9 sur les produits<br>=&gt; quel co\u00fbt pour la plan\u00e8te a un jeans qui parcourt 65 000 km avant d\u2019arriver en France ?<\/li>\n\n\n\n<li class=\"has-medium-font-size\">Le <strong>travail des enfants<\/strong> et\/ou les <strong>conditions de travail d\u00e9plorables<\/strong> sont interdites en France<br>=&gt; cela aussi \u00e0 un co\u00fbt<\/li>\n\n\n\n<li class=\"has-medium-font-size\">La <strong>qualit\u00e9<\/strong> n\u00e9cessite <strong>plus de travail<\/strong><br>=&gt; pour faire un produit de qualit\u00e9, il faut plus d\u2019heures dans l\u2019ensemble<\/li>\n<\/ul>\n\n\n\n<p class=\"has-medium-font-size wp-block-paragraph\">J\u2019esp\u00e8re que cet article vous aura permis d\u2019y voir plus clair sur ce <strong>qu\u2019est le made in France<\/strong> et ses autres appellations.<br>Envie de continuer la lecture, d\u00e9couvrez notre article sur <a href=\"https:\/\/www.echoppe-francaise.fr\/blog\/comment-trouver-un-luminaire-made-in-france\/\">comment trouver un luminaire fabriqu\u00e9 en France ?<\/a><\/p>\n","protected":false},"excerpt":{"rendered":"<p>La provenance des produits est devenue de plus en plus importante pour les consommateurs. D\u2019apr\u00e8s un sondage IFOP de 2018 le pays de fabrication d\u2019un produit est le 3\u00e8me crit\u00e8re auquel les fran\u00e7ais apportent le plus d\u2019importance apr\u00e8s la qualit\u00e9 et le prix.&nbsp; Regardons ensemble ce que signifie r\u00e9ellement made in France d\u2019apr\u00e8s nos lois.&hellip;&nbsp;<\/p>\n","protected":false},"author":6,"featured_media":1121,"parent":0,"menu_order":0,"comment_status":"closed","ping_status":"closed","template":"","meta":{"_crdt_document":"","neve_meta_sidebar":"","neve_meta_container":"","neve_meta_enable_content_width":"","neve_meta_content_width":0,"neve_meta_title_alignment":"","neve_meta_author_avatar":"","neve_post_elements_order":"","neve_meta_disable_header":"","neve_meta_disable_footer":"","neve_meta_disable_title":"","footnotes":""},"class_list":["post-1118","page","type-page","status-publish","has-post-thumbnail","hentry"],"yoast_head":"<!-- This site is optimized with the Yoast SEO plugin v27.5 - https:\/\/yoast.com\/product\/yoast-seo-wordpress\/ -->\n<title>Qu\u2019est ce que le made in France ?<\/title>\n<meta name=\"description\" content=\"Envie d&#039;en savoir plus sur les termes made in France ou fabriqu\u00e9 en France ? D\u00e9couvrez nos r\u00e9ponses et des astuces pour trouver de vrais produits fran\u00e7ais !\" \/>\n<meta name=\"robots\" content=\"index, follow, max-snippet:-1, max-image-preview:large, max-video-preview:-1\" \/>\n<link rel=\"canonical\" href=\"https:\/\/www.echoppe-francaise.fr\/blog\/quest-ce-que-le-made-in-france\/\" \/>\n<meta property=\"og:locale\" content=\"fr_FR\" \/>\n<meta property=\"og:type\" content=\"article\" \/>\n<meta property=\"og:title\" content=\"Qu\u2019est ce que le made in France ?\" \/>\n<meta property=\"og:description\" content=\"Envie d&#039;en savoir plus sur les termes made in France ou fabriqu\u00e9 en France ? D\u00e9couvrez nos r\u00e9ponses et des astuces pour trouver de vrais produits fran\u00e7ais !\" \/>\n<meta property=\"og:url\" content=\"https:\/\/www.echoppe-francaise.fr\/blog\/quest-ce-que-le-made-in-france\/\" \/>\n<meta property=\"og:site_name\" content=\"\u00c9choppe Fran\u00e7aise, le Blog\" \/>\n<meta property=\"article:modified_time\" content=\"2023-03-28T09:12:10+00:00\" \/>\n<meta property=\"og:image\" content=\"https:\/\/www.echoppe-francaise.fr\/blog\/wp-content\/uploads\/2022\/08\/quest-ce-que-le-made-in-france.jpeg\" \/>\n\t<meta property=\"og:image:width\" content=\"640\" \/>\n\t<meta property=\"og:image:height\" content=\"359\" \/>\n\t<meta property=\"og:image:type\" content=\"image\/jpeg\" \/>\n<meta name=\"twitter:card\" content=\"summary_large_image\" \/>\n<meta name=\"twitter:label1\" content=\"Dur\u00e9e de lecture estim\u00e9e\" \/>\n\t<meta name=\"twitter:data1\" content=\"6 minutes\" \/>\n<script type=\"application\/ld+json\" class=\"yoast-schema-graph\">{\"@context\":\"https:\\\/\\\/schema.org\",\"@graph\":[{\"@type\":\"WebPage\",\"@id\":\"https:\\\/\\\/www.echoppe-francaise.fr\\\/blog\\\/quest-ce-que-le-made-in-france\\\/\",\"url\":\"https:\\\/\\\/www.echoppe-francaise.fr\\\/blog\\\/quest-ce-que-le-made-in-france\\\/\",\"name\":\"Qu\u2019est ce que le made in France ?\",\"isPartOf\":{\"@id\":\"https:\\\/\\\/www.echoppe-francaise.fr\\\/blog\\\/#website\"},\"primaryImageOfPage\":{\"@id\":\"https:\\\/\\\/www.echoppe-francaise.fr\\\/blog\\\/quest-ce-que-le-made-in-france\\\/#primaryimage\"},\"image\":{\"@id\":\"https:\\\/\\\/www.echoppe-francaise.fr\\\/blog\\\/quest-ce-que-le-made-in-france\\\/#primaryimage\"},\"thumbnailUrl\":\"https:\\\/\\\/www.echoppe-francaise.fr\\\/blog\\\/wp-content\\\/uploads\\\/2022\\\/08\\\/quest-ce-que-le-made-in-france.jpeg\",\"datePublished\":\"2022-08-10T15:37:46+00:00\",\"dateModified\":\"2023-03-28T09:12:10+00:00\",\"description\":\"Envie d'en savoir plus sur les termes made in France ou fabriqu\u00e9 en France ? D\u00e9couvrez nos r\u00e9ponses et des astuces pour trouver de vrais produits fran\u00e7ais !\",\"breadcrumb\":{\"@id\":\"https:\\\/\\\/www.echoppe-francaise.fr\\\/blog\\\/quest-ce-que-le-made-in-france\\\/#breadcrumb\"},\"inLanguage\":\"fr-FR\",\"potentialAction\":[{\"@type\":\"ReadAction\",\"target\":[\"https:\\\/\\\/www.echoppe-francaise.fr\\\/blog\\\/quest-ce-que-le-made-in-france\\\/\"]}]},{\"@type\":\"ImageObject\",\"inLanguage\":\"fr-FR\",\"@id\":\"https:\\\/\\\/www.echoppe-francaise.fr\\\/blog\\\/quest-ce-que-le-made-in-france\\\/#primaryimage\",\"url\":\"https:\\\/\\\/www.echoppe-francaise.fr\\\/blog\\\/wp-content\\\/uploads\\\/2022\\\/08\\\/quest-ce-que-le-made-in-france.jpeg\",\"contentUrl\":\"https:\\\/\\\/www.echoppe-francaise.fr\\\/blog\\\/wp-content\\\/uploads\\\/2022\\\/08\\\/quest-ce-que-le-made-in-france.jpeg\",\"width\":640,\"height\":359},{\"@type\":\"BreadcrumbList\",\"@id\":\"https:\\\/\\\/www.echoppe-francaise.fr\\\/blog\\\/quest-ce-que-le-made-in-france\\\/#breadcrumb\",\"itemListElement\":[{\"@type\":\"ListItem\",\"position\":1,\"name\":\"Accueil\",\"item\":\"https:\\\/\\\/www.echoppe-francaise.fr\\\/blog\\\/\"},{\"@type\":\"ListItem\",\"position\":2,\"name\":\"Qu&rsquo;est ce qui se cache derri\u00e8re l&rsquo;appellation Made in France ?\"}]},{\"@type\":\"WebSite\",\"@id\":\"https:\\\/\\\/www.echoppe-francaise.fr\\\/blog\\\/#website\",\"url\":\"https:\\\/\\\/www.echoppe-francaise.fr\\\/blog\\\/\",\"name\":\"\u00c9choppe Fran\u00e7aise, le Blog\",\"description\":\"Le blog des Cr\u00e9atrices et Cr\u00e9ateurs fran\u00e7ais\",\"publisher\":{\"@id\":\"https:\\\/\\\/www.echoppe-francaise.fr\\\/blog\\\/#organization\"},\"potentialAction\":[{\"@type\":\"SearchAction\",\"target\":{\"@type\":\"EntryPoint\",\"urlTemplate\":\"https:\\\/\\\/www.echoppe-francaise.fr\\\/blog\\\/?s={search_term_string}\"},\"query-input\":{\"@type\":\"PropertyValueSpecification\",\"valueRequired\":true,\"valueName\":\"search_term_string\"}}],\"inLanguage\":\"fr-FR\"},{\"@type\":\"Organization\",\"@id\":\"https:\\\/\\\/www.echoppe-francaise.fr\\\/blog\\\/#organization\",\"name\":\"L'\u00e9choppe Fran\u00e7aise\",\"url\":\"https:\\\/\\\/www.echoppe-francaise.fr\\\/blog\\\/\",\"logo\":{\"@type\":\"ImageObject\",\"inLanguage\":\"fr-FR\",\"@id\":\"https:\\\/\\\/www.echoppe-francaise.fr\\\/blog\\\/#\\\/schema\\\/logo\\\/image\\\/\",\"url\":\"https:\\\/\\\/www.echoppe-francaise.fr\\\/blog\\\/wp-content\\\/uploads\\\/2017\\\/04\\\/echoppe-francaise-logo-1489412704.png\",\"contentUrl\":\"https:\\\/\\\/www.echoppe-francaise.fr\\\/blog\\\/wp-content\\\/uploads\\\/2017\\\/04\\\/echoppe-francaise-logo-1489412704.png\",\"width\":492,\"height\":270,\"caption\":\"L'\u00e9choppe Fran\u00e7aise\"},\"image\":{\"@id\":\"https:\\\/\\\/www.echoppe-francaise.fr\\\/blog\\\/#\\\/schema\\\/logo\\\/image\\\/\"}}]}<\/script>\n<!-- \/ Yoast SEO plugin. -->","yoast_head_json":{"title":"Qu\u2019est ce que le made in France ?","description":"Envie d'en savoir plus sur les termes made in France ou fabriqu\u00e9 en France ? D\u00e9couvrez nos r\u00e9ponses et des astuces pour trouver de vrais produits fran\u00e7ais !","robots":{"index":"index","follow":"follow","max-snippet":"max-snippet:-1","max-image-preview":"max-image-preview:large","max-video-preview":"max-video-preview:-1"},"canonical":"https:\/\/www.echoppe-francaise.fr\/blog\/quest-ce-que-le-made-in-france\/","og_locale":"fr_FR","og_type":"article","og_title":"Qu\u2019est ce que le made in France ?","og_description":"Envie d'en savoir plus sur les termes made in France ou fabriqu\u00e9 en France ? D\u00e9couvrez nos r\u00e9ponses et des astuces pour trouver de vrais produits fran\u00e7ais !","og_url":"https:\/\/www.echoppe-francaise.fr\/blog\/quest-ce-que-le-made-in-france\/","og_site_name":"\u00c9choppe Fran\u00e7aise, le Blog","article_modified_time":"2023-03-28T09:12:10+00:00","og_image":[{"width":640,"height":359,"url":"https:\/\/www.echoppe-francaise.fr\/blog\/wp-content\/uploads\/2022\/08\/quest-ce-que-le-made-in-france.jpeg","type":"image\/jpeg"}],"twitter_card":"summary_large_image","twitter_misc":{"Dur\u00e9e de lecture estim\u00e9e":"6 minutes"},"schema":{"@context":"https:\/\/schema.org","@graph":[{"@type":"WebPage","@id":"https:\/\/www.echoppe-francaise.fr\/blog\/quest-ce-que-le-made-in-france\/","url":"https:\/\/www.echoppe-francaise.fr\/blog\/quest-ce-que-le-made-in-france\/","name":"Qu\u2019est ce que le made in France ?","isPartOf":{"@id":"https:\/\/www.echoppe-francaise.fr\/blog\/#website"},"primaryImageOfPage":{"@id":"https:\/\/www.echoppe-francaise.fr\/blog\/quest-ce-que-le-made-in-france\/#primaryimage"},"image":{"@id":"https:\/\/www.echoppe-francaise.fr\/blog\/quest-ce-que-le-made-in-france\/#primaryimage"},"thumbnailUrl":"https:\/\/www.echoppe-francaise.fr\/blog\/wp-content\/uploads\/2022\/08\/quest-ce-que-le-made-in-france.jpeg","datePublished":"2022-08-10T15:37:46+00:00","dateModified":"2023-03-28T09:12:10+00:00","description":"Envie d'en savoir plus sur les termes made in France ou fabriqu\u00e9 en France ? D\u00e9couvrez nos r\u00e9ponses et des astuces pour trouver de vrais produits fran\u00e7ais !","breadcrumb":{"@id":"https:\/\/www.echoppe-francaise.fr\/blog\/quest-ce-que-le-made-in-france\/#breadcrumb"},"inLanguage":"fr-FR","potentialAction":[{"@type":"ReadAction","target":["https:\/\/www.echoppe-francaise.fr\/blog\/quest-ce-que-le-made-in-france\/"]}]},{"@type":"ImageObject","inLanguage":"fr-FR","@id":"https:\/\/www.echoppe-francaise.fr\/blog\/quest-ce-que-le-made-in-france\/#primaryimage","url":"https:\/\/www.echoppe-francaise.fr\/blog\/wp-content\/uploads\/2022\/08\/quest-ce-que-le-made-in-france.jpeg","contentUrl":"https:\/\/www.echoppe-francaise.fr\/blog\/wp-content\/uploads\/2022\/08\/quest-ce-que-le-made-in-france.jpeg","width":640,"height":359},{"@type":"BreadcrumbList","@id":"https:\/\/www.echoppe-francaise.fr\/blog\/quest-ce-que-le-made-in-france\/#breadcrumb","itemListElement":[{"@type":"ListItem","position":1,"name":"Accueil","item":"https:\/\/www.echoppe-francaise.fr\/blog\/"},{"@type":"ListItem","position":2,"name":"Qu&rsquo;est ce qui se cache derri\u00e8re l&rsquo;appellation Made in France ?"}]},{"@type":"WebSite","@id":"https:\/\/www.echoppe-francaise.fr\/blog\/#website","url":"https:\/\/www.echoppe-francaise.fr\/blog\/","name":"\u00c9choppe Fran\u00e7aise, le Blog","description":"Le blog des Cr\u00e9atrices et Cr\u00e9ateurs fran\u00e7ais","publisher":{"@id":"https:\/\/www.echoppe-francaise.fr\/blog\/#organization"},"potentialAction":[{"@type":"SearchAction","target":{"@type":"EntryPoint","urlTemplate":"https:\/\/www.echoppe-francaise.fr\/blog\/?s={search_term_string}"},"query-input":{"@type":"PropertyValueSpecification","valueRequired":true,"valueName":"search_term_string"}}],"inLanguage":"fr-FR"},{"@type":"Organization","@id":"https:\/\/www.echoppe-francaise.fr\/blog\/#organization","name":"L'\u00e9choppe Fran\u00e7aise","url":"https:\/\/www.echoppe-francaise.fr\/blog\/","logo":{"@type":"ImageObject","inLanguage":"fr-FR","@id":"https:\/\/www.echoppe-francaise.fr\/blog\/#\/schema\/logo\/image\/","url":"https:\/\/www.echoppe-francaise.fr\/blog\/wp-content\/uploads\/2017\/04\/echoppe-francaise-logo-1489412704.png","contentUrl":"https:\/\/www.echoppe-francaise.fr\/blog\/wp-content\/uploads\/2017\/04\/echoppe-francaise-logo-1489412704.png","width":492,"height":270,"caption":"L'\u00e9choppe Fran\u00e7aise"},"image":{"@id":"https:\/\/www.echoppe-francaise.fr\/blog\/#\/schema\/logo\/image\/"}}]}},"_links":{"self":[{"href":"https:\/\/www.echoppe-francaise.fr\/blog\/wp-json\/wp\/v2\/pages\/1118","targetHints":{"allow":["GET"]}}],"collection":[{"href":"https:\/\/www.echoppe-francaise.fr\/blog\/wp-json\/wp\/v2\/pages"}],"about":[{"href":"https:\/\/www.echoppe-francaise.fr\/blog\/wp-json\/wp\/v2\/types\/page"}],"author":[{"embeddable":true,"href":"https:\/\/www.echoppe-francaise.fr\/blog\/wp-json\/wp\/v2\/users\/6"}],"replies":[{"embeddable":true,"href":"https:\/\/www.echoppe-francaise.fr\/blog\/wp-json\/wp\/v2\/comments?post=1118"}],"version-history":[{"count":8,"href":"https:\/\/www.echoppe-francaise.fr\/blog\/wp-json\/wp\/v2\/pages\/1118\/revisions"}],"predecessor-version":[{"id":1220,"href":"https:\/\/www.echoppe-francaise.fr\/blog\/wp-json\/wp\/v2\/pages\/1118\/revisions\/1220"}],"wp:featuredmedia":[{"embeddable":true,"href":"https:\/\/www.echoppe-francaise.fr\/blog\/wp-json\/wp\/v2\/media\/1121"}],"wp:attachment":[{"href":"https:\/\/www.echoppe-francaise.fr\/blog\/wp-json\/wp\/v2\/media?parent=1118"}],"curies":[{"name":"wp","href":"https:\/\/api.w.org\/{rel}","templated":true}]}}